{"id":588,"date":"2021-08-18T14:55:46","date_gmt":"2021-08-18T14:55:46","guid":{"rendered":"https:\/\/www.momengames.com\/index.php\/product\/lc-e17-charger-compatible-with-canon-lp-e17-battery-rebel-t7i-t6i-t6s-sl3-sl2-eos-77d-9000d-8000d-800d-760d-750d-200d-m6-m5-m3-camera\/"},"modified":"2024-09-13T08:24:06","modified_gmt":"2024-09-13T08:24:06","slug":"lc-e17-charger-compatible-with-canon-lp-e17-battery-rebel-t7i-t6i-t6s-sl3-sl2-eos-77d-9000d-8000d-800d-760d-750d-200d-m6-m5-m3-camera","status":"publish","type":"product","link":"https:\/\/www.momengames.com\/index.php\/product\/lc-e17-charger-compatible-with-canon-lp-e17-battery-rebel-t7i-t6i-t6s-sl3-sl2-eos-77d-9000d-8000d-800d-760d-750d-200d-m6-m5-m3-camera\/?lang=de","title":{"rendered":"LC-E17 Ladeger\u00e4t Kompatibel mit Canon LP-E17 Akku Rebel T7i T6i T6s SL3 SL2 EOS 77D 9000D 8000D 800D 760D 750D 200D M6 M5 M3 Kamera"},"content":{"rendered":"<p>Bringen Sie Ihren Akku mit diesem LC-E17 Ladeger\u00e4t von Canon wieder in Kampfform. Es ist kompatibel mit dem Lithium-Ionen-Akku LP-E17 f\u00fcr die DSLR-Kamera EOS Rebel T6i oder T6s. Das Ladeger\u00e4t verf\u00fcgt \u00fcber einen ausklappbaren, zweipoligen nordamerikanischen Stecker f\u00fcr eine Steckdose. Es liegt den Kameras bei und wird hier als Ersatz- oder Ersatzteil angeboten.<\/p>\n","protected":false},"excerpt":{"rendered":"<p>Bringen Sie Ihren Akku mit diesem LC-E17 Ladeger\u00e4t von Canon wieder in Kampfform. Es ist kompatibel mit dem Lithium-Ionen-Akku LP-E17 f\u00fcr die DSLR-Kamera EOS Rebel T6i oder T6s. Das Ladeger\u00e4t verf\u00fcgt \u00fcber einen ausklappbaren, zweipoligen nordamerikanischen Stecker f\u00fcr eine Steckdose. Es liegt den Kameras bei und wird hier als Ersatz- oder Ersatzteil angeboten.<\/p>\n","protected":false},"featured_media":549,"comment_status":"open","ping_status":"closed","template":"","meta":{"iawp_total_views":3},"product_brand":[],"product_cat":[24],"product_tag":[],"class_list":{"0":"post-588","1":"product","2":"type-product","3":"status-publish","4":"has-post-thumbnail","6":"product_cat-electronics-accessories-de","8":"first","9":"instock","10":"taxable","11":"shipping-taxable","12":"purchasable","13":"product-type-simple"},"jetpack_sharing_enabled":true,"_links":{"self":[{"href":"https:\/\/www.momengames.com\/index.php\/wp-json\/wp\/v2\/product\/588","targetHints":{"allow":["GET"]}}],"collection":[{"href":"https:\/\/www.momengames.com\/index.php\/wp-json\/wp\/v2\/product"}],"about":[{"href":"https:\/\/www.momengames.com\/index.php\/wp-json\/wp\/v2\/types\/product"}],"replies":[{"embeddable":true,"href":"https:\/\/www.momengames.com\/index.php\/wp-json\/wp\/v2\/comments?post=588"}],"wp:featuredmedia":[{"embeddable":true,"href":"https:\/\/www.momengames.com\/index.php\/wp-json\/wp\/v2\/media\/549"}],"wp:attachment":[{"href":"https:\/\/www.momengames.com\/index.php\/wp-json\/wp\/v2\/media?parent=588"}],"wp:term":[{"taxonomy":"product_brand","embeddable":true,"href":"https:\/\/www.momengames.com\/index.php\/wp-json\/wp\/v2\/product_brand?post=588"},{"taxonomy":"product_cat","embeddable":true,"href":"https:\/\/www.momengames.com\/index.php\/wp-json\/wp\/v2\/product_cat?post=588"},{"taxonomy":"product_tag","embeddable":true,"href":"https:\/\/www.momengames.com\/index.php\/wp-json\/wp\/v2\/product_tag?post=588"}],"curies":[{"name":"wp","href":"https:\/\/api.w.org\/{rel}","templated":true}]}}