{"id":35383,"date":"2025-10-14T13:57:33","date_gmt":"2025-10-14T13:57:33","guid":{"rendered":"https:\/\/www.momengames.com\/index.php\/product\/ecouteurs-sans-fil-multiplateformes-razer-hammerhead-hyperspeed-pour-playstation-5-ps5-pc-et-mobile-anc-micro-antibruit-bluetooth-5-2-rgb-chroma-batterie-30-h\/"},"modified":"2025-10-14T13:57:33","modified_gmt":"2025-10-14T13:57:33","slug":"ecouteurs-sans-fil-multiplateformes-razer-hammerhead-hyperspeed-pour-playstation-5-ps5-pc-et-mobile-anc-micro-antibruit-bluetooth-5-2-rgb-chroma-batterie-30-h","status":"publish","type":"product","link":"https:\/\/www.momengames.com\/index.php\/product\/ecouteurs-sans-fil-multiplateformes-razer-hammerhead-hyperspeed-pour-playstation-5-ps5-pc-et-mobile-anc-micro-antibruit-bluetooth-5-2-rgb-chroma-batterie-30-h\/?lang=fr","title":{"rendered":"\u00c9couteurs sans fil multiplateformes Razer Hammerhead HyperSpeed \u200b\u200bpour PlayStation 5\/PS5, PC et mobile\u00a0: ANC, micro antibruit, Bluetooth 5.2, RGB Chroma, batterie 30\u00a0h"},"content":{"rendered":"<p>HyperSpeed \u200b\u200bWireless\u00a0: Gr\u00e2ce \u00e0 une connexion sans fil ultra-rapide de 2,4\u00a0GHz via le dongle USB-C inclus, les \u00e9couteurs garantissent un son fluide et \u00e0 faible latence, r\u00e9pondant aux exigences des jeux comp\u00e9titifs sur de nombreuses plateformes. Utilisations sp\u00e9cifiques\u00a0: Jeux, Professionnel, Particulier.<\/p>\n<p>Technologie de r\u00e9duction active du bruit (ANC)\u00a0: Que vous jouiez, \u00e9coutiez de la musique ou regardiez un film, \u00e9liminez toutes les distractions gr\u00e2ce \u00e0 l&#8217;ANC qui d\u00e9tecte et neutralise les bruits ambiants ind\u00e9sirables.<\/p>\n<p>Double microphone \u00e0 r\u00e9duction de bruit ambiant (ENC)\u00a0: Gr\u00e2ce \u00e0 des microphones intelligents qui d\u00e9tectent, identifient et r\u00e9duisent les bruits de fond ind\u00e9sirables, les communications vocales sur les Razer Hammerhead HyperSpeed \u200b\u200bsont d\u00e9sormais plus claires que jamais.<\/p>\n<p>Bluetooth\u00a05.2\u00a0: Gr\u00e2ce \u00e0 la bande passante, \u00e0 la port\u00e9e et \u00e0 l&#8217;efficacit\u00e9 \u00e9nerg\u00e9tique accrues du Bluetooth\u00a05.2, les \u00e9couteurs durent plus longtemps et se connectent automatiquement au dernier appareil appair\u00e9 pour une utilisation simplifi\u00e9e.<br \/>\nAliment\u00e9 par Razer Chroma RGB\u00a0: Avec 16,8 millions de couleurs et une multitude d&#8217;effets au choix, faites ressortir votre style et d\u00e9marquez-vous gr\u00e2ce aux \u00e9couteurs sans fil flexibles ultimes.<\/p>\n<p>Jusqu&#8217;\u00e0 30\u00a0heures d&#8217;autonomie\u00a0: Profitez d&#8217;innombrables heures d&#8217;utilisation non-stop gr\u00e2ce \u00e0 une gestion optimis\u00e9e de l&#8217;alimentation qui vous permet de jouer plus longtemps et de r\u00e9duire la charge.<\/p>\n<p>Compatibilit\u00e9\u00a0: PS5, PS4, PC, Mac, smartphones, tablettes et consoles de jeu portables avec Bluetooth ou port USB-C\/USB-A.<\/p>\n","protected":false},"excerpt":{"rendered":"<p>HyperSpeed \u200b\u200bWireless\u00a0: Gr\u00e2ce \u00e0 une connexion sans fil ultra-rapide de 2,4\u00a0GHz via le dongle USB-C inclus, les \u00e9couteurs garantissent un son fluide et \u00e0 faible latence, r\u00e9pondant aux exigences des jeux comp\u00e9titifs sur de nombreuses plateformes. Utilisations sp\u00e9cifiques\u00a0: Jeux, Professionnel, Particulier.<\/p>\n<p>Technologie de r\u00e9duction active du bruit (ANC)\u00a0: Que vous jouiez, \u00e9coutiez de la musique ou regardiez un film, \u00e9liminez toutes les distractions gr\u00e2ce \u00e0 l&#8217;ANC qui d\u00e9tecte et neutralise les bruits ambiants ind\u00e9sirables.<\/p>\n<p>Double microphone \u00e0 r\u00e9duction de bruit ambiant (ENC)\u00a0: Gr\u00e2ce \u00e0 des microphones intelligents qui d\u00e9tectent, identifient et r\u00e9duisent les bruits de fond ind\u00e9sirables, les communications vocales sur les Razer Hammerhead HyperSpeed \u200b\u200bsont d\u00e9sormais plus claires que jamais.<\/p>\n<p>Bluetooth\u00a05.2\u00a0: Gr\u00e2ce \u00e0 la bande passante, \u00e0 la port\u00e9e et \u00e0 l&#8217;efficacit\u00e9 \u00e9nerg\u00e9tique accrues du Bluetooth\u00a05.2, les \u00e9couteurs durent plus longtemps et se connectent automatiquement au dernier appareil appair\u00e9 pour une utilisation simplifi\u00e9e.<br \/>\nAliment\u00e9 par Razer Chroma RGB\u00a0: Avec 16,8 millions de couleurs et une multitude d&#8217;effets au choix, faites ressortir votre style et d\u00e9marquez-vous gr\u00e2ce aux \u00e9couteurs sans fil flexibles ultimes.<\/p>\n<p>Jusqu&#8217;\u00e0 30\u00a0heures d&#8217;autonomie\u00a0: Profitez d&#8217;innombrables heures d&#8217;utilisation non-stop gr\u00e2ce \u00e0 une gestion optimis\u00e9e de l&#8217;alimentation qui vous permet de jouer plus longtemps et de r\u00e9duire la charge.<\/p>\n<p>Compatibilit\u00e9\u00a0: PS5, PS4, PC, Mac, smartphones, tablettes et consoles de jeu portables avec Bluetooth ou port USB-C\/USB-A.<\/p>\n","protected":false},"featured_media":35349,"comment_status":"open","ping_status":"closed","template":"","meta":{"iawp_total_views":1},"product_brand":[57],"product_cat":[15],"product_tag":[],"class_list":{"0":"post-35383","1":"product","2":"type-product","3":"status-publish","4":"has-post-thumbnail","6":"product_brand-razer","7":"product_cat-electronics-accessories","9":"first","10":"instock","11":"sale","12":"taxable","13":"shipping-taxable","14":"purchasable","15":"product-type-simple"},"jetpack_sharing_enabled":true,"_links":{"self":[{"href":"https:\/\/www.momengames.com\/index.php\/wp-json\/wp\/v2\/product\/35383","targetHints":{"allow":["GET"]}}],"collection":[{"href":"https:\/\/www.momengames.com\/index.php\/wp-json\/wp\/v2\/product"}],"about":[{"href":"https:\/\/www.momengames.com\/index.php\/wp-json\/wp\/v2\/types\/product"}],"replies":[{"embeddable":true,"href":"https:\/\/www.momengames.com\/index.php\/wp-json\/wp\/v2\/comments?post=35383"}],"wp:featuredmedia":[{"embeddable":true,"href":"https:\/\/www.momengames.com\/index.php\/wp-json\/wp\/v2\/media\/35349"}],"wp:attachment":[{"href":"https:\/\/www.momengames.com\/index.php\/wp-json\/wp\/v2\/media?parent=35383"}],"wp:term":[{"taxonomy":"product_brand","embeddable":true,"href":"https:\/\/www.momengames.com\/index.php\/wp-json\/wp\/v2\/product_brand?post=35383"},{"taxonomy":"product_cat","embeddable":true,"href":"https:\/\/www.momengames.com\/index.php\/wp-json\/wp\/v2\/product_cat?post=35383"},{"taxonomy":"product_tag","embeddable":true,"href":"https:\/\/www.momengames.com\/index.php\/wp-json\/wp\/v2\/product_tag?post=35383"}],"curies":[{"name":"wp","href":"https:\/\/api.w.org\/{rel}","templated":true}]}}