{"id":35379,"date":"2025-10-14T10:32:47","date_gmt":"2025-10-14T10:32:47","guid":{"rendered":"https:\/\/www.momengames.com\/index.php\/product\/casque-de-jeu-sans-fil-double-razer-kaira-pour-playstation-5-ps5-pc-mobile-ps4-haut-parleurs-triforce-50-mm-micro-cardioide-hyperclear-24-ghz-et-bluetooth-avec-smartswitch-egal\/"},"modified":"2025-10-14T10:32:47","modified_gmt":"2025-10-14T10:32:47","slug":"casque-de-jeu-sans-fil-double-razer-kaira-pour-playstation-5-ps5-pc-mobile-ps4-haut-parleurs-triforce-50-mm-micro-cardioide-hyperclear-24-ghz-et-bluetooth-avec-smartswitch-egal","status":"publish","type":"product","link":"https:\/\/www.momengames.com\/index.php\/product\/casque-de-jeu-sans-fil-double-razer-kaira-pour-playstation-5-ps5-pc-mobile-ps4-haut-parleurs-triforce-50-mm-micro-cardioide-hyperclear-24-ghz-et-bluetooth-avec-smartswitch-egal\/?lang=fr","title":{"rendered":"Casque de jeu sans fil double Razer Kaira pour PlayStation 5\/PS5, PC, mobile, PS4\u00a0: haut-parleurs Triforce 50\u00a0mm, micro cardio\u00efde HyperClear, 2,4\u00a0GHz et Bluetooth avec SmartSwitch, \u00e9galiseur \u00e0 bascule, blanc\/noir"},"content":{"rendered":"<p>Transducteurs TriForce 50 mm\u00a0: Transducteurs de pointe capables de r\u00e9gler s\u00e9par\u00e9ment les aigus, les m\u00e9diums et les graves, pour un son plus clair et lumineux, avec des aigus plus riches et des basses plus puissantes.<\/p>\n<p>Microphone cardio\u00efde HyperClear\u00a0: Micro pliable avec bo\u00eetier et capteur am\u00e9lior\u00e9s pour une capture vocale exceptionnelle, supprimant les bruits parasites arri\u00e8re et lat\u00e9raux. Le micro est \u00e9galement dot\u00e9 d&#8217;un contr\u00f4le du son et d&#8217;un \u00e9quilibre jeu\/chat pour garantir des niveaux optimaux.<\/p>\n<p>Razer SmartSwitch\u00a0: Basculez facilement entre le son de votre console et celui de votre t\u00e9l\u00e9phone pour un confort optimal pendant vos parties.<\/p>\n<p>Bluetooth \u00e0 faible latence avec connexion rapide\u00a0: Activez le mode jeu via l&#8217;application Razer Audio pour r\u00e9duire la latence et une exp\u00e9rience de jeu mobile plus fluide. Utilisez la fonction de connexion rapide pour basculer d&#8217;un appareil pr\u00e9c\u00e9demment connect\u00e9 \u00e0 l&#8217;autre d&#8217;un simple geste.<\/p>\n<p>Coussinets en mousse \u00e0 m\u00e9moire de forme FlowKnit\u00a0: Le tissage respirant des coussinets minimise la transpiration et l&#8217;accumulation de chaleur, tandis que la mousse dense et ultra-douce r\u00e9duit consid\u00e9rablement la force de serrage du casque pour un maintien optimal pendant vos sessions de jeu.<\/p>\n<p>Basculement de l&#8217;\u00e9galiseur\u00a0: Cr\u00e9ez un \u00e9galiseur personnalis\u00e9 ou parcourez 4 pr\u00e9r\u00e9glages via l&#8217;application Razer Audio sur Android\/iOS, avec des options comme le mode FPS pour un avantage comp\u00e9titif ou le mode Basses pour plus de punch. Compatible avec PlayStation 5 (PS5), PS4, PC, mobiles et appareils compatibles Bluetooth.<\/p>\n","protected":false},"excerpt":{"rendered":"<p>Transducteurs TriForce 50 mm\u00a0: Transducteurs de pointe capables de r\u00e9gler s\u00e9par\u00e9ment les aigus, les m\u00e9diums et les graves, pour un son plus clair et lumineux, avec des aigus plus riches et des basses plus puissantes.<\/p>\n<p>Microphone cardio\u00efde HyperClear\u00a0: Micro pliable avec bo\u00eetier et capteur am\u00e9lior\u00e9s pour une capture vocale exceptionnelle, supprimant les bruits parasites arri\u00e8re et lat\u00e9raux. Le micro est \u00e9galement dot\u00e9 d&#8217;un contr\u00f4le du son et d&#8217;un \u00e9quilibre jeu\/chat pour garantir des niveaux optimaux.<\/p>\n<p>Razer SmartSwitch\u00a0: Basculez facilement entre le son de votre console et celui de votre t\u00e9l\u00e9phone pour un confort optimal pendant vos parties.<\/p>\n<p>Bluetooth \u00e0 faible latence avec connexion rapide\u00a0: Activez le mode jeu via l&#8217;application Razer Audio pour r\u00e9duire la latence et une exp\u00e9rience de jeu mobile plus fluide. Utilisez la fonction de connexion rapide pour basculer d&#8217;un appareil pr\u00e9c\u00e9demment connect\u00e9 \u00e0 l&#8217;autre d&#8217;un simple geste.<\/p>\n<p>Coussinets en mousse \u00e0 m\u00e9moire de forme FlowKnit\u00a0: Le tissage respirant des coussinets minimise la transpiration et l&#8217;accumulation de chaleur, tandis que la mousse dense et ultra-douce r\u00e9duit consid\u00e9rablement la force de serrage du casque pour un maintien optimal pendant vos sessions de jeu.<\/p>\n<p>Basculement de l&#8217;\u00e9galiseur\u00a0: Cr\u00e9ez un \u00e9galiseur personnalis\u00e9 ou parcourez 4 pr\u00e9r\u00e9glages via l&#8217;application Razer Audio sur Android\/iOS, avec des options comme le mode FPS pour un avantage comp\u00e9titif ou le mode Basses pour plus de punch. Compatible avec PlayStation 5 (PS5), PS4, PC, mobiles et appareils compatibles Bluetooth.<\/p>\n","protected":false},"featured_media":35326,"comment_status":"open","ping_status":"closed","template":"","meta":{"iawp_total_views":0},"product_brand":[57],"product_cat":[15],"product_tag":[],"class_list":{"0":"post-35379","1":"product","2":"type-product","3":"status-publish","4":"has-post-thumbnail","6":"product_brand-razer","7":"product_cat-electronics-accessories","9":"first","10":"instock","11":"taxable","12":"shipping-taxable","13":"purchasable","14":"product-type-simple"},"jetpack_sharing_enabled":true,"_links":{"self":[{"href":"https:\/\/www.momengames.com\/index.php\/wp-json\/wp\/v2\/product\/35379","targetHints":{"allow":["GET"]}}],"collection":[{"href":"https:\/\/www.momengames.com\/index.php\/wp-json\/wp\/v2\/product"}],"about":[{"href":"https:\/\/www.momengames.com\/index.php\/wp-json\/wp\/v2\/types\/product"}],"replies":[{"embeddable":true,"href":"https:\/\/www.momengames.com\/index.php\/wp-json\/wp\/v2\/comments?post=35379"}],"wp:featuredmedia":[{"embeddable":true,"href":"https:\/\/www.momengames.com\/index.php\/wp-json\/wp\/v2\/media\/35326"}],"wp:attachment":[{"href":"https:\/\/www.momengames.com\/index.php\/wp-json\/wp\/v2\/media?parent=35379"}],"wp:term":[{"taxonomy":"product_brand","embeddable":true,"href":"https:\/\/www.momengames.com\/index.php\/wp-json\/wp\/v2\/product_brand?post=35379"},{"taxonomy":"product_cat","embeddable":true,"href":"https:\/\/www.momengames.com\/index.php\/wp-json\/wp\/v2\/product_cat?post=35379"},{"taxonomy":"product_tag","embeddable":true,"href":"https:\/\/www.momengames.com\/index.php\/wp-json\/wp\/v2\/product_tag?post=35379"}],"curies":[{"name":"wp","href":"https:\/\/api.w.org\/{rel}","templated":true}]}}