{"id":35377,"date":"2025-10-14T10:05:32","date_gmt":"2025-10-14T10:05:32","guid":{"rendered":"https:\/\/www.momengames.com\/index.php\/product\/casque-de-jeu-razer-tiamat-7-1-v2-analogique-numerique-avec-son-surround-7-1-true-noir\/"},"modified":"2025-10-14T10:05:32","modified_gmt":"2025-10-14T10:05:32","slug":"casque-de-jeu-razer-tiamat-7-1-v2-analogique-numerique-avec-son-surround-7-1-true-noir","status":"publish","type":"product","link":"https:\/\/www.momengames.com\/index.php\/product\/casque-de-jeu-razer-tiamat-7-1-v2-analogique-numerique-avec-son-surround-7-1-true-noir\/?lang=fr","title":{"rendered":"Casque de jeu Razer Tiamat 7.1 V2 analogique\/num\u00e9rique avec son surround 7.1 True Noir"},"content":{"rendered":"<p>Le Razer Tiamat 7.1 V2 repr\u00e9sente le summum de l&#8217;immersion audio totale dans les jeux vid\u00e9o gr\u00e2ce \u00e0 ses 10 haut-parleurs distincts (5 dans chaque \u00e9couteur). Dominez les jeux qui n\u00e9cessitent un son positionnel pr\u00e9cis, comme les FPS, o\u00f9 entendre pr\u00e9cis\u00e9ment o\u00f9 se trouve votre ennemi peut faire toute la diff\u00e9rence entre le pr\u00e9dateur et la proie.<\/p>\n","protected":false},"excerpt":{"rendered":"<p>Le Razer Tiamat 7.1 V2 repr\u00e9sente le summum de l&#8217;immersion audio totale dans les jeux vid\u00e9o gr\u00e2ce \u00e0 ses 10 haut-parleurs distincts (5 dans chaque \u00e9couteur). Dominez les jeux qui n\u00e9cessitent un son positionnel pr\u00e9cis, comme les FPS, o\u00f9 entendre pr\u00e9cis\u00e9ment o\u00f9 se trouve votre ennemi peut faire toute la diff\u00e9rence entre le pr\u00e9dateur et la proie.<\/p>\n","protected":false},"featured_media":35317,"comment_status":"open","ping_status":"closed","template":"","meta":{"iawp_total_views":0},"product_brand":[57],"product_cat":[15],"product_tag":[],"class_list":{"0":"post-35377","1":"product","2":"type-product","3":"status-publish","4":"has-post-thumbnail","6":"product_brand-razer","7":"product_cat-electronics-accessories","9":"first","10":"instock","11":"sale","12":"taxable","13":"shipping-taxable","14":"purchasable","15":"product-type-simple"},"jetpack_sharing_enabled":true,"_links":{"self":[{"href":"https:\/\/www.momengames.com\/index.php\/wp-json\/wp\/v2\/product\/35377","targetHints":{"allow":["GET"]}}],"collection":[{"href":"https:\/\/www.momengames.com\/index.php\/wp-json\/wp\/v2\/product"}],"about":[{"href":"https:\/\/www.momengames.com\/index.php\/wp-json\/wp\/v2\/types\/product"}],"replies":[{"embeddable":true,"href":"https:\/\/www.momengames.com\/index.php\/wp-json\/wp\/v2\/comments?post=35377"}],"wp:featuredmedia":[{"embeddable":true,"href":"https:\/\/www.momengames.com\/index.php\/wp-json\/wp\/v2\/media\/35317"}],"wp:attachment":[{"href":"https:\/\/www.momengames.com\/index.php\/wp-json\/wp\/v2\/media?parent=35377"}],"wp:term":[{"taxonomy":"product_brand","embeddable":true,"href":"https:\/\/www.momengames.com\/index.php\/wp-json\/wp\/v2\/product_brand?post=35377"},{"taxonomy":"product_cat","embeddable":true,"href":"https:\/\/www.momengames.com\/index.php\/wp-json\/wp\/v2\/product_cat?post=35377"},{"taxonomy":"product_tag","embeddable":true,"href":"https:\/\/www.momengames.com\/index.php\/wp-json\/wp\/v2\/product_tag?post=35377"}],"curies":[{"name":"wp","href":"https:\/\/api.w.org\/{rel}","templated":true}]}}