{"id":35375,"date":"2025-10-14T09:54:10","date_gmt":"2025-10-14T09:54:10","guid":{"rendered":"https:\/\/www.momengames.com\/index.php\/product\/razer-kraken-tournament-edition-casque-de-jeu-filaire-avec-controleur-audio-usb-noir\/"},"modified":"2025-10-14T09:54:10","modified_gmt":"2025-10-14T09:54:10","slug":"razer-kraken-tournament-edition-casque-de-jeu-filaire-avec-controleur-audio-usb-noir","status":"publish","type":"product","link":"https:\/\/www.momengames.com\/index.php\/product\/razer-kraken-tournament-edition-casque-de-jeu-filaire-avec-controleur-audio-usb-noir\/?lang=fr","title":{"rendered":"Razer Kraken Tournament Edition &#8211; Casque de jeu filaire avec contr\u00f4leur audio USB Noir"},"content":{"rendered":"<p>Son design \u00e9l\u00e9gant et confortable vous assure un confort optimal.<br \/>\nLe micro perche vous permet de discuter avec vos proches sur Skype et lors de jeux en r\u00e9seau multijoueurs.<br \/>\nProfitez d&#8217;un son de qualit\u00e9 avec ce casque st\u00e9r\u00e9o.<br \/>\nSon design circum-aural offre un confort optimal et une isolation phonique optimale.<br \/>\n\u00c9coutez des basses profondes et des aigus euphoriques avec une plage de fr\u00e9quences de 12 Hz \u00e0 28 kHz.<\/p>\n","protected":false},"excerpt":{"rendered":"<p>Son design \u00e9l\u00e9gant et confortable vous assure un confort optimal.<br \/>\nLe micro perche vous permet de discuter avec vos proches sur Skype et lors de jeux en r\u00e9seau multijoueurs.<br \/>\nProfitez d&#8217;un son de qualit\u00e9 avec ce casque st\u00e9r\u00e9o.<br \/>\nSon design circum-aural offre un confort optimal et une isolation phonique optimale.<br \/>\n\u00c9coutez des basses profondes et des aigus euphoriques avec une plage de fr\u00e9quences de 12 Hz \u00e0 28 kHz.<\/p>\n","protected":false},"featured_media":35309,"comment_status":"open","ping_status":"closed","template":"","meta":{"iawp_total_views":0},"product_brand":[57],"product_cat":[15],"product_tag":[],"class_list":{"0":"post-35375","1":"product","2":"type-product","3":"status-publish","4":"has-post-thumbnail","6":"product_brand-razer","7":"product_cat-electronics-accessories","9":"first","10":"instock","11":"sale","12":"taxable","13":"shipping-taxable","14":"purchasable","15":"product-type-simple"},"jetpack_sharing_enabled":true,"_links":{"self":[{"href":"https:\/\/www.momengames.com\/index.php\/wp-json\/wp\/v2\/product\/35375","targetHints":{"allow":["GET"]}}],"collection":[{"href":"https:\/\/www.momengames.com\/index.php\/wp-json\/wp\/v2\/product"}],"about":[{"href":"https:\/\/www.momengames.com\/index.php\/wp-json\/wp\/v2\/types\/product"}],"replies":[{"embeddable":true,"href":"https:\/\/www.momengames.com\/index.php\/wp-json\/wp\/v2\/comments?post=35375"}],"wp:featuredmedia":[{"embeddable":true,"href":"https:\/\/www.momengames.com\/index.php\/wp-json\/wp\/v2\/media\/35309"}],"wp:attachment":[{"href":"https:\/\/www.momengames.com\/index.php\/wp-json\/wp\/v2\/media?parent=35375"}],"wp:term":[{"taxonomy":"product_brand","embeddable":true,"href":"https:\/\/www.momengames.com\/index.php\/wp-json\/wp\/v2\/product_brand?post=35375"},{"taxonomy":"product_cat","embeddable":true,"href":"https:\/\/www.momengames.com\/index.php\/wp-json\/wp\/v2\/product_cat?post=35375"},{"taxonomy":"product_tag","embeddable":true,"href":"https:\/\/www.momengames.com\/index.php\/wp-json\/wp\/v2\/product_tag?post=35375"}],"curies":[{"name":"wp","href":"https:\/\/api.w.org\/{rel}","templated":true}]}}