{"id":35371,"date":"2025-10-14T14:04:45","date_gmt":"2025-10-14T14:04:45","guid":{"rendered":"https:\/\/www.momengames.com\/index.php\/product\/razer-blackshark-v2-pro-kabelloses-premium-e-sport-gaming-headset-hyper-speed-wireless-technologie-tri-force-titanium-50-mm-treiber-hyper-clear-supernierenmikrofon-rain\/"},"modified":"2025-10-14T14:04:45","modified_gmt":"2025-10-14T14:04:45","slug":"razer-blackshark-v2-pro-kabelloses-premium-e-sport-gaming-headset-hyper-speed-wireless-technologie-tri-force-titanium-50-mm-treiber-hyper-clear-supernierenmikrofon-rain","status":"publish","type":"product","link":"https:\/\/www.momengames.com\/index.php\/product\/razer-blackshark-v2-pro-kabelloses-premium-e-sport-gaming-headset-hyper-speed-wireless-technologie-tri-force-titanium-50-mm-treiber-hyper-clear-supernierenmikrofon-rain\/?lang=de","title":{"rendered":"Razer BlackShark V2 Pro \u2013 Kabelloses Premium-E-Sport-Gaming-Headset (Hyper Speed \u200b\u200bWireless-Technologie, Tri Force Titanium 50-mm-Treiber, Hyper Clear Supernierenmikrofon) Rainbow 6 Siege"},"content":{"rendered":"<p>Razer HyperSpeed \u200b\u200bWireless-Technologie: Mit Hochgeschwindigkeits\u00fcbertragung und extrem geringer Latenz sorgt unsere branchenf\u00fchrende 2,4-GHz-Wireless-Verbindung f\u00fcr verlustfreien Klang, der immer mit deinem Spiel synchronisiert bleibt, sodass du nie wieder etwas verpasst.<br \/>\nRazer TriForce Titanium 50-mm-Treiber: Mit titanbeschichteten Membranen f\u00fcr zus\u00e4tzliche Klarheit. Unser neues, hochmodernes, propriet\u00e4res Design unterteilt den Treiber in drei Teile f\u00fcr die individuelle Abstimmung von H\u00f6hen, Mitten und Tiefen \u2013 f\u00fcr helleren, klareren Klang mit satteren H\u00f6hen und kraftvolleren Tiefen.<br \/>\nRazer HyperClear Supernierenmikrofon: Das abnehmbare 9,9-mm-Mikrofon filtert Umgebungsger\u00e4usche von hinten und von den Seiten heraus, bietet eine bessere Stimmisolierung und erzeugt eine naturgetreuere Wiedergabe deiner Sprache, die \u00fcber Razer Synapse weiter optimiert werden kann.<br \/>\nFortschrittliche passive Ger\u00e4uschunterdr\u00fcckung: Von jubelnden Menschenmengen bis hin zum Brummen Ihres Systems \u2013 blenden Sie den L\u00e4rm mit speziellen geschlossenen Ohrmuscheln aus, die Ihre Ohren vollst\u00e4ndig bedecken. Weiche Polster sorgen f\u00fcr eine perfekte Abdichtung und somit f\u00fcr eine bessere Schallisolierung.<br \/>\nUltraweiche, atmungsaktive Ohrpolster aus Memory-Schaum: Die verbesserte Dichte des Schaumstoffs ist mit weichem Kunstleder umh\u00fcllt und reduziert den Klemmdruck des Headsets erheblich, w\u00e4hrend ein atmungsaktives Gewebe Schwei\u00df- und W\u00e4rmestau durch Hautkontakt minimiert.<\/p>\n","protected":false},"excerpt":{"rendered":"<p>Razer HyperSpeed \u200b\u200bWireless-Technologie: Mit Hochgeschwindigkeits\u00fcbertragung und extrem geringer Latenz sorgt unsere branchenf\u00fchrende 2,4-GHz-Wireless-Verbindung f\u00fcr verlustfreien Klang, der immer mit deinem Spiel synchronisiert bleibt, sodass du nie wieder etwas verpasst.<br \/>\nRazer TriForce Titanium 50-mm-Treiber: Mit titanbeschichteten Membranen f\u00fcr zus\u00e4tzliche Klarheit. Unser neues, hochmodernes, propriet\u00e4res Design unterteilt den Treiber in drei Teile f\u00fcr die individuelle Abstimmung von H\u00f6hen, Mitten und Tiefen \u2013 f\u00fcr helleren, klareren Klang mit satteren H\u00f6hen und kraftvolleren Tiefen.<br \/>\nRazer HyperClear Supernierenmikrofon: Das abnehmbare 9,9-mm-Mikrofon filtert Umgebungsger\u00e4usche von hinten und von den Seiten heraus, bietet eine bessere Stimmisolierung und erzeugt eine naturgetreuere Wiedergabe deiner Sprache, die \u00fcber Razer Synapse weiter optimiert werden kann.<br \/>\nFortschrittliche passive Ger\u00e4uschunterdr\u00fcckung: Von jubelnden Menschenmengen bis hin zum Brummen Ihres Systems \u2013 blenden Sie den L\u00e4rm mit speziellen geschlossenen Ohrmuscheln aus, die Ihre Ohren vollst\u00e4ndig bedecken. Weiche Polster sorgen f\u00fcr eine perfekte Abdichtung und somit f\u00fcr eine bessere Schallisolierung.<br \/>\nUltraweiche, atmungsaktive Ohrpolster aus Memory-Schaum: Die verbesserte Dichte des Schaumstoffs ist mit weichem Kunstleder umh\u00fcllt und reduziert den Klemmdruck des Headsets erheblich, w\u00e4hrend ein atmungsaktives Gewebe Schwei\u00df- und W\u00e4rmestau durch Hautkontakt minimiert.<\/p>\n","protected":false},"featured_media":35354,"comment_status":"open","ping_status":"closed","template":"","meta":{"iawp_total_views":19},"product_brand":[57],"product_cat":[15],"product_tag":[],"class_list":{"0":"post-35371","1":"product","2":"type-product","3":"status-publish","4":"has-post-thumbnail","6":"product_brand-razer","7":"product_cat-electronics-accessories","9":"first","10":"instock","11":"sale","12":"taxable","13":"shipping-taxable","14":"purchasable","15":"product-type-simple"},"jetpack_sharing_enabled":true,"_links":{"self":[{"href":"https:\/\/www.momengames.com\/index.php\/wp-json\/wp\/v2\/product\/35371","targetHints":{"allow":["GET"]}}],"collection":[{"href":"https:\/\/www.momengames.com\/index.php\/wp-json\/wp\/v2\/product"}],"about":[{"href":"https:\/\/www.momengames.com\/index.php\/wp-json\/wp\/v2\/types\/product"}],"replies":[{"embeddable":true,"href":"https:\/\/www.momengames.com\/index.php\/wp-json\/wp\/v2\/comments?post=35371"}],"wp:featuredmedia":[{"embeddable":true,"href":"https:\/\/www.momengames.com\/index.php\/wp-json\/wp\/v2\/media\/35354"}],"wp:attachment":[{"href":"https:\/\/www.momengames.com\/index.php\/wp-json\/wp\/v2\/media?parent=35371"}],"wp:term":[{"taxonomy":"product_brand","embeddable":true,"href":"https:\/\/www.momengames.com\/index.php\/wp-json\/wp\/v2\/product_brand?post=35371"},{"taxonomy":"product_cat","embeddable":true,"href":"https:\/\/www.momengames.com\/index.php\/wp-json\/wp\/v2\/product_cat?post=35371"},{"taxonomy":"product_tag","embeddable":true,"href":"https:\/\/www.momengames.com\/index.php\/wp-json\/wp\/v2\/product_tag?post=35371"}],"curies":[{"name":"wp","href":"https:\/\/api.w.org\/{rel}","templated":true}]}}