{"id":35362,"date":"2025-10-14T09:54:10","date_gmt":"2025-10-14T09:54:10","guid":{"rendered":"https:\/\/www.momengames.com\/index.php\/product\/razer-kraken-tournament-edition-kabelgebundenes-gaming-headset-mit-usb-audio-controller-schwarz\/"},"modified":"2025-10-14T09:54:10","modified_gmt":"2025-10-14T09:54:10","slug":"razer-kraken-tournament-edition-kabelgebundenes-gaming-headset-mit-usb-audio-controller-schwarz","status":"publish","type":"product","link":"https:\/\/www.momengames.com\/index.php\/product\/razer-kraken-tournament-edition-kabelgebundenes-gaming-headset-mit-usb-audio-controller-schwarz\/?lang=de","title":{"rendered":"Razer Kraken Tournament Edition \u2013 kabelgebundenes Gaming-Headset mit USB-Audio-Controller, Schwarz"},"content":{"rendered":"<p>Das elegante Over-Head-Design sorgt f\u00fcr einen bequemen Sitz.<br \/>\nMit dem Boom-Mikrofon chatten Sie mit Freunden und Familie \u00fcber Skype und in Multiplayer-Netzwerkspielen.<br \/>\nGenie\u00dfen Sie hochwertigen Sound mit diesem Stereo-Headset.<br \/>\nDas ohrumschlie\u00dfende Design bietet optimalen Komfort und Ger\u00e4uschisolierung.<br \/>\nH\u00f6ren Sie tiefe B\u00e4sse und euphorische H\u00f6hen mit einem Frequenzbereich von 12 Hz bis 28 kHz.<\/p>\n","protected":false},"excerpt":{"rendered":"<p>Das elegante Over-Head-Design sorgt f\u00fcr einen bequemen Sitz.<br \/>\nMit dem Boom-Mikrofon chatten Sie mit Freunden und Familie \u00fcber Skype und in Multiplayer-Netzwerkspielen.<br \/>\nGenie\u00dfen Sie hochwertigen Sound mit diesem Stereo-Headset.<br \/>\nDas ohrumschlie\u00dfende Design bietet optimalen Komfort und Ger\u00e4uschisolierung.<br \/>\nH\u00f6ren Sie tiefe B\u00e4sse und euphorische H\u00f6hen mit einem Frequenzbereich von 12 Hz bis 28 kHz.<\/p>\n","protected":false},"featured_media":35310,"comment_status":"open","ping_status":"closed","template":"","meta":{"iawp_total_views":150},"product_brand":[57],"product_cat":[15],"product_tag":[],"class_list":{"0":"post-35362","1":"product","2":"type-product","3":"status-publish","4":"has-post-thumbnail","6":"product_brand-razer","7":"product_cat-electronics-accessories","9":"first","10":"instock","11":"sale","12":"taxable","13":"shipping-taxable","14":"purchasable","15":"product-type-simple"},"jetpack_sharing_enabled":true,"_links":{"self":[{"href":"https:\/\/www.momengames.com\/index.php\/wp-json\/wp\/v2\/product\/35362","targetHints":{"allow":["GET"]}}],"collection":[{"href":"https:\/\/www.momengames.com\/index.php\/wp-json\/wp\/v2\/product"}],"about":[{"href":"https:\/\/www.momengames.com\/index.php\/wp-json\/wp\/v2\/types\/product"}],"replies":[{"embeddable":true,"href":"https:\/\/www.momengames.com\/index.php\/wp-json\/wp\/v2\/comments?post=35362"}],"wp:featuredmedia":[{"embeddable":true,"href":"https:\/\/www.momengames.com\/index.php\/wp-json\/wp\/v2\/media\/35310"}],"wp:attachment":[{"href":"https:\/\/www.momengames.com\/index.php\/wp-json\/wp\/v2\/media?parent=35362"}],"wp:term":[{"taxonomy":"product_brand","embeddable":true,"href":"https:\/\/www.momengames.com\/index.php\/wp-json\/wp\/v2\/product_brand?post=35362"},{"taxonomy":"product_cat","embeddable":true,"href":"https:\/\/www.momengames.com\/index.php\/wp-json\/wp\/v2\/product_cat?post=35362"},{"taxonomy":"product_tag","embeddable":true,"href":"https:\/\/www.momengames.com\/index.php\/wp-json\/wp\/v2\/product_tag?post=35362"}],"curies":[{"name":"wp","href":"https:\/\/api.w.org\/{rel}","templated":true}]}}