{"id":34960,"date":"2025-09-20T13:31:42","date_gmt":"2025-09-20T13:31:42","guid":{"rendered":"https:\/\/www.momengames.com\/index.php\/product\/razer-tartarus-pro-clavier-de-jeu-manette-de-jeu-avec-boutons-analogiques-optiques-et-mode-de-tir-rapide-32-boutons-programmables-point-de-declenchement-personnalisable-8-profils-actionnement\/"},"modified":"2025-09-20T13:31:42","modified_gmt":"2025-09-20T13:31:42","slug":"razer-tartarus-pro-clavier-de-jeu-manette-de-jeu-avec-boutons-analogiques-optiques-et-mode-de-tir-rapide-32-boutons-programmables-point-de-declenchement-personnalisable-8-profils-actionnement","status":"publish","type":"product","link":"https:\/\/www.momengames.com\/index.php\/product\/razer-tartarus-pro-clavier-de-jeu-manette-de-jeu-avec-boutons-analogiques-optiques-et-mode-de-tir-rapide-32-boutons-programmables-point-de-declenchement-personnalisable-8-profils-actionnement\/?lang=fr","title":{"rendered":"Razer Tartarus Pro &#8211; Clavier de jeu &#8211; Manette de jeu avec boutons analogiques-optiques et mode de tir rapide (32 boutons programmables, point de d\u00e9clenchement personnalisable, 8 profils, actionnement r\u00e9glable) Noir"},"content":{"rendered":"<p>Mode de d\u00e9clenchement rapide\u00a0: Rel\u00e2chez et appuyez plusieurs fois sur les touches \u00e0 une vitesse bien sup\u00e9rieure \u00e0 celle des claviers standard. Gr\u00e2ce \u00e0 la possibilit\u00e9 de r\u00e9initialiser les touches d&#8217;un simple mouvement de doigt, b\u00e9n\u00e9ficiez d&#8217;une vitesse accrue, particuli\u00e8rement utile pour les jeux \u00e0 la premi\u00e8re et \u00e0 la troisi\u00e8me personne.<br \/>\nActionnement r\u00e9glable pour une sensibilit\u00e9 personnalisable\u00a0: Avec une plage d&#8217;actionnement de 1,5 \u00e0 3,6\u00a0mm, personnalisez les interrupteurs pour une sensibilit\u00e9 optimale et un r\u00e9glage parfaitement adapt\u00e9 \u00e0 votre style de jeu.<br \/>\nInterrupteur optique analogique Razer pour une gradation des entr\u00e9es en fonction de la force de votre pression\u00a0: Au lieu de recevoir une seule entr\u00e9e lors de l&#8217;appui sur une touche, ces interrupteurs peuvent enregistrer des niveaux d&#8217;entr\u00e9e variables lors d&#8217;une m\u00eame frappe, offrant un contr\u00f4le plus pr\u00e9cis, similaire aux joysticks d&#8217;une manette.<br \/>\n32\u00a0touches programmables pour une vaste gamme de commandes\u00a0: Ne manquez jamais d&#8217;espace pour vos macros ou raccourcis clavier, et apportez une dimension am\u00e9lior\u00e9e au jeu sur PC gr\u00e2ce \u00e0 un pav\u00e9 directionnel \u00e0 8\u00a0directions, assignable \u00e0 la navigation ou \u00e0 d&#8217;autres commandes.<br \/>\n8 profils \u00e0 bascule rapide pour changer instantan\u00e9ment de profil\u00a0: Que vous lanciez une nouvelle partie ou changiez d&#8217;\u00e9quipement de comp\u00e9tences, profitez d&#8217;un confort accru gr\u00e2ce \u00e0 un bouton lat\u00e9ral qui change instantan\u00e9ment de profil.<br \/>\nLongueur de macro illimit\u00e9e et stockage de profils pour un contr\u00f4le optimal en toute situation\u00a0: Optimisez vos rotations de comp\u00e9tences et votre gameplay gr\u00e2ce \u00e0 la libert\u00e9 de concevoir des macros avanc\u00e9es, et pr\u00e9parez la configuration id\u00e9ale pour chaque combat de boss gr\u00e2ce \u00e0 une collection de profils enregistr\u00e9s.<br \/>\nActionnement double \u00e9tape\u00a0: pour une puissance de frappe doubl\u00e9e\u00a0: Gr\u00e2ce aux entr\u00e9es scal\u00e9es des commutateurs optiques analogiques Razer, vous pouvez d\u00e9sormais associer deux fonctions \u00e0 chaque touche\u00a0: une qui se d\u00e9clenche sur une pression partielle, et une autre sur une pression compl\u00e8te.<\/p>\n","protected":false},"excerpt":{"rendered":"<p>Mode de d\u00e9clenchement rapide\u00a0: Rel\u00e2chez et appuyez plusieurs fois sur les touches \u00e0 une vitesse bien sup\u00e9rieure \u00e0 celle des claviers standard. Gr\u00e2ce \u00e0 la possibilit\u00e9 de r\u00e9initialiser les touches d&#8217;un simple mouvement de doigt, b\u00e9n\u00e9ficiez d&#8217;une vitesse accrue, particuli\u00e8rement utile pour les jeux \u00e0 la premi\u00e8re et \u00e0 la troisi\u00e8me personne.<br \/>\nActionnement r\u00e9glable pour une sensibilit\u00e9 personnalisable\u00a0: Avec une plage d&#8217;actionnement de 1,5 \u00e0 3,6\u00a0mm, personnalisez les interrupteurs pour une sensibilit\u00e9 optimale et un r\u00e9glage parfaitement adapt\u00e9 \u00e0 votre style de jeu.<br \/>\nInterrupteur optique analogique Razer pour une gradation des entr\u00e9es en fonction de la force de votre pression\u00a0: Au lieu de recevoir une seule entr\u00e9e lors de l&#8217;appui sur une touche, ces interrupteurs peuvent enregistrer des niveaux d&#8217;entr\u00e9e variables lors d&#8217;une m\u00eame frappe, offrant un contr\u00f4le plus pr\u00e9cis, similaire aux joysticks d&#8217;une manette.<br \/>\n32\u00a0touches programmables pour une vaste gamme de commandes\u00a0: Ne manquez jamais d&#8217;espace pour vos macros ou raccourcis clavier, et apportez une dimension am\u00e9lior\u00e9e au jeu sur PC gr\u00e2ce \u00e0 un pav\u00e9 directionnel \u00e0 8\u00a0directions, assignable \u00e0 la navigation ou \u00e0 d&#8217;autres commandes.<br \/>\n8 profils \u00e0 bascule rapide pour changer instantan\u00e9ment de profil\u00a0: Que vous lanciez une nouvelle partie ou changiez d&#8217;\u00e9quipement de comp\u00e9tences, profitez d&#8217;un confort accru gr\u00e2ce \u00e0 un bouton lat\u00e9ral qui change instantan\u00e9ment de profil.<br \/>\nLongueur de macro illimit\u00e9e et stockage de profils pour un contr\u00f4le optimal en toute situation\u00a0: Optimisez vos rotations de comp\u00e9tences et votre gameplay gr\u00e2ce \u00e0 la libert\u00e9 de concevoir des macros avanc\u00e9es, et pr\u00e9parez la configuration id\u00e9ale pour chaque combat de boss gr\u00e2ce \u00e0 une collection de profils enregistr\u00e9s.<br \/>\nActionnement double \u00e9tape\u00a0: pour une puissance de frappe doubl\u00e9e\u00a0: Gr\u00e2ce aux entr\u00e9es scal\u00e9es des commutateurs optiques analogiques Razer, vous pouvez d\u00e9sormais associer deux fonctions \u00e0 chaque touche\u00a0: une qui se d\u00e9clenche sur une pression partielle, et une autre sur une pression compl\u00e8te.<\/p>\n","protected":false},"featured_media":34830,"comment_status":"open","ping_status":"closed","template":"","meta":{"iawp_total_views":3},"product_brand":[],"product_cat":[40],"product_tag":[],"class_list":{"0":"post-34960","1":"product","2":"type-product","3":"status-publish","4":"has-post-thumbnail","6":"product_cat-pc-gamepads-standard-controllers-fr","8":"first","9":"instock","10":"sale","11":"taxable","12":"shipping-taxable","13":"purchasable","14":"product-type-simple"},"jetpack_sharing_enabled":true,"_links":{"self":[{"href":"https:\/\/www.momengames.com\/index.php\/wp-json\/wp\/v2\/product\/34960","targetHints":{"allow":["GET"]}}],"collection":[{"href":"https:\/\/www.momengames.com\/index.php\/wp-json\/wp\/v2\/product"}],"about":[{"href":"https:\/\/www.momengames.com\/index.php\/wp-json\/wp\/v2\/types\/product"}],"replies":[{"embeddable":true,"href":"https:\/\/www.momengames.com\/index.php\/wp-json\/wp\/v2\/comments?post=34960"}],"wp:featuredmedia":[{"embeddable":true,"href":"https:\/\/www.momengames.com\/index.php\/wp-json\/wp\/v2\/media\/34830"}],"wp:attachment":[{"href":"https:\/\/www.momengames.com\/index.php\/wp-json\/wp\/v2\/media?parent=34960"}],"wp:term":[{"taxonomy":"product_brand","embeddable":true,"href":"https:\/\/www.momengames.com\/index.php\/wp-json\/wp\/v2\/product_brand?post=34960"},{"taxonomy":"product_cat","embeddable":true,"href":"https:\/\/www.momengames.com\/index.php\/wp-json\/wp\/v2\/product_cat?post=34960"},{"taxonomy":"product_tag","embeddable":true,"href":"https:\/\/www.momengames.com\/index.php\/wp-json\/wp\/v2\/product_tag?post=34960"}],"curies":[{"name":"wp","href":"https:\/\/api.w.org\/{rel}","templated":true}]}}