{"id":34958,"date":"2025-09-20T13:13:49","date_gmt":"2025-09-20T13:13:49","guid":{"rendered":"https:\/\/www.momengames.com\/index.php\/product\/manette-de-jeu-sans-fil-razer-wolverine-v2-pro-avec-connexion-hyperspeed-boutons-daction-tactiles-et-croix-directionnelle-a-micro-interrupteurs-8-directions-noire-premium-renouvelee\/"},"modified":"2025-09-20T13:13:49","modified_gmt":"2025-09-20T13:13:49","slug":"manette-de-jeu-sans-fil-razer-wolverine-v2-pro-avec-connexion-hyperspeed-boutons-daction-tactiles-et-croix-directionnelle-a-micro-interrupteurs-8-directions-noire-premium-renouvelee","status":"publish","type":"product","link":"https:\/\/www.momengames.com\/index.php\/product\/manette-de-jeu-sans-fil-razer-wolverine-v2-pro-avec-connexion-hyperspeed-boutons-daction-tactiles-et-croix-directionnelle-a-micro-interrupteurs-8-directions-noire-premium-renouvelee\/?lang=fr","title":{"rendered":"Manette de jeu sans fil Razer Wolverine V2 Pro avec connexion Hyperspeed, boutons d&#8217;action tactiles et croix directionnelle \u00e0 micro-interrupteurs 8 directions, noire (Premium renouvel\u00e9e)"},"content":{"rendered":"<p>SANS FIL HYPERRAPIDE\u00a0: Offre une connexion sans fil ultra-rapide de 2,4\u00a0GHz gr\u00e2ce \u00e0 son dongle USB Type-A inclus et garantit des performances fluides r\u00e9pondant aux exigences du jeu comp\u00e9titif sur consoles PS5 et PC.<br \/>\nBOUTONS D&#8217;ACTION M\u00c9CATACTILES\u00a0: Gr\u00e2ce \u00e0 une distance d&#8217;actionnement plus courte pour des pressions plus rapides et une tactilit\u00e9 am\u00e9lior\u00e9e pour ressentir chaque action, la manette offre un niveau de vitesse et de r\u00e9gularit\u00e9 de jeu in\u00e9gal\u00e9.<br \/>\nD-PAD \u00c0 MICRO-INTERRUPTEURS 8 DIRECTIONS\u00a0: Ressentez et entendez chaque pression directionnelle lorsque les micro-interrupteurs sont activ\u00e9s, permettant des mouvements pr\u00e9cis et intentionnels lors de combos complexes.<br \/>\nHYPERTRIGGER\u00a0: Soyez toujours le premier \u00e0 tirer gr\u00e2ce aux g\u00e2chettes qui peuvent passer d&#8217;une pression mesur\u00e9e et compl\u00e8te \u00e0 des clics ultra-rapides.<br \/>\n6 BOUTONS REMAPPABLES\u00a0: Affectez 4 g\u00e2chettes suppl\u00e9mentaires et 2 bumpers personnalis\u00e9s \u00e0 vos commandes pr\u00e9f\u00e9r\u00e9es.<br \/>\nSTICKERS INTERCHANGEABLES\u00a0: Personnalisez la manette avec 2 capuchons de joystick suppl\u00e9mentaires.<br \/>\nCHROMA RGB\u00a0: Gagnez avec un style d&#8217;\u00e9clairage parmi plus de 16,8 millions de couleurs et une suite d&#8217;effets via l&#8217;application Razer Controller pour iOS et Android.<br \/>\nMISE \u00c0 JOUR DU MICROLOGICIEL\u00a0: La manette Razer Wolverine V2 Pro a b\u00e9n\u00e9fici\u00e9 d&#8217;une mise \u00e0 jour majeure du micrologiciel. Celle-ci a affin\u00e9 les param\u00e8tres de zone morte par d\u00e9faut, introduit la personnalisation de cette zone dans l&#8217;application Razer Controller et am\u00e9lior\u00e9 le calibrage anti-d\u00e9rive. Mise \u00e0 jour disponible d\u00e8s maintenant sur rzr.to\/WolverineV2ProFirmware.<\/p>\n","protected":false},"excerpt":{"rendered":"<p>SANS FIL HYPERRAPIDE\u00a0: Offre une connexion sans fil ultra-rapide de 2,4\u00a0GHz gr\u00e2ce \u00e0 son dongle USB Type-A inclus et garantit des performances fluides r\u00e9pondant aux exigences du jeu comp\u00e9titif sur consoles PS5 et PC.<br \/>\nBOUTONS D&#8217;ACTION M\u00c9CATACTILES\u00a0: Gr\u00e2ce \u00e0 une distance d&#8217;actionnement plus courte pour des pressions plus rapides et une tactilit\u00e9 am\u00e9lior\u00e9e pour ressentir chaque action, la manette offre un niveau de vitesse et de r\u00e9gularit\u00e9 de jeu in\u00e9gal\u00e9.<br \/>\nD-PAD \u00c0 MICRO-INTERRUPTEURS 8 DIRECTIONS\u00a0: Ressentez et entendez chaque pression directionnelle lorsque les micro-interrupteurs sont activ\u00e9s, permettant des mouvements pr\u00e9cis et intentionnels lors de combos complexes.<br \/>\nHYPERTRIGGER\u00a0: Soyez toujours le premier \u00e0 tirer gr\u00e2ce aux g\u00e2chettes qui peuvent passer d&#8217;une pression mesur\u00e9e et compl\u00e8te \u00e0 des clics ultra-rapides.<br \/>\n6 BOUTONS REMAPPABLES\u00a0: Affectez 4 g\u00e2chettes suppl\u00e9mentaires et 2 bumpers personnalis\u00e9s \u00e0 vos commandes pr\u00e9f\u00e9r\u00e9es.<br \/>\nSTICKERS INTERCHANGEABLES\u00a0: Personnalisez la manette avec 2 capuchons de joystick suppl\u00e9mentaires.<br \/>\nCHROMA RGB\u00a0: Gagnez avec un style d&#8217;\u00e9clairage parmi plus de 16,8 millions de couleurs et une suite d&#8217;effets via l&#8217;application Razer Controller pour iOS et Android.<br \/>\nMISE \u00c0 JOUR DU MICROLOGICIEL\u00a0: La manette Razer Wolverine V2 Pro a b\u00e9n\u00e9fici\u00e9 d&#8217;une mise \u00e0 jour majeure du micrologiciel. Celle-ci a affin\u00e9 les param\u00e8tres de zone morte par d\u00e9faut, introduit la personnalisation de cette zone dans l&#8217;application Razer Controller et am\u00e9lior\u00e9 le calibrage anti-d\u00e9rive. Mise \u00e0 jour disponible d\u00e8s maintenant sur rzr.to\/WolverineV2ProFirmware.<\/p>\n","protected":false},"featured_media":34819,"comment_status":"open","ping_status":"closed","template":"","meta":{"iawp_total_views":89},"product_brand":[],"product_cat":[46],"product_tag":[],"class_list":{"0":"post-34958","1":"product","2":"type-product","3":"status-publish","4":"has-post-thumbnail","6":"product_cat-renewed-fr","8":"first","9":"instock","10":"sale","11":"taxable","12":"shipping-taxable","13":"purchasable","14":"product-type-simple"},"jetpack_sharing_enabled":true,"_links":{"self":[{"href":"https:\/\/www.momengames.com\/index.php\/wp-json\/wp\/v2\/product\/34958","targetHints":{"allow":["GET"]}}],"collection":[{"href":"https:\/\/www.momengames.com\/index.php\/wp-json\/wp\/v2\/product"}],"about":[{"href":"https:\/\/www.momengames.com\/index.php\/wp-json\/wp\/v2\/types\/product"}],"replies":[{"embeddable":true,"href":"https:\/\/www.momengames.com\/index.php\/wp-json\/wp\/v2\/comments?post=34958"}],"wp:featuredmedia":[{"embeddable":true,"href":"https:\/\/www.momengames.com\/index.php\/wp-json\/wp\/v2\/media\/34819"}],"wp:attachment":[{"href":"https:\/\/www.momengames.com\/index.php\/wp-json\/wp\/v2\/media?parent=34958"}],"wp:term":[{"taxonomy":"product_brand","embeddable":true,"href":"https:\/\/www.momengames.com\/index.php\/wp-json\/wp\/v2\/product_brand?post=34958"},{"taxonomy":"product_cat","embeddable":true,"href":"https:\/\/www.momengames.com\/index.php\/wp-json\/wp\/v2\/product_cat?post=34958"},{"taxonomy":"product_tag","embeddable":true,"href":"https:\/\/www.momengames.com\/index.php\/wp-json\/wp\/v2\/product_tag?post=34958"}],"curies":[{"name":"wp","href":"https:\/\/api.w.org\/{rel}","templated":true}]}}