{"id":34952,"date":"2025-09-17T15:47:46","date_gmt":"2025-09-17T15:47:46","guid":{"rendered":"https:\/\/www.momengames.com\/index.php\/product\/souris-de-jeu-mmo-sans-fil-razer-naga-v2-hyperspeed-19-boutons-programmables-technologie-hyperscroll-capteur-optique-focus-pro-30-k-commut\/"},"modified":"2025-09-17T15:47:46","modified_gmt":"2025-09-17T15:47:46","slug":"souris-de-jeu-mmo-sans-fil-razer-naga-v2-hyperspeed-19-boutons-programmables-technologie-hyperscroll-capteur-optique-focus-pro-30-k-commut","status":"publish","type":"product","link":"https:\/\/www.momengames.com\/index.php\/product\/souris-de-jeu-mmo-sans-fil-razer-naga-v2-hyperspeed-19-boutons-programmables-technologie-hyperscroll-capteur-optique-focus-pro-30-k-commut\/?lang=fr","title":{"rendered":"Souris de jeu MMO sans fil Razer Naga V2 HyperSpeed\u00a0: 19\u00a0boutons programmables\u00a0\u2013 Technologie HyperScroll\u00a0\u2013 Capteur optique Focus Pro 30\u00a0K\u00a0\u2013 Commutateurs m\u00e9caniques de 2e\u00a0g\u00e9n\u00e9ration\u00a0\u2013 Autonomie jusqu\u2019\u00e0 400\u00a0heures"},"content":{"rendered":"<p>19 BOUTONS PROGRAMMABLES \u2014 Dot\u00e9s de boutons ergonomiques offrant un arsenal de commandes \u00e0 port\u00e9e de main pour planifier l&#8217;essentiel ou exploiter pleinement les macros avanc\u00e9es.<br \/>\nRAZER HYPERSPEED WIRELESS (2,4 GHz) ET BLUETOOTH \u2014 Profitez de performances fluides et \u00e0 faible latence, 25 % plus rapides que les autres technologies sans fil, ou optez pour le Bluetooth pour des heures de jeu prolong\u00e9es.<br \/>\nTECHNOLOGIE RAZER HYPERSCROLL \u2014 Ex\u00e9cutez des commandes r\u00e9p\u00e9t\u00e9es rapidement, parcourez le contenu en mode libre, ou activez le mode tactile pour une pr\u00e9cision accrue et un retour d&#8217;information satisfaisant.<br \/>\nLONGUE DUR\u00c9E DE VIE DE LA BATTERIE \u2014 Avec jusqu&#8217;\u00e0 400 heures d&#8217;autonomie en Bluetooth et 250 heures de jeu fluide et \u00e0 faible latence avec la Razer HyperSpeed \u200b\u200bWireless (2,4 GHz), cette souris vous permettra de rester plus longtemps au c\u0153ur de l&#8217;action avant de devoir remplacer sa batterie.<br \/>\nCAPTEUR OPTIQUE FOCUS PRO 30K \u2014 Le tout nouveau capteur Razer offre des performances de suivi irr\u00e9prochables sur une grande vari\u00e9t\u00e9 de surfaces, y compris le verre, gr\u00e2ce \u00e0 des fonctions intelligentes pour une vis\u00e9e et un contr\u00f4le am\u00e9lior\u00e9s.<br \/>\nINTERRUPTEURS DE SOURIS M\u00c9CANIQUES GEN 2 \u2014 Gr\u00e2ce \u00e0 leurs points de contact plaqu\u00e9s or, les interrupteurs sont moins sujets \u00e0 la d\u00e9gradation et b\u00e9n\u00e9ficient d&#8217;une dur\u00e9e de vie prolong\u00e9e, jusqu&#8217;\u00e0 60 millions de clics.<br \/>\nMARQUE DE P\u00c9RIPH\u00c9RIQUES DE JEU PC AUX \u00c9TATS-UNIS \u2014 Source \u2014 Circana, Retail Tracking Service, ventes en dollars aux \u00c9tats-Unis, souris, claviers et casques PC con\u00e7us pour le jeu, janvier 2019 \u00e0 d\u00e9cembre 2023.<br \/>\nOPTIMISEZ LA PR\u00c9CISION DE LA SOURIS \u2014 Am\u00e9liorez la pr\u00e9cision en d\u00e9sactivant l&#8217;option \u00ab\u00a0Am\u00e9liorer la pr\u00e9cision du pointeur\u00a0\u00bb dans les param\u00e8tres de la souris Windows et optimisez encore davantage les performances gr\u00e2ce \u00e0 l&#8217;application Razer Synapse.<\/p>\n","protected":false},"excerpt":{"rendered":"<p>19 BOUTONS PROGRAMMABLES \u2014 Dot\u00e9s de boutons ergonomiques offrant un arsenal de commandes \u00e0 port\u00e9e de main pour planifier l&#8217;essentiel ou exploiter pleinement les macros avanc\u00e9es.<br \/>\nRAZER HYPERSPEED WIRELESS (2,4 GHz) ET BLUETOOTH \u2014 Profitez de performances fluides et \u00e0 faible latence, 25 % plus rapides que les autres technologies sans fil, ou optez pour le Bluetooth pour des heures de jeu prolong\u00e9es.<br \/>\nTECHNOLOGIE RAZER HYPERSCROLL \u2014 Ex\u00e9cutez des commandes r\u00e9p\u00e9t\u00e9es rapidement, parcourez le contenu en mode libre, ou activez le mode tactile pour une pr\u00e9cision accrue et un retour d&#8217;information satisfaisant.<br \/>\nLONGUE DUR\u00c9E DE VIE DE LA BATTERIE \u2014 Avec jusqu&#8217;\u00e0 400 heures d&#8217;autonomie en Bluetooth et 250 heures de jeu fluide et \u00e0 faible latence avec la Razer HyperSpeed \u200b\u200bWireless (2,4 GHz), cette souris vous permettra de rester plus longtemps au c\u0153ur de l&#8217;action avant de devoir remplacer sa batterie.<br \/>\nCAPTEUR OPTIQUE FOCUS PRO 30K \u2014 Le tout nouveau capteur Razer offre des performances de suivi irr\u00e9prochables sur une grande vari\u00e9t\u00e9 de surfaces, y compris le verre, gr\u00e2ce \u00e0 des fonctions intelligentes pour une vis\u00e9e et un contr\u00f4le am\u00e9lior\u00e9s.<br \/>\nINTERRUPTEURS DE SOURIS M\u00c9CANIQUES GEN 2 \u2014 Gr\u00e2ce \u00e0 leurs points de contact plaqu\u00e9s or, les interrupteurs sont moins sujets \u00e0 la d\u00e9gradation et b\u00e9n\u00e9ficient d&#8217;une dur\u00e9e de vie prolong\u00e9e, jusqu&#8217;\u00e0 60 millions de clics.<br \/>\nMARQUE DE P\u00c9RIPH\u00c9RIQUES DE JEU PC AUX \u00c9TATS-UNIS \u2014 Source \u2014 Circana, Retail Tracking Service, ventes en dollars aux \u00c9tats-Unis, souris, claviers et casques PC con\u00e7us pour le jeu, janvier 2019 \u00e0 d\u00e9cembre 2023.<br \/>\nOPTIMISEZ LA PR\u00c9CISION DE LA SOURIS \u2014 Am\u00e9liorez la pr\u00e9cision en d\u00e9sactivant l&#8217;option \u00ab\u00a0Am\u00e9liorer la pr\u00e9cision du pointeur\u00a0\u00bb dans les param\u00e8tres de la souris Windows et optimisez encore davantage les performances gr\u00e2ce \u00e0 l&#8217;application Razer Synapse.<\/p>\n","protected":false},"featured_media":34765,"comment_status":"open","ping_status":"closed","template":"","meta":{"iawp_total_views":57},"product_brand":[],"product_cat":[40],"product_tag":[],"class_list":{"0":"post-34952","1":"product","2":"type-product","3":"status-publish","4":"has-post-thumbnail","6":"product_cat-pc-gamepads-standard-controllers-fr","8":"first","9":"instock","10":"sale","11":"taxable","12":"shipping-taxable","13":"purchasable","14":"product-type-simple"},"jetpack_sharing_enabled":true,"_links":{"self":[{"href":"https:\/\/www.momengames.com\/index.php\/wp-json\/wp\/v2\/product\/34952","targetHints":{"allow":["GET"]}}],"collection":[{"href":"https:\/\/www.momengames.com\/index.php\/wp-json\/wp\/v2\/product"}],"about":[{"href":"https:\/\/www.momengames.com\/index.php\/wp-json\/wp\/v2\/types\/product"}],"replies":[{"embeddable":true,"href":"https:\/\/www.momengames.com\/index.php\/wp-json\/wp\/v2\/comments?post=34952"}],"wp:featuredmedia":[{"embeddable":true,"href":"https:\/\/www.momengames.com\/index.php\/wp-json\/wp\/v2\/media\/34765"}],"wp:attachment":[{"href":"https:\/\/www.momengames.com\/index.php\/wp-json\/wp\/v2\/media?parent=34952"}],"wp:term":[{"taxonomy":"product_brand","embeddable":true,"href":"https:\/\/www.momengames.com\/index.php\/wp-json\/wp\/v2\/product_brand?post=34952"},{"taxonomy":"product_cat","embeddable":true,"href":"https:\/\/www.momengames.com\/index.php\/wp-json\/wp\/v2\/product_cat?post=34952"},{"taxonomy":"product_tag","embeddable":true,"href":"https:\/\/www.momengames.com\/index.php\/wp-json\/wp\/v2\/product_tag?post=34952"}],"curies":[{"name":"wp","href":"https:\/\/api.w.org\/{rel}","templated":true}]}}