{"id":34944,"date":"2025-07-26T14:12:19","date_gmt":"2025-07-26T14:12:19","guid":{"rendered":"https:\/\/www.momengames.com\/index.php\/product\/manette-de-jeu-amazon-fire-tv-1re-generation-renouvelee\/"},"modified":"2025-07-26T14:12:19","modified_gmt":"2025-07-26T14:12:19","slug":"manette-de-jeu-amazon-fire-tv-1re-generation-renouvelee","status":"publish","type":"product","link":"https:\/\/www.momengames.com\/index.php\/product\/manette-de-jeu-amazon-fire-tv-1re-generation-renouvelee\/?lang=fr","title":{"rendered":"Manette de jeu Amazon Fire TV 1re g\u00e9n\u00e9ration renouvel\u00e9e"},"content":{"rendered":"<p>Comme une manette Xbox 360, et c&#8217;est tant mieux.<br \/>\nLa forme g\u00e9n\u00e9rale et le toucher de la manette de cette ann\u00e9e sont assez similaires \u00e0 ceux de l&#8217;ann\u00e9e derni\u00e8re, ce qui signifie qu&#8217;elle imite clairement une manette Xbox 360. En fait, elle le fait encore plus cette ann\u00e9e, et vos mains s&#8217;en r\u00e9jouiront.<\/p>\n<p>Les poign\u00e9es sont plus effil\u00e9es cette fois-ci, ce qui signifie qu&#8217;elles s&#8217;adaptent beaucoup mieux aux mains, petites comme grandes, que l&#8217;ann\u00e9e derni\u00e8re. La tension des joysticks a \u00e9t\u00e9 augment\u00e9e\u00a0; la croix directionnelle repose sur un rebord l\u00e9g\u00e8rement sur\u00e9lev\u00e9\u00a0; et les boutons de protection et de g\u00e2chette sont plus grands et plus larges, offrant une action plus satisfaisante \u00e0 l&#8217;enfoncement.<\/p>\n<p>Apr\u00e8s avoir altern\u00e9 entre la manette Xbox 360 et cette nouvelle manette Amazon Fire TV, nous n&#8217;avons pas constat\u00e9 de diff\u00e9rence notable en termes de confort et de contr\u00f4le, \u00e0 une exception pr\u00e8s. La premi\u00e8re manette Amazon Fire TV que nous avons re\u00e7ue pr\u00e9sentait de s\u00e9rieux probl\u00e8mes de performances de la croix directionnelle\u00a0; les appuis dans toutes les directions \u00e9taient parfois perdus, les appuis vers la droite \u00e9tant les plus affect\u00e9s, pour une raison inconnue. Notre manette de remplacement n&#8217;avait pas ce probl\u00e8me, mais la pression sur le bouton vers le bas \u00e9tait un peu collante. C&#8217;est une croix directionnelle bien meilleure que celle de la plupart des manettes tierces du march\u00e9\u00a0; nous la consid\u00e9rons comme comparable \u00e0 la croix directionnelle bancale de la 360, mais les manettes PlayStation et la manette Xbox One la surpassent.<\/p>\n","protected":false},"excerpt":{"rendered":"<p>Comme une manette Xbox 360, et c&#8217;est tant mieux.<br \/>\nLa forme g\u00e9n\u00e9rale et le toucher de la manette de cette ann\u00e9e sont assez similaires \u00e0 ceux de l&#8217;ann\u00e9e derni\u00e8re, ce qui signifie qu&#8217;elle imite clairement une manette Xbox 360. En fait, elle le fait encore plus cette ann\u00e9e, et vos mains s&#8217;en r\u00e9jouiront.<\/p>\n<p>Les poign\u00e9es sont plus effil\u00e9es cette fois-ci, ce qui signifie qu&#8217;elles s&#8217;adaptent beaucoup mieux aux mains, petites comme grandes, que l&#8217;ann\u00e9e derni\u00e8re. La tension des joysticks a \u00e9t\u00e9 augment\u00e9e\u00a0; la croix directionnelle repose sur un rebord l\u00e9g\u00e8rement sur\u00e9lev\u00e9\u00a0; et les boutons de protection et de g\u00e2chette sont plus grands et plus larges, offrant une action plus satisfaisante \u00e0 l&#8217;enfoncement.<\/p>\n<p>Apr\u00e8s avoir altern\u00e9 entre la manette Xbox 360 et cette nouvelle manette Amazon Fire TV, nous n&#8217;avons pas constat\u00e9 de diff\u00e9rence notable en termes de confort et de contr\u00f4le, \u00e0 une exception pr\u00e8s. La premi\u00e8re manette Amazon Fire TV que nous avons re\u00e7ue pr\u00e9sentait de s\u00e9rieux probl\u00e8mes de performances de la croix directionnelle\u00a0; les appuis dans toutes les directions \u00e9taient parfois perdus, les appuis vers la droite \u00e9tant les plus affect\u00e9s, pour une raison inconnue. Notre manette de remplacement n&#8217;avait pas ce probl\u00e8me, mais la pression sur le bouton vers le bas \u00e9tait un peu collante. C&#8217;est une croix directionnelle bien meilleure que celle de la plupart des manettes tierces du march\u00e9\u00a0; nous la consid\u00e9rons comme comparable \u00e0 la croix directionnelle bancale de la 360, mais les manettes PlayStation et la manette Xbox One la surpassent.<\/p>\n","protected":false},"featured_media":34093,"comment_status":"open","ping_status":"closed","template":"","meta":{"iawp_total_views":12},"product_brand":[],"product_cat":[46],"product_tag":[],"class_list":{"0":"post-34944","1":"product","2":"type-product","3":"status-publish","4":"has-post-thumbnail","6":"product_cat-renewed-fr","8":"first","9":"instock","10":"taxable","11":"shipping-taxable","12":"purchasable","13":"product-type-simple"},"jetpack_sharing_enabled":true,"_links":{"self":[{"href":"https:\/\/www.momengames.com\/index.php\/wp-json\/wp\/v2\/product\/34944","targetHints":{"allow":["GET"]}}],"collection":[{"href":"https:\/\/www.momengames.com\/index.php\/wp-json\/wp\/v2\/product"}],"about":[{"href":"https:\/\/www.momengames.com\/index.php\/wp-json\/wp\/v2\/types\/product"}],"replies":[{"embeddable":true,"href":"https:\/\/www.momengames.com\/index.php\/wp-json\/wp\/v2\/comments?post=34944"}],"wp:featuredmedia":[{"embeddable":true,"href":"https:\/\/www.momengames.com\/index.php\/wp-json\/wp\/v2\/media\/34093"}],"wp:attachment":[{"href":"https:\/\/www.momengames.com\/index.php\/wp-json\/wp\/v2\/media?parent=34944"}],"wp:term":[{"taxonomy":"product_brand","embeddable":true,"href":"https:\/\/www.momengames.com\/index.php\/wp-json\/wp\/v2\/product_brand?post=34944"},{"taxonomy":"product_cat","embeddable":true,"href":"https:\/\/www.momengames.com\/index.php\/wp-json\/wp\/v2\/product_cat?post=34944"},{"taxonomy":"product_tag","embeddable":true,"href":"https:\/\/www.momengames.com\/index.php\/wp-json\/wp\/v2\/product_tag?post=34944"}],"curies":[{"name":"wp","href":"https:\/\/api.w.org\/{rel}","templated":true}]}}