{"id":34936,"date":"2025-07-25T11:35:17","date_gmt":"2025-07-25T11:35:17","guid":{"rendered":"https:\/\/www.momengames.com\/index.php\/product\/souris-apple-magic-mouse-2-sans-fil-rechargeable-reconditionnee-gris-sideral\/"},"modified":"2025-07-25T11:35:17","modified_gmt":"2025-07-25T11:35:17","slug":"souris-apple-magic-mouse-2-sans-fil-rechargeable-reconditionnee-gris-sideral","status":"publish","type":"product","link":"https:\/\/www.momengames.com\/index.php\/product\/souris-apple-magic-mouse-2-sans-fil-rechargeable-reconditionnee-gris-sideral\/?lang=fr","title":{"rendered":"Souris Apple Magic Mouse 2 sans fil rechargeable (reconditionn\u00e9e) &#8211; Gris sid\u00e9ral"},"content":{"rendered":"<p>La Magic Mouse 2 est enti\u00e8rement rechargeable, vous \u00e9vitant ainsi l&#8217;utilisation de piles traditionnelles.<br \/>\nPlus l\u00e9g\u00e8re, elle comporte moins de pi\u00e8ces mobiles gr\u00e2ce \u00e0 sa batterie int\u00e9gr\u00e9e et \u00e0 sa coque inf\u00e9rieure continue, et son pied est optimis\u00e9\u00a0: tout cela facilite son suivi et lui permet de se d\u00e9placer avec moins de r\u00e9sistance sur votre bureau.<br \/>\nSa surface tactile multipoint vous permet d&#8217;effectuer des gestes simples comme naviguer entre les pages web et faire d\u00e9filer des documents.<br \/>\nPort Lightning.<\/p>\n","protected":false},"excerpt":{"rendered":"<p>La Magic Mouse 2 est enti\u00e8rement rechargeable, vous \u00e9vitant ainsi l&#8217;utilisation de piles traditionnelles.<br \/>\nPlus l\u00e9g\u00e8re, elle comporte moins de pi\u00e8ces mobiles gr\u00e2ce \u00e0 sa batterie int\u00e9gr\u00e9e et \u00e0 sa coque inf\u00e9rieure continue, et son pied est optimis\u00e9\u00a0: tout cela facilite son suivi et lui permet de se d\u00e9placer avec moins de r\u00e9sistance sur votre bureau.<br \/>\nSa surface tactile multipoint vous permet d&#8217;effectuer des gestes simples comme naviguer entre les pages web et faire d\u00e9filer des documents.<br \/>\nPort Lightning.<\/p>\n","protected":false},"featured_media":34051,"comment_status":"open","ping_status":"closed","template":"","meta":{"iawp_total_views":42},"product_brand":[],"product_cat":[46],"product_tag":[],"class_list":{"0":"post-34936","1":"product","2":"type-product","3":"status-publish","4":"has-post-thumbnail","6":"product_cat-renewed-fr","8":"first","9":"instock","10":"sale","11":"taxable","12":"shipping-taxable","13":"purchasable","14":"product-type-simple"},"jetpack_sharing_enabled":true,"_links":{"self":[{"href":"https:\/\/www.momengames.com\/index.php\/wp-json\/wp\/v2\/product\/34936","targetHints":{"allow":["GET"]}}],"collection":[{"href":"https:\/\/www.momengames.com\/index.php\/wp-json\/wp\/v2\/product"}],"about":[{"href":"https:\/\/www.momengames.com\/index.php\/wp-json\/wp\/v2\/types\/product"}],"replies":[{"embeddable":true,"href":"https:\/\/www.momengames.com\/index.php\/wp-json\/wp\/v2\/comments?post=34936"}],"wp:featuredmedia":[{"embeddable":true,"href":"https:\/\/www.momengames.com\/index.php\/wp-json\/wp\/v2\/media\/34051"}],"wp:attachment":[{"href":"https:\/\/www.momengames.com\/index.php\/wp-json\/wp\/v2\/media?parent=34936"}],"wp:term":[{"taxonomy":"product_brand","embeddable":true,"href":"https:\/\/www.momengames.com\/index.php\/wp-json\/wp\/v2\/product_brand?post=34936"},{"taxonomy":"product_cat","embeddable":true,"href":"https:\/\/www.momengames.com\/index.php\/wp-json\/wp\/v2\/product_cat?post=34936"},{"taxonomy":"product_tag","embeddable":true,"href":"https:\/\/www.momengames.com\/index.php\/wp-json\/wp\/v2\/product_tag?post=34936"}],"curies":[{"name":"wp","href":"https:\/\/api.w.org\/{rel}","templated":true}]}}