{"id":34931,"date":"2025-05-21T13:57:02","date_gmt":"2025-05-21T13:57:02","guid":{"rendered":"https:\/\/www.momengames.com\/index.php\/product\/ecouteurs-sans-fil-apple-airpods-4-reconditionnes-casque-bluetooth-audio-spatial-personnalise-resistant-a-la-transpiration-et-a-leau-boitier-de-chargement-usb-c-puce-h2-jusqua-30-heures-dauto\/"},"modified":"2025-05-21T13:57:02","modified_gmt":"2025-05-21T13:57:02","slug":"ecouteurs-sans-fil-apple-airpods-4-reconditionnes-casque-bluetooth-audio-spatial-personnalise-resistant-a-la-transpiration-et-a-leau-boitier-de-chargement-usb-c-puce-h2-jusqua-30-heures-dauto","status":"publish","type":"product","link":"https:\/\/www.momengames.com\/index.php\/product\/ecouteurs-sans-fil-apple-airpods-4-reconditionnes-casque-bluetooth-audio-spatial-personnalise-resistant-a-la-transpiration-et-a-leau-boitier-de-chargement-usb-c-puce-h2-jusqua-30-heures-dauto\/?lang=fr","title":{"rendered":"\u00c9couteurs sans fil Apple AirPods 4 reconditionn\u00e9s, casque Bluetooth, audio spatial personnalis\u00e9, r\u00e9sistant \u00e0 la transpiration et \u00e0 l&#8217;eau, bo\u00eetier de chargement USB-C, puce H2, jusqu&#8217;\u00e0 30 heures d&#8217;autonomie, configuration facile pour iPhone"},"content":{"rendered":"<div id=\"btfContent1_feature_div\" class=\"celwidget\" data-feature-name=\"btfContent1\" data-csa-c-type=\"widget\" data-csa-c-content-id=\"btfContent1\" data-csa-c-slot-id=\"btfContent1_feature_div\" data-csa-c-asin=\"\" data-csa-c-is-in-initial-active-row=\"false\" data-csa-c-id=\"hepxj4-ix7k4z-jkjj47-lfmmxt\" data-cel-widget=\"btfContent1_feature_div\">\n<div id=\"\" class=\"content-grid-wrapper mako-v2\">\n<div id=\"5Q38P0NJ\" class=\"content-grid-row-wrapper \" data-lazy-loading-background-image=\"\">\n<div class=\"a-row\">\n<div class=\"content-grid-col-wrapper override-column-spacing\">\n<div class=\"a-column a-span12 block-content block-type-image textalign-center\">\n<div class=\"content-grid-block\"><img decoding=\"async\" class=\"\" src=\"https:\/\/m.media-amazon.com\/images\/G\/01\/appcore\/beats\/AirPods_4_Product_Page_L__en-US_01._CB565045701_.jpg\" alt=\"Beats Studio3 Headphones\" data-a-hires=\"https:\/\/m.media-amazon.com\/images\/G\/01\/appcore\/beats\/AirPods_4_Product_Page_L__en-US_01._CB565045701_.jpg\" \/><\/div>\n<\/div>\n<\/div>\n<\/div>\n<\/div>\n<\/div>\n<\/div>\n<div id=\"btfContent2_feature_div\" class=\"celwidget\" data-feature-name=\"btfContent2\" data-csa-c-type=\"widget\" data-csa-c-content-id=\"btfContent2\" data-csa-c-slot-id=\"btfContent2_feature_div\" data-csa-c-asin=\"\" data-csa-c-is-in-initial-active-row=\"false\" data-csa-c-id=\"dgh30p-94oj7r-rub76h-lzznrr\" data-cel-widget=\"btfContent2_feature_div\">\n<div id=\"\" class=\"content-grid-wrapper mako-v2\">\n<div id=\"5Q38P0NJ\" class=\"content-grid-row-wrapper \" data-lazy-loading-background-image=\"\">\n<div class=\"a-row\">\n<div class=\"content-grid-col-wrapper override-column-spacing\">\n<div class=\"a-column a-span12 block-content block-type-image textalign-center\">\n<div class=\"content-grid-block\"><img decoding=\"async\" class=\"\" src=\"https:\/\/m.media-amazon.com\/images\/G\/01\/appcore\/beats\/AirPods_4_Product_Page_L__en-US_02._CB565045701_.jpg\" alt=\"Beats Studio3 Headphones\" data-a-hires=\"https:\/\/m.media-amazon.com\/images\/G\/01\/appcore\/beats\/AirPods_4_Product_Page_L__en-US_02._CB565045701_.jpg\" \/><\/div>\n<\/div>\n<\/div>\n<\/div>\n<\/div>\n<\/div>\n<\/div>\n<div id=\"btfContent3_feature_div\" class=\"celwidget\" data-feature-name=\"btfContent3\" data-csa-c-type=\"widget\" data-csa-c-content-id=\"btfContent3\" data-csa-c-slot-id=\"btfContent3_feature_div\" data-csa-c-asin=\"\" data-csa-c-is-in-initial-active-row=\"false\" data-csa-c-id=\"ootgyf-w0t3uz-31jbgf-xyf409\" data-cel-widget=\"btfContent3_feature_div\">\n<div id=\"\" class=\"content-grid-wrapper mako-v2\">\n<div id=\"5Q38P0NJ\" class=\"content-grid-row-wrapper \" data-lazy-loading-background-image=\"\">\n<div class=\"a-row\">\n<div class=\"content-grid-col-wrapper override-column-spacing\">\n<div class=\"a-column a-span12 block-content block-type-image textalign-center\">\n<div class=\"content-grid-block\"><img decoding=\"async\" class=\"\" src=\"https:\/\/m.media-amazon.com\/images\/G\/01\/appcore\/beats\/AirPods_4_Product_Page_L__en-US_03._CB565045701_.jpg\" alt=\"Beats Studio3 Headphones\" data-a-hires=\"https:\/\/m.media-amazon.com\/images\/G\/01\/appcore\/beats\/AirPods_4_Product_Page_L__en-US_03._CB565045701_.jpg\" \/><\/div>\n<\/div>\n<\/div>\n<\/div>\n<\/div>\n<\/div>\n<\/div>\n<div id=\"btfContent4_feature_div\" class=\"celwidget\" data-feature-name=\"btfContent4\" data-csa-c-type=\"widget\" data-csa-c-content-id=\"btfContent4\" data-csa-c-slot-id=\"btfContent4_feature_div\" data-csa-c-asin=\"\" data-csa-c-is-in-initial-active-row=\"false\" data-csa-c-id=\"3obhtp-pz0l7b-scwy24-9ny7ym\" data-cel-widget=\"btfContent4_feature_div\">\n<div id=\"\" class=\"content-grid-wrapper mako-v2\">\n<div id=\"5Q38P0NJ\" class=\"content-grid-row-wrapper \" data-lazy-loading-background-image=\"\">\n<div class=\"a-row\">\n<div class=\"content-grid-col-wrapper override-column-spacing\">\n<div class=\"a-column a-span12 block-content block-type-image textalign-center\">\n<div class=\"content-grid-block\"><img decoding=\"async\" class=\"\" src=\"https:\/\/m.media-amazon.com\/images\/G\/01\/appcore\/beats\/AirPods_4_Product_Page_L__en-US_04._CB565045701_.jpg\" alt=\"Beats Studio3 Headphones\" data-a-hires=\"https:\/\/m.media-amazon.com\/images\/G\/01\/appcore\/beats\/AirPods_4_Product_Page_L__en-US_04._CB565045701_.jpg\" \/><\/div>\n<\/div>\n<\/div>\n<\/div>\n<\/div>\n<\/div>\n<\/div>\n<div id=\"btfContent5_feature_div\" class=\"celwidget\" data-feature-name=\"btfContent5\" data-csa-c-type=\"widget\" data-csa-c-content-id=\"btfContent5\" data-csa-c-slot-id=\"btfContent5_feature_div\" data-csa-c-asin=\"\" data-csa-c-is-in-initial-active-row=\"false\" data-csa-c-id=\"wj2d25-peqivu-ihwb13-1thrr6\" data-cel-widget=\"btfContent5_feature_div\">\n<div id=\"\" class=\"content-grid-wrapper mako-v2\">\n<div id=\"5Q38P0NJ\" class=\"content-grid-row-wrapper \" data-lazy-loading-background-image=\"\">\n<div class=\"a-row\">\n<div class=\"content-grid-col-wrapper override-column-spacing\">\n<div class=\"a-column a-span12 block-content block-type-image textalign-center\">\n<div class=\"content-grid-block\"><img decoding=\"async\" class=\"\" src=\"https:\/\/m.media-amazon.com\/images\/G\/01\/appcore\/beats\/AirPods_4_Product_Page_L__en-US_05._CB565045701_.jpg\" alt=\"Beats Studio3 Headphones\" data-a-hires=\"https:\/\/m.media-amazon.com\/images\/G\/01\/appcore\/beats\/AirPods_4_Product_Page_L__en-US_05._CB565045701_.jpg\" \/><\/div>\n<\/div>\n<\/div>\n<\/div>\n<\/div>\n<\/div>\n<\/div>\n<div id=\"btfSubNavDesktopCopy\" class=\"celwidget\" data-feature-name=\"btfSubNavDesktop\" data-csa-c-type=\"widget\" data-csa-c-content-id=\"btfSubNavDesktop\" data-csa-c-slot-id=\"btfSubNavDesktop_feature_div\" data-csa-c-asin=\"\" data-csa-c-is-in-initial-active-row=\"false\" data-csa-c-id=\"dc8atk-h6zw4z-34d631-fhy41u\" data-cel-widget=\"btfSubNavDesktop_feature_div\">\n<div class=\"a-row a-size-base btf-sub-nav-desktop-wrapper\" role=\"navigation\">\n<nav class=\"btf-sub-nav-desktop-tabs\" aria-label=\"Navigate within the product detail page\">\n<div class=\"top-tab-content\">\n<div><\/div>\n<div><span class=\"a-size-base\">Top<\/span><\/div>\n<\/div>\n<div class=\"tab-content\">About this item<\/div>\n<div class=\"tab-content\">Product information<\/div>\n<div class=\"tab-content\">Questions<\/div>\n<div class=\"tab-content\">Reviews<\/div>\n<\/nav>\n<\/div>\n<\/div>\n<div id=\"btfContent6_feature_div\" class=\"celwidget\" data-feature-name=\"btfContent6\" data-csa-c-type=\"widget\" data-csa-c-content-id=\"btfContent6\" data-csa-c-slot-id=\"btfContent6_feature_div\" data-csa-c-asin=\"\" data-csa-c-is-in-initial-active-row=\"false\" data-csa-c-id=\"7uo2mn-13d5u7-p6k584-qeuad1\" data-cel-widget=\"btfContent6_feature_div\">\n<div id=\"\" class=\"content-grid-wrapper mako-v2\">\n<div id=\"5Q38P0NJ\" class=\"content-grid-row-wrapper \" data-lazy-loading-background-image=\"\">\n<div class=\"a-row\">\n<div class=\"content-grid-col-wrapper override-column-spacing\">\n<div class=\"a-column a-span12 block-content block-type-image textalign-center\">\n<div class=\"content-grid-block\"><img decoding=\"async\" class=\"\" src=\"https:\/\/m.media-amazon.com\/images\/G\/01\/appcore\/beats\/AirPods_4_Product_Page_L__en-US_06._CB565045701_.jpg\" alt=\"Beats Studio3 Headphones\" data-a-hires=\"https:\/\/m.media-amazon.com\/images\/G\/01\/appcore\/beats\/AirPods_4_Product_Page_L__en-US_06._CB565045701_.jpg\" \/><\/div>\n<\/div>\n<\/div>\n<\/div>\n<\/div>\n<\/div>\n<\/div>\n<div id=\"btfContent7_feature_div\" class=\"celwidget\" data-feature-name=\"btfContent7\" data-csa-c-type=\"widget\" data-csa-c-content-id=\"btfContent7\" data-csa-c-slot-id=\"btfContent7_feature_div\" data-csa-c-asin=\"\" data-csa-c-is-in-initial-active-row=\"false\" data-csa-c-id=\"wfs4yn-vo8rsj-xbuk8z-5cfyrw\" data-cel-widget=\"btfContent7_feature_div\">\n<div id=\"\" class=\"content-grid-wrapper mako-v2\">\n<div id=\"5Q38P0NJ\" class=\"content-grid-row-wrapper \" data-lazy-loading-background-image=\"\">\n<div class=\"a-row\">\n<div class=\"content-grid-col-wrapper override-column-spacing\">\n<div class=\"a-column a-span12 block-content block-type-image textalign-center\">\n<div class=\"content-grid-block\"><img decoding=\"async\" class=\"\" src=\"https:\/\/m.media-amazon.com\/images\/G\/01\/appcore\/beats\/AirPods_4_Product_Page_L__en-US_07._CB565045701_.jpg\" alt=\"Beats Studio3 Headphones\" data-a-hires=\"https:\/\/m.media-amazon.com\/images\/G\/01\/appcore\/beats\/AirPods_4_Product_Page_L__en-US_07._CB565045701_.jpg\" \/><\/div>\n<\/div>\n<\/div>\n<\/div>\n<\/div>\n<\/div>\n<\/div>\n<div id=\"btfContent8_feature_div\" class=\"celwidget\" data-feature-name=\"btfContent8\" data-csa-c-type=\"widget\" data-csa-c-content-id=\"btfContent8\" data-csa-c-slot-id=\"btfContent8_feature_div\" data-csa-c-asin=\"\" data-csa-c-is-in-initial-active-row=\"false\" data-csa-c-id=\"t6uuik-vpppf3-xfcawp-cat83y\" data-cel-widget=\"btfContent8_feature_div\">\n<div id=\"\" class=\"content-grid-wrapper mako-v2\">\n<div id=\"5Q38P0NJ\" class=\"content-grid-row-wrapper \" data-lazy-loading-background-image=\"\">\n<div class=\"a-row\">\n<div class=\"content-grid-col-wrapper override-column-spacing\">\n<div class=\"a-column a-span12 block-content block-type-image textalign-center\">\n<div class=\"content-grid-block\"><img decoding=\"async\" class=\"\" src=\"https:\/\/m.media-amazon.com\/images\/G\/01\/appcore\/beats\/AirPods_4_Product_Page_L__en-US_08._CB565045701_.jpg\" alt=\"Beats Studio3 Headphones\" data-a-hires=\"https:\/\/m.media-amazon.com\/images\/G\/01\/appcore\/beats\/AirPods_4_Product_Page_L__en-US_08._CB565045701_.jpg\" \/><\/div>\n<\/div>\n<\/div>\n<\/div>\n<\/div>\n<\/div>\n<\/div>\n<div id=\"btfContent9_feature_div\" class=\"celwidget\" data-feature-name=\"btfContent9\" data-csa-c-type=\"widget\" data-csa-c-content-id=\"btfContent9\" data-csa-c-slot-id=\"btfContent9_feature_div\" data-csa-c-asin=\"\" data-csa-c-is-in-initial-active-row=\"false\" data-csa-c-id=\"194wo0-rpg9sn-tne2ui-5p5mfb\" data-cel-widget=\"btfContent9_feature_div\">\n<div id=\"\" class=\"content-grid-wrapper mako-v2\">\n<div id=\"5Q38P0NJ\" class=\"content-grid-row-wrapper \" data-lazy-loading-background-image=\"\">\n<div class=\"a-row\">\n<div class=\"content-grid-col-wrapper override-column-spacing\">\n<div class=\"a-column a-span12 block-content block-type-image textalign-center\">\n<div class=\"content-grid-block\"><img decoding=\"async\" class=\"\" src=\"https:\/\/m.media-amazon.com\/images\/G\/01\/appcore\/beats\/AirPods_4_Product_Page_L__en-US_09._CB565045701_.jpg\" alt=\"Beats Studio3 Headphones\" data-a-hires=\"https:\/\/m.media-amazon.com\/images\/G\/01\/appcore\/beats\/AirPods_4_Product_Page_L__en-US_09._CB565045701_.jpg\" \/><\/div>\n<\/div>\n<\/div>\n<\/div>\n<\/div>\n<\/div>\n<\/div>\n<div id=\"btfContent10_feature_div\" class=\"celwidget\" data-feature-name=\"btfContent10\" data-csa-c-type=\"widget\" data-csa-c-content-id=\"btfContent10\" data-csa-c-slot-id=\"btfContent10_feature_div\" data-csa-c-asin=\"\" data-csa-c-is-in-initial-active-row=\"false\" data-csa-c-id=\"vh9xb7-op2mpl-klm24b-6mjksp\" data-cel-widget=\"btfContent10_feature_div\"><\/div>\n<div id=\"btfContent15_feature_div\" class=\"celwidget\" data-feature-name=\"btfContent15\" data-csa-c-type=\"widget\" data-csa-c-content-id=\"btfContent15\" data-csa-c-slot-id=\"btfContent15_feature_div\" data-csa-c-asin=\"\" data-csa-c-is-in-initial-active-row=\"false\" data-csa-c-id=\"14l9es-nri1l7-7bdok9-qih2am\" data-cel-widget=\"btfContent15_feature_div\">\n<div id=\"compare\" class=\"ucc-v2-widget\">\n<div class=\"ucc-v2-widget__title\"><\/div>\n<\/div>\n<\/div>\n","protected":false},"excerpt":{"rendered":"<p>CONFORT RECON\u00c7U \u2014 Les AirPods 4 ont \u00e9t\u00e9 repens\u00e9s pour un confort exceptionnel tout au long de la journ\u00e9e et une stabilit\u00e9 accrue. Leurs contours sont affin\u00e9s, leur tige plus courte et leurs commandes rapides pour la musique ou les appels.<br \/>\nAUDIO SPATIAL PERSONNALIS\u00c9 \u2014 L&#8217;audio spatial personnalis\u00e9 avec suivi dynamique de la t\u00eate diffuse le son autour de vous, cr\u00e9ant une exp\u00e9rience d&#8217;\u00e9coute digne d&#8217;une salle de cin\u00e9ma pour la musique, les s\u00e9ries TV, les films, les jeux et bien plus encore.*<br \/>\nQUALIT\u00c9 SONORE ET D&#8217;APPEL AM\u00c9LIOR\u00c9E \u2014 Les AirPods 4 sont \u00e9quip\u00e9s de la puce H2 con\u00e7ue par Apple. L&#8217;isolation vocale am\u00e9liore la qualit\u00e9 des appels dans des conditions sonores bruyantes. Gr\u00e2ce \u00e0 l&#8217;audio computationnel avanc\u00e9, il r\u00e9duit les bruits de fond tout en isolant et en clarifiant le son de votre voix pour votre interlocuteur.*<br \/>\nEXP\u00c9RIENCE MAGIQUE \u2014 Dites simplement \u00ab\u00a0Siri\u00a0\u00bb ou \u00ab\u00a0Dis Siri\u00a0\u00bb pour \u00e9couter un morceau, passer un appel ou consulter votre agenda.* Et gr\u00e2ce aux interactions Siri, r\u00e9pondez \u00e0 Siri d&#8217;un simple hochement de t\u00eate pour dire oui ou non.* Associez vos AirPods 4 en les approchant simplement de votre appareil et en appuyant sur \u00ab\u00a0Connecter\u00a0\u00bb sur votre \u00e9cran.* Partagez facilement un morceau ou une \u00e9mission entre deux paires d&#8217;AirPods.* Un capteur intra-auriculaire optique d\u00e9tecte la lecture audio uniquement lorsque vous portez des AirPods et la met en pause lorsque vous les retirez. Et vous pouvez retrouver vos AirPods et leur bo\u00eetier de charge gr\u00e2ce \u00e0 l&#8217;application Localiser.*<br \/>\nLONGUE AUTONOMIE DE LA BATTERIE \u2014 Jusqu&#8217;\u00e0 5 heures d&#8217;\u00e9coute sur une seule charge. Et profitez de jusqu&#8217;\u00e0 30 heures d&#8217;\u00e9coute gr\u00e2ce \u00e0 l&#8217;\u00e9tui.*<br \/>\nBO\u00ceTIER RECON\u00c7U \u2014 L&#8217;\u00e9tui de charge est compatible avec la charge USB-C et est plus de 10 % plus compact que la g\u00e9n\u00e9ration pr\u00e9c\u00e9dente.*<br \/>\nR\u00c9SISTANT \u00c0 LA POUSSI\u00c8RE, \u00c0 LA TRANSPIRATION ET \u00c0 L&#8217;EAU \u2014 Les AirPods 4 et l&#8217;\u00e9tui de charge sont certifi\u00e9s IP54 pour leur r\u00e9sistance \u00e0 la poussi\u00e8re, \u00e0 la transpiration et \u00e0 l&#8217;eau, ce qui leur permet de r\u00e9sister \u00e0 la pluie et aux entra\u00eenements intensifs.*<\/p>\n","protected":false},"featured_media":33032,"comment_status":"open","ping_status":"closed","template":"","meta":{"iawp_total_views":330},"product_brand":[],"product_cat":[46],"product_tag":[],"class_list":{"0":"post-34931","1":"product","2":"type-product","3":"status-publish","4":"has-post-thumbnail","6":"product_cat-renewed-fr","8":"first","9":"instock","10":"sale","11":"taxable","12":"shipping-taxable","13":"purchasable","14":"product-type-simple"},"jetpack_sharing_enabled":true,"_links":{"self":[{"href":"https:\/\/www.momengames.com\/index.php\/wp-json\/wp\/v2\/product\/34931","targetHints":{"allow":["GET"]}}],"collection":[{"href":"https:\/\/www.momengames.com\/index.php\/wp-json\/wp\/v2\/product"}],"about":[{"href":"https:\/\/www.momengames.com\/index.php\/wp-json\/wp\/v2\/types\/product"}],"replies":[{"embeddable":true,"href":"https:\/\/www.momengames.com\/index.php\/wp-json\/wp\/v2\/comments?post=34931"}],"wp:featuredmedia":[{"embeddable":true,"href":"https:\/\/www.momengames.com\/index.php\/wp-json\/wp\/v2\/media\/33032"}],"wp:attachment":[{"href":"https:\/\/www.momengames.com\/index.php\/wp-json\/wp\/v2\/media?parent=34931"}],"wp:term":[{"taxonomy":"product_brand","embeddable":true,"href":"https:\/\/www.momengames.com\/index.php\/wp-json\/wp\/v2\/product_brand?post=34931"},{"taxonomy":"product_cat","embeddable":true,"href":"https:\/\/www.momengames.com\/index.php\/wp-json\/wp\/v2\/product_cat?post=34931"},{"taxonomy":"product_tag","embeddable":true,"href":"https:\/\/www.momengames.com\/index.php\/wp-json\/wp\/v2\/product_tag?post=34931"}],"curies":[{"name":"wp","href":"https:\/\/api.w.org\/{rel}","templated":true}]}}