{"id":34929,"date":"2025-05-21T13:44:24","date_gmt":"2025-05-21T13:44:24","guid":{"rendered":"https:\/\/www.momengames.com\/index.php\/product\/ecouteurs-sans-fil-apple-airpods-pro-2-reconditionnes-reduction-active-du-bruit-fonction-daide-auditive-casque-bluetooth-transparence-audio-spatial-personnalise-son-haute-fidelite-puce-h2-cha\/"},"modified":"2025-05-21T13:44:24","modified_gmt":"2025-05-21T13:44:24","slug":"ecouteurs-sans-fil-apple-airpods-pro-2-reconditionnes-reduction-active-du-bruit-fonction-daide-auditive-casque-bluetooth-transparence-audio-spatial-personnalise-son-haute-fidelite-puce-h2-cha","status":"publish","type":"product","link":"https:\/\/www.momengames.com\/index.php\/product\/ecouteurs-sans-fil-apple-airpods-pro-2-reconditionnes-reduction-active-du-bruit-fonction-daide-auditive-casque-bluetooth-transparence-audio-spatial-personnalise-son-haute-fidelite-puce-h2-cha\/?lang=fr","title":{"rendered":"\u00c9couteurs sans fil Apple AirPods Pro 2 reconditionn\u00e9s, r\u00e9duction active du bruit, fonction d&#8217;aide auditive, casque Bluetooth, transparence, audio spatial personnalis\u00e9, son haute fid\u00e9lit\u00e9, puce H2, chargement USB-C"},"content":{"rendered":"<div id=\"btfContent12_feature_div\" class=\"celwidget\" data-feature-name=\"btfContent12\" data-csa-c-type=\"widget\" data-csa-c-content-id=\"btfContent12\" data-csa-c-slot-id=\"btfContent12_feature_div\" data-csa-c-asin=\"\" data-csa-c-is-in-initial-active-row=\"false\" data-csa-c-id=\"4d5e3m-kjthiu-6s5npi-i6rjmv\" data-cel-widget=\"btfContent12_feature_div\">\n<div id=\"\" class=\"content-grid-wrapper mako-v2\">\n<div id=\"5Q38P0NJ\" class=\"content-grid-row-wrapper \" data-lazy-loading-background-image=\"\">\n<div class=\"a-row\">\n<div class=\"content-grid-col-wrapper override-column-spacing\">\n<div class=\"a-column a-span12 block-content block-type-image textalign-center\">\n<div class=\"content-grid-block\"><img decoding=\"async\" class=\"\" src=\"https:\/\/m.media-amazon.com\/images\/G\/01\/appcore\/beats\/AirPods_Pro_2_Product_Page_L__en-US_01._CB565046087_.jpg\" alt=\"Beats Studio3 Headphones\" data-a-hires=\"https:\/\/m.media-amazon.com\/images\/G\/01\/appcore\/beats\/AirPods_Pro_2_Product_Page_L__en-US_01._CB565046087_.jpg\" \/><\/div>\n<\/div>\n<\/div>\n<\/div>\n<\/div>\n<div id=\"5Q38P0NJ\" class=\"content-grid-row-wrapper \" data-lazy-loading-background-image=\"\">\n<div class=\"a-row\">\n<div class=\"content-grid-col-wrapper override-column-spacing\">\n<div class=\"a-column a-span12 block-content block-type-image textalign-center\">\n<div class=\"content-grid-block\"><img decoding=\"async\" class=\"\" src=\"https:\/\/m.media-amazon.com\/images\/G\/01\/appcore\/beats\/AirPods_Pro_2_Product_Page_L__en-US_02._CB565046087_.jpg\" alt=\"Beats Studio3 Headphones\" data-a-hires=\"https:\/\/m.media-amazon.com\/images\/G\/01\/appcore\/beats\/AirPods_Pro_2_Product_Page_L__en-US_02._CB565046087_.jpg\" \/><\/div>\n<\/div>\n<\/div>\n<\/div>\n<\/div>\n<div id=\"5Q38P0NJ\" class=\"content-grid-row-wrapper \" data-lazy-loading-background-image=\"\">\n<div class=\"a-row\">\n<div class=\"content-grid-col-wrapper override-column-spacing\">\n<div class=\"a-column a-span12 block-content block-type-image textalign-center\">\n<div class=\"content-grid-block\"><img decoding=\"async\" class=\"\" src=\"https:\/\/m.media-amazon.com\/images\/G\/01\/appcore\/beats\/AirPods_Pro_2_Product_Page_L__en-US_03._CB565046087_.jpg\" alt=\"Beats Studio3 Headphones\" data-a-hires=\"https:\/\/m.media-amazon.com\/images\/G\/01\/appcore\/beats\/AirPods_Pro_2_Product_Page_L__en-US_03._CB565046087_.jpg\" \/><\/div>\n<\/div>\n<\/div>\n<\/div>\n<\/div>\n<div id=\"5Q38P0NJ\" class=\"content-grid-row-wrapper \" data-lazy-loading-background-image=\"\">\n<div class=\"a-row\">\n<div class=\"content-grid-col-wrapper override-column-spacing\">\n<div class=\"a-column a-span12 block-content block-type-image textalign-center\">\n<div class=\"content-grid-block\"><img decoding=\"async\" class=\"\" src=\"https:\/\/m.media-amazon.com\/images\/G\/01\/appcore\/beats\/AirPods_Pro_2_Product_Page_L__en-US_04._CB565046087_.jpg\" alt=\"Beats Studio3 Headphones\" data-a-hires=\"https:\/\/m.media-amazon.com\/images\/G\/01\/appcore\/beats\/AirPods_Pro_2_Product_Page_L__en-US_04._CB565046087_.jpg\" \/><\/div>\n<\/div>\n<\/div>\n<\/div>\n<\/div>\n<div id=\"5Q38P0NJ\" class=\"content-grid-row-wrapper \" data-lazy-loading-background-image=\"\">\n<div class=\"a-row\">\n<div class=\"content-grid-col-wrapper override-column-spacing\">\n<div class=\"a-column a-span12 block-content block-type-image textalign-center\">\n<div class=\"content-grid-block\"><img decoding=\"async\" class=\"\" src=\"https:\/\/m.media-amazon.com\/images\/G\/01\/appcore\/beats\/AirPods_Pro_2_Product_Page_L__en-US_05._CB565046087_.jpg\" alt=\"Beats Studio3 Headphones\" data-a-hires=\"https:\/\/m.media-amazon.com\/images\/G\/01\/appcore\/beats\/AirPods_Pro_2_Product_Page_L__en-US_05._CB565046087_.jpg\" \/><\/div>\n<\/div>\n<\/div>\n<\/div>\n<\/div>\n<div id=\"5Q38P0NJ\" class=\"content-grid-row-wrapper \" data-lazy-loading-background-image=\"\">\n<div class=\"a-row\">\n<div class=\"content-grid-col-wrapper override-column-spacing\">\n<div class=\"a-column a-span12 block-content block-type-image textalign-center\">\n<div class=\"content-grid-block\"><img decoding=\"async\" class=\"\" src=\"https:\/\/m.media-amazon.com\/images\/G\/01\/appcore\/beats\/AirPods_Pro_2_Product_Page_L__en-US_06._CB565046087_.jpg\" alt=\"Beats Studio3 Headphones\" data-a-hires=\"https:\/\/m.media-amazon.com\/images\/G\/01\/appcore\/beats\/AirPods_Pro_2_Product_Page_L__en-US_06._CB565046087_.jpg\" \/><\/div>\n<\/div>\n<\/div>\n<\/div>\n<\/div>\n<div id=\"5Q38P0NJ\" class=\"content-grid-row-wrapper \" data-lazy-loading-background-image=\"\">\n<div class=\"a-row\">\n<div class=\"content-grid-col-wrapper override-column-spacing\">\n<div class=\"a-column a-span12 block-content block-type-image textalign-center\">\n<div class=\"content-grid-block\"><img decoding=\"async\" class=\"\" src=\"https:\/\/m.media-amazon.com\/images\/G\/01\/appcore\/beats\/AirPods_Pro_2_Product_Page_L__en-US_07._CB565046087_.jpg\" alt=\"Beats Studio3 Headphones\" data-a-hires=\"https:\/\/m.media-amazon.com\/images\/G\/01\/appcore\/beats\/AirPods_Pro_2_Product_Page_L__en-US_07._CB565046087_.jpg\" \/><\/div>\n<\/div>\n<\/div>\n<\/div>\n<\/div>\n<div id=\"5Q38P0NJ\" class=\"content-grid-row-wrapper \" data-lazy-loading-background-image=\"\">\n<div class=\"a-row\">\n<div class=\"content-grid-col-wrapper override-column-spacing\">\n<div class=\"a-column a-span12 block-content block-type-image textalign-center\">\n<div class=\"content-grid-block\"><img decoding=\"async\" class=\"\" src=\"https:\/\/m.media-amazon.com\/images\/G\/01\/appcore\/beats\/AirPods_Pro_2_Product_Page_L__en-US_08._CB565046087_.jpg\" alt=\"Beats Studio3 Headphones\" data-a-hires=\"https:\/\/m.media-amazon.com\/images\/G\/01\/appcore\/beats\/AirPods_Pro_2_Product_Page_L__en-US_08._CB565046087_.jpg\" \/><\/div>\n<\/div>\n<\/div>\n<\/div>\n<\/div>\n<div id=\"5Q38P0NJ\" class=\"content-grid-row-wrapper \" data-lazy-loading-background-image=\"\">\n<div class=\"a-row\">\n<div class=\"content-grid-col-wrapper override-column-spacing\">\n<div class=\"a-column a-span12 block-content block-type-image textalign-center\">\n<div class=\"content-grid-block\"><img decoding=\"async\" class=\"\" src=\"https:\/\/m.media-amazon.com\/images\/G\/01\/appcore\/beats\/AirPods_Pro_2_Product_Page_L__en-US_09._CB565046087_.jpg\" alt=\"Beats Studio3 Headphones\" data-a-hires=\"https:\/\/m.media-amazon.com\/images\/G\/01\/appcore\/beats\/AirPods_Pro_2_Product_Page_L__en-US_09._CB565046087_.jpg\" \/><\/div>\n<\/div>\n<\/div>\n<\/div>\n<\/div>\n<div id=\"5Q38P0NJ\" class=\"content-grid-row-wrapper \" data-lazy-loading-background-image=\"\">\n<div class=\"a-row\">\n<div class=\"content-grid-col-wrapper override-column-spacing\">\n<div class=\"a-column a-span12 block-content block-type-image textalign-center\">\n<div class=\"content-grid-block\"><img decoding=\"async\" class=\"\" src=\"https:\/\/m.media-amazon.com\/images\/G\/01\/img15\/brawner\/1500x40whitespace._CB463250746_.jpg\" alt=\"Beats Studio3 Headphones\" data-a-hires=\"https:\/\/m.media-amazon.com\/images\/G\/01\/img15\/brawner\/1500x40whitespace._CB463250746_.jpg\" \/><\/div>\n<\/div>\n<\/div>\n<\/div>\n<\/div>\n<\/div>\n<\/div>\n<div id=\"btfSubNavDesktopCopy\" class=\"celwidget\" data-feature-name=\"btfSubNavDesktop\" data-csa-c-type=\"widget\" data-csa-c-content-id=\"btfSubNavDesktop\" data-csa-c-slot-id=\"btfSubNavDesktop_feature_div\" data-csa-c-asin=\"\" data-csa-c-is-in-initial-active-row=\"false\" data-csa-c-id=\"rs12yu-eodh09-ez7gzv-4mcqn\" data-cel-widget=\"btfSubNavDesktopCopy\">\n<div class=\"a-row a-size-base btf-sub-nav-desktop-wrapper\" role=\"navigation\">\n<nav class=\"btf-sub-nav-desktop-tabs\" aria-label=\"Navigate within the product detail page\">\n<div class=\"top-tab-content\">\n<div><\/div>\n<\/div>\n<div class=\"tab-content\"><\/div>\n<\/nav>\n<\/div>\n<\/div>\n<div id=\"btfContent13_feature_div\" class=\"celwidget\" data-feature-name=\"btfContent13\" data-csa-c-type=\"widget\" data-csa-c-content-id=\"btfContent13\" data-csa-c-slot-id=\"btfContent13_feature_div\" data-csa-c-asin=\"\" data-csa-c-is-in-initial-active-row=\"false\" data-csa-c-id=\"p53wu2-hzo7k8-b0bd6u-wzh9zw\" data-cel-widget=\"btfContent13_feature_div\"><\/div>\n<div id=\"btfContent14_feature_div\" class=\"celwidget\" data-feature-name=\"btfContent14\" data-csa-c-type=\"widget\" data-csa-c-content-id=\"btfContent14\" data-csa-c-slot-id=\"btfContent14_feature_div\" data-csa-c-asin=\"\" data-csa-c-is-in-initial-active-row=\"false\" data-csa-c-id=\"3i1sna-16hp1h-vuc2r9-tav2v1\" data-cel-widget=\"btfContent14_feature_div\"><\/div>\n<div id=\"btfContent15_feature_div\" class=\"celwidget\" data-feature-name=\"btfContent15\" data-csa-c-type=\"widget\" data-csa-c-content-id=\"btfContent15\" data-csa-c-slot-id=\"btfContent15_feature_div\" data-csa-c-asin=\"\" data-csa-c-is-in-initial-active-row=\"false\" data-csa-c-id=\"3sw4b8-ai5mkd-beae4k-wkwl4k\" data-cel-widget=\"btfContent15_feature_div\">\n<div id=\"compare\" class=\"ucc-v2-widget\">\n<div class=\"ucc-v2-widget__title\"><\/div>\n<\/div>\n<\/div>\n","protected":false},"excerpt":{"rendered":"<p>AUDITION PIONNI\u00c8RE \u2014 Les AirPods Pro 2 offrent la premi\u00e8re exp\u00e9rience auditive tout-en-un au monde\u00a0: un test auditif valid\u00e9 scientifiquement*, une protection auditive active de qualit\u00e9 clinique*.<br \/>\nCONTR\u00d4LE INTELLIGENT DU BRUIT \u2014 La r\u00e9duction active du bruit \u00e9limine jusqu\u2019\u00e0 deux fois plus de bruit de fond*. Le mode Transparence vous permet d\u2019entendre le monde qui vous entoure, et l\u2019audio adaptatif combine harmonieusement la r\u00e9duction active du bruit et le mode Transparence pour une exp\u00e9rience d\u2019\u00e9coute optimale, quel que soit l\u2019environnement*. Et lorsque vous parlez \u00e0 quelqu\u2019un \u00e0 proximit\u00e9, la reconnaissance des conversations baisse automatiquement le volume de la musique diffus\u00e9e*.<br \/>\nSON ET QUALIT\u00c9 D\u2019APPEL AM\u00c9LIOR\u00c9S \u2014 La puce H2 con\u00e7ue par Apple contribue \u00e0 cr\u00e9er un son profond\u00e9ment immersif. Le transducteur sur mesure \u00e0 faible distorsion d\u00e9livre des aigus clairs et nets et des basses riches et profondes, avec une d\u00e9finition \u00e9poustouflante. L&#8217;isolation vocale am\u00e9liore la qualit\u00e9 des appels t\u00e9l\u00e9phoniques dans des conditions bruyantes.*<br \/>\nAJUSTEMENT PERSONNALISABLE \u2014 Comprend quatre paires d&#8217;embouts en silicone (XS, S, M, L) pour s&#8217;adapter \u00e0 une large gamme de formes d&#8217;oreilles et assurer un confort optimal tout au long de la journ\u00e9e. Les embouts cr\u00e9ent une isolation acoustique pour bloquer le bruit et maintenir les AirPods Pro 2 en place.<br \/>\nR\u00c9SISTANCE \u00c0 LA POUSSI\u00c8RE, \u00c0 LA TRANSPIRATION ET \u00c0 L&#8217;EAU \u2014 Les AirPods Pro et le bo\u00eetier de charge MagSafe sont certifi\u00e9s IP54 pour une \u00e9tanch\u00e9it\u00e9 \u00e0 la poussi\u00e8re, \u00e0 la transpiration et \u00e0 l&#8217;eau, vous permettant ainsi d&#8217;\u00e9couter confortablement dans de nombreuses conditions.*<br \/>\nAUDIO SPATIAL PERSONNALIS\u00c9 \u2014 Avec un son adapt\u00e9 \u00e0 la forme de votre oreille et un suivi dynamique de la t\u00eate, les AirPods Pro 2 offrent une exp\u00e9rience d&#8217;\u00e9coute immersive qui projette le son tout autour de vous.* Vous pouvez \u00e9galement \u00e9couter des chansons, des s\u00e9ries et des films en Dolby Atmos.<br \/>\nUN NIVEAU DE CONTR\u00d4LE SUP\u00c9RIEUR \u2014 Glissez, maintenez et maintenez la tige pour g\u00e9rer les fonctions de lecture gr\u00e2ce au contr\u00f4le tactile. Et avec Siri Interactions, hochez simplement la t\u00eate pour dire oui ou secouez la t\u00eate pour dire non lorsque Siri vous demande si vous souhaitez entendre un message, r\u00e9pondre \u00e0 un appel ou g\u00e9rer une notification.*<\/p>\n","protected":false},"featured_media":33018,"comment_status":"open","ping_status":"closed","template":"","meta":{"iawp_total_views":158},"product_brand":[],"product_cat":[46],"product_tag":[],"class_list":{"0":"post-34929","1":"product","2":"type-product","3":"status-publish","4":"has-post-thumbnail","6":"product_cat-renewed-fr","8":"first","9":"instock","10":"sale","11":"taxable","12":"shipping-taxable","13":"purchasable","14":"product-type-simple"},"jetpack_sharing_enabled":true,"_links":{"self":[{"href":"https:\/\/www.momengames.com\/index.php\/wp-json\/wp\/v2\/product\/34929","targetHints":{"allow":["GET"]}}],"collection":[{"href":"https:\/\/www.momengames.com\/index.php\/wp-json\/wp\/v2\/product"}],"about":[{"href":"https:\/\/www.momengames.com\/index.php\/wp-json\/wp\/v2\/types\/product"}],"replies":[{"embeddable":true,"href":"https:\/\/www.momengames.com\/index.php\/wp-json\/wp\/v2\/comments?post=34929"}],"wp:featuredmedia":[{"embeddable":true,"href":"https:\/\/www.momengames.com\/index.php\/wp-json\/wp\/v2\/media\/33018"}],"wp:attachment":[{"href":"https:\/\/www.momengames.com\/index.php\/wp-json\/wp\/v2\/media?parent=34929"}],"wp:term":[{"taxonomy":"product_brand","embeddable":true,"href":"https:\/\/www.momengames.com\/index.php\/wp-json\/wp\/v2\/product_brand?post=34929"},{"taxonomy":"product_cat","embeddable":true,"href":"https:\/\/www.momengames.com\/index.php\/wp-json\/wp\/v2\/product_cat?post=34929"},{"taxonomy":"product_tag","embeddable":true,"href":"https:\/\/www.momengames.com\/index.php\/wp-json\/wp\/v2\/product_tag?post=34929"}],"curies":[{"name":"wp","href":"https:\/\/api.w.org\/{rel}","templated":true}]}}