{"id":34903,"date":"2025-07-25T11:31:45","date_gmt":"2025-07-25T11:31:45","guid":{"rendered":"https:\/\/www.momengames.com\/index.php\/product\/r36s-open-source-handheld-spielkonsole-64-gb-ueber-15-000-spiele-tragbare-emulatoren-35-zoll-ips-bildschirm-schwarz\/"},"modified":"2025-07-25T11:31:45","modified_gmt":"2025-07-25T11:31:45","slug":"r36s-open-source-handheld-spielkonsole-64-gb-ueber-15-000-spiele-tragbare-emulatoren-35-zoll-ips-bildschirm-schwarz","status":"publish","type":"product","link":"https:\/\/www.momengames.com\/index.php\/product\/r36s-open-source-handheld-spielkonsole-64-gb-ueber-15-000-spiele-tragbare-emulatoren-35-zoll-ips-bildschirm-schwarz\/?lang=de","title":{"rendered":"R36s Open Source Handheld-Spielkonsole, 64 GB, \u00fcber 15.000 Spiele, tragbare Emulatoren, 3,5-Zoll-IPS-Bildschirm (schwarz)"},"content":{"rendered":"<p>\u3010Tragbare Spielkonsole R36S\u3011: Open-Source-Linux-System, 3,5-Zoll-IPS-OCA-HD-MIPI-Bildschirm mit Volllaminierung, Aufl\u00f6sung: 640 x 480, professionelle Gaming-CPU: RK3326, 1,5 Hz, 64-Bit-Gaming-System, kann problemlos gro\u00dfe 2D- und einige 3D-Spiele ausf\u00fchren. Um Systemsch\u00e4den an der tragbaren Spielkonsole R36S zu minimieren, schalten Sie die Maschine bitte wie folgt aus: START-QUIT-A-SHUTDOWN SYSTEM-A-YES. Das direkte Dr\u00fccken der Einschalttaste zum Ausschalten der Maschine kann zu Systemst\u00f6rungen f\u00fchren.<\/p>\n<p>\u3010Tragbare Spielkonsole mit Dualsystem\u3011: Open-Source-Dualsystem, Emulator-Handheld unterst\u00fctzt Dutzende von Emulatoren, mit 4 L\/R-Tasten auf der R\u00fcckseite der Feder, kombiniert mit Biege- und Griffdesign f\u00fcr eine bessere Fingerfreigabe.<br \/>\n\u3010Hochleistungsakku mit 3200 mAh\u3011: Die Retro-Handheld-Spielekonsole ist mit einem 3200 mAh Hochleistungsakku mit sicherem Zwei-Wege-Lade-\/Entlademodus ausgestattet und erm\u00f6glicht mit voller Ladung bis zu 4 Stunden reibungsloses Spielen.<br \/>\n\u3010Verbesserter OTG-Klappanschluss\u3011: Die Retro-Spielekonsole r36s erm\u00f6glicht durch die Faltlinie eine Gro\u00dfbildausgabe und \u00fcber das am Griff angeschlossene Adapterkabel auch Spiele f\u00fcr zwei Spieler.<br \/>\n\u3010Dual-3D-Joystick\u3011: Die Videospielkonsole ist mit einem Kreuztasten-Joystick ausgestattet. Sie k\u00f6nnen je nach Spiel die optimale Tastenkombination w\u00e4hlen und so das Spielerlebnis verbessern. Sollten w\u00e4hrend der Nutzung Probleme auftreten, k\u00f6nnen Sie uns jederzeit kontaktieren, wir werden diese schnellstm\u00f6glich f\u00fcr Sie l\u00f6sen.<\/p>\n","protected":false},"excerpt":{"rendered":"<p>\u3010Tragbare Spielkonsole R36S\u3011: Open-Source-Linux-System, 3,5-Zoll-IPS-OCA-HD-MIPI-Bildschirm mit Volllaminierung, Aufl\u00f6sung: 640 x 480, professionelle Gaming-CPU: RK3326, 1,5 Hz, 64-Bit-Gaming-System, kann problemlos gro\u00dfe 2D- und einige 3D-Spiele ausf\u00fchren. Um Systemsch\u00e4den an der tragbaren Spielkonsole R36S zu minimieren, schalten Sie die Maschine bitte wie folgt aus: START-QUIT-A-SHUTDOWN SYSTEM-A-YES. Das direkte Dr\u00fccken der Einschalttaste zum Ausschalten der Maschine kann zu Systemst\u00f6rungen f\u00fchren.<\/p>\n<p>\u3010Tragbare Spielkonsole mit Dualsystem\u3011: Open-Source-Dualsystem, Emulator-Handheld unterst\u00fctzt Dutzende von Emulatoren, mit 4 L\/R-Tasten auf der R\u00fcckseite der Feder, kombiniert mit Biege- und Griffdesign f\u00fcr eine bessere Fingerfreigabe.<br \/>\n\u3010Hochleistungsakku mit 3200 mAh\u3011: Die Retro-Handheld-Spielekonsole ist mit einem 3200 mAh Hochleistungsakku mit sicherem Zwei-Wege-Lade-\/Entlademodus ausgestattet und erm\u00f6glicht mit voller Ladung bis zu 4 Stunden reibungsloses Spielen.<br \/>\n\u3010Verbesserter OTG-Klappanschluss\u3011: Die Retro-Spielekonsole r36s erm\u00f6glicht durch die Faltlinie eine Gro\u00dfbildausgabe und \u00fcber das am Griff angeschlossene Adapterkabel auch Spiele f\u00fcr zwei Spieler.<br \/>\n\u3010Dual-3D-Joystick\u3011: Die Videospielkonsole ist mit einem Kreuztasten-Joystick ausgestattet. Sie k\u00f6nnen je nach Spiel die optimale Tastenkombination w\u00e4hlen und so das Spielerlebnis verbessern. Sollten w\u00e4hrend der Nutzung Probleme auftreten, k\u00f6nnen Sie uns jederzeit kontaktieren, wir werden diese schnellstm\u00f6glich f\u00fcr Sie l\u00f6sen.<\/p>\n","protected":false},"featured_media":34048,"comment_status":"open","ping_status":"closed","template":"","meta":{"iawp_total_views":0},"product_brand":[],"product_cat":[25],"product_tag":[],"class_list":{"0":"post-34903","1":"product","2":"type-product","3":"status-publish","4":"has-post-thumbnail","6":"product_cat-pc-gamepads-standard-controllers-de","8":"first","9":"instock","10":"sale","11":"taxable","12":"shipping-taxable","13":"purchasable","14":"product-type-simple"},"jetpack_sharing_enabled":true,"_links":{"self":[{"href":"https:\/\/www.momengames.com\/index.php\/wp-json\/wp\/v2\/product\/34903","targetHints":{"allow":["GET"]}}],"collection":[{"href":"https:\/\/www.momengames.com\/index.php\/wp-json\/wp\/v2\/product"}],"about":[{"href":"https:\/\/www.momengames.com\/index.php\/wp-json\/wp\/v2\/types\/product"}],"replies":[{"embeddable":true,"href":"https:\/\/www.momengames.com\/index.php\/wp-json\/wp\/v2\/comments?post=34903"}],"wp:featuredmedia":[{"embeddable":true,"href":"https:\/\/www.momengames.com\/index.php\/wp-json\/wp\/v2\/media\/34048"}],"wp:attachment":[{"href":"https:\/\/www.momengames.com\/index.php\/wp-json\/wp\/v2\/media?parent=34903"}],"wp:term":[{"taxonomy":"product_brand","embeddable":true,"href":"https:\/\/www.momengames.com\/index.php\/wp-json\/wp\/v2\/product_brand?post=34903"},{"taxonomy":"product_cat","embeddable":true,"href":"https:\/\/www.momengames.com\/index.php\/wp-json\/wp\/v2\/product_cat?post=34903"},{"taxonomy":"product_tag","embeddable":true,"href":"https:\/\/www.momengames.com\/index.php\/wp-json\/wp\/v2\/product_tag?post=34903"}],"curies":[{"name":"wp","href":"https:\/\/api.w.org\/{rel}","templated":true}]}}