{"id":34895,"date":"2025-07-25T15:25:07","date_gmt":"2025-07-25T15:25:07","guid":{"rendered":"https:\/\/www.momengames.com\/index.php\/product\/rg40xx-h-retro-handheld-spielekonsole-rg40xxh-retro-spielekonsole-mit-4-zoll-ips-bildschirm-linux-system-rgb-beleuchtung-64g-tf-karte-und-3200-mah-akku-unterstuetzt-5g-wlan-bluetooth-4-2-schwarz\/"},"modified":"2025-07-25T15:25:07","modified_gmt":"2025-07-25T15:25:07","slug":"rg40xx-h-retro-handheld-spielekonsole-rg40xxh-retro-spielekonsole-mit-4-zoll-ips-bildschirm-linux-system-rgb-beleuchtung-64g-tf-karte-und-3200-mah-akku-unterstuetzt-5g-wlan-bluetooth-4-2-schwarz","status":"publish","type":"product","link":"https:\/\/www.momengames.com\/index.php\/product\/rg40xx-h-retro-handheld-spielekonsole-rg40xxh-retro-spielekonsole-mit-4-zoll-ips-bildschirm-linux-system-rgb-beleuchtung-64g-tf-karte-und-3200-mah-akku-unterstuetzt-5g-wlan-bluetooth-4-2-schwarz\/?lang=de","title":{"rendered":"RG40XX H Retro-Handheld-Spielekonsole RG40XXH Retro-Spielekonsole mit 4-Zoll-IPS-Bildschirm, Linux-System, RGB-Beleuchtung, 64G-TF-Karte und 3200-mAh-Akku, unterst\u00fctzt 5G-WLAN, Bluetooth 4.2, Schwarz"},"content":{"rendered":"<p>Integriertes Linux-System. Die tragbare Retro-Handheld-Spielkonsole RG40XXH nutzt den H700 Quad-Core ARM Cortex-A53 Prozessor und den Dual-Core Mali-G31 MP2 Grafikprozessor, der mit 1,5 GHz f\u00fcr High-Speed-Gaming sorgt. Das 64-Bit-Linux-System sorgt f\u00fcr ein stabileres Spielerlebnis.<\/p>\n<p>Die tragbare Retro-Spielkonsole RG40XX H verf\u00fcgt \u00fcber einen 3200-mAh-Lithium-Akku und 64 GB Speicherplatz. Der integrierte 3200-mAh-Lithium-Akku mit hoher Kapazit\u00e4t bietet eine extrem lange Standby-Laufzeit. Sie h\u00e4lt bis zu 6 Stunden Spielzeit durch und unterst\u00fctzt Schnellladen mit einem USB-Typ-C-Kabel. Die tragbare Retro-Spielkonsole RG40XX H wird mit einer 64 GB TF-Karte betrieben. Sie unterst\u00fctzt verschiedene Spielformate. Sie verf\u00fcgt \u00fcber zwei Kartensteckpl\u00e4tze und eine TF-Kartenerweiterung. Die maximale Speicherkapazit\u00e4t betr\u00e4gt bis zu 512 GB, um Ihren vielf\u00e4ltigen Gaming-Anforderungen gerecht zu werden.<br \/>\nKompatibel mit der Drittanbieter-Software RixeIHK. Die Handheld-Spielekonsole RG40xxh ist mit der Drittanbieter-Software RixelHK kompatibel. Nie wieder die Nadel im Heuhaufen suchen! Mit RixelHK k\u00f6nnen Sie Ihre Lieblingsspiele mit nur einem Klick herunterladen. Pr\u00e4zise Suche, Download mit nur einem Klick, riesige Spielesammlung \u2013 alles ist verf\u00fcgbar, sicher und zuverl\u00e4ssig, umweltfreundlich und ungiftig. Unabh\u00e4ngiger Download ohne Download eines riesigen integrierten Pakets. Sie k\u00f6nnen die gew\u00fcnschten Spiele kostenlos in der Software herunterladen, ohne zus\u00e4tzliche Download-Ressourcen suchen zu m\u00fcssen.<\/p>\n<p>RGB-Lichteffekt: Die Handheld-Spielekonsole RG40xxh ist mit einer RGB-Beleuchtung ausgestattet, die \u00fcber einen magischen RGB-Lichtring mit 16 Millionen Farben verf\u00fcgt und mit konstanter Helligkeit, Atmung und Regenbogeneffekten ausgestattet ist. Loop, Lichtverfolgung und weitere Modi stehen zur Verf\u00fcgung.<\/p>\n<p>4-Zoll-IPS-Bildschirm. Der 4-Zoll-IPS-Bildschirm mit vollem Betrachtungswinkel und Zero-Distance-OCA-Full-Fit-Bildschirm hat eine Bildschirmaufl\u00f6sung von 640 x 480 Pixeln, eine klarere Bildqualit\u00e4t und ges\u00e4ttigtere Farben.<br \/>\nMehrere Verbindungsmethoden und Kundendienst. Der Handheld-Emulator Anbernic RG40XX H unterst\u00fctzt 2,4-G-Wireless-Controller und kabelgebundene Controller-Verbindungen, Bluetooth-Verbindungscontroller und bietet mehrere Optionen zur Bereicherung des Spielerlebnisses. Wenn sich Ihr Ger\u00e4t nicht einschalten l\u00e4sst oder eine andere Fehlfunktion aufweist, wenden Sie sich bitte an den Kundendienst.<\/p>\n","protected":false},"excerpt":{"rendered":"<p>Integriertes Linux-System. Die tragbare Retro-Handheld-Spielkonsole RG40XXH nutzt den H700 Quad-Core ARM Cortex-A53 Prozessor und den Dual-Core Mali-G31 MP2 Grafikprozessor, der mit 1,5 GHz f\u00fcr High-Speed-Gaming sorgt. Das 64-Bit-Linux-System sorgt f\u00fcr ein stabileres Spielerlebnis.<\/p>\n<p>Die tragbare Retro-Spielkonsole RG40XX H verf\u00fcgt \u00fcber einen 3200-mAh-Lithium-Akku und 64 GB Speicherplatz. Der integrierte 3200-mAh-Lithium-Akku mit hoher Kapazit\u00e4t bietet eine extrem lange Standby-Laufzeit. Sie h\u00e4lt bis zu 6 Stunden Spielzeit durch und unterst\u00fctzt Schnellladen mit einem USB-Typ-C-Kabel. Die tragbare Retro-Spielkonsole RG40XX H wird mit einer 64 GB TF-Karte betrieben. Sie unterst\u00fctzt verschiedene Spielformate. Sie verf\u00fcgt \u00fcber zwei Kartensteckpl\u00e4tze und eine TF-Kartenerweiterung. Die maximale Speicherkapazit\u00e4t betr\u00e4gt bis zu 512 GB, um Ihren vielf\u00e4ltigen Gaming-Anforderungen gerecht zu werden.<br \/>\nKompatibel mit der Drittanbieter-Software RixeIHK. Die Handheld-Spielekonsole RG40xxh ist mit der Drittanbieter-Software RixelHK kompatibel. Nie wieder die Nadel im Heuhaufen suchen! Mit RixelHK k\u00f6nnen Sie Ihre Lieblingsspiele mit nur einem Klick herunterladen. Pr\u00e4zise Suche, Download mit nur einem Klick, riesige Spielesammlung \u2013 alles ist verf\u00fcgbar, sicher und zuverl\u00e4ssig, umweltfreundlich und ungiftig. Unabh\u00e4ngiger Download ohne Download eines riesigen integrierten Pakets. Sie k\u00f6nnen die gew\u00fcnschten Spiele kostenlos in der Software herunterladen, ohne zus\u00e4tzliche Download-Ressourcen suchen zu m\u00fcssen.<\/p>\n<p>RGB-Lichteffekt: Die Handheld-Spielekonsole RG40xxh ist mit einer RGB-Beleuchtung ausgestattet, die \u00fcber einen magischen RGB-Lichtring mit 16 Millionen Farben verf\u00fcgt und mit konstanter Helligkeit, Atmung und Regenbogeneffekten ausgestattet ist. Loop, Lichtverfolgung und weitere Modi stehen zur Verf\u00fcgung.<\/p>\n<p>4-Zoll-IPS-Bildschirm. Der 4-Zoll-IPS-Bildschirm mit vollem Betrachtungswinkel und Zero-Distance-OCA-Full-Fit-Bildschirm hat eine Bildschirmaufl\u00f6sung von 640 x 480 Pixeln, eine klarere Bildqualit\u00e4t und ges\u00e4ttigtere Farben.<br \/>\nMehrere Verbindungsmethoden und Kundendienst. Der Handheld-Emulator Anbernic RG40XX H unterst\u00fctzt 2,4-G-Wireless-Controller und kabelgebundene Controller-Verbindungen, Bluetooth-Verbindungscontroller und bietet mehrere Optionen zur Bereicherung des Spielerlebnisses. Wenn sich Ihr Ger\u00e4t nicht einschalten l\u00e4sst oder eine andere Fehlfunktion aufweist, wenden Sie sich bitte an den Kundendienst.<\/p>\n","protected":false},"featured_media":34079,"comment_status":"open","ping_status":"closed","template":"","meta":{"iawp_total_views":16},"product_brand":[],"product_cat":[25],"product_tag":[],"class_list":{"0":"post-34895","1":"product","2":"type-product","3":"status-publish","4":"has-post-thumbnail","6":"product_cat-pc-gamepads-standard-controllers-de","8":"first","9":"instock","10":"sale","11":"taxable","12":"shipping-taxable","13":"purchasable","14":"product-type-simple"},"jetpack_sharing_enabled":true,"_links":{"self":[{"href":"https:\/\/www.momengames.com\/index.php\/wp-json\/wp\/v2\/product\/34895","targetHints":{"allow":["GET"]}}],"collection":[{"href":"https:\/\/www.momengames.com\/index.php\/wp-json\/wp\/v2\/product"}],"about":[{"href":"https:\/\/www.momengames.com\/index.php\/wp-json\/wp\/v2\/types\/product"}],"replies":[{"embeddable":true,"href":"https:\/\/www.momengames.com\/index.php\/wp-json\/wp\/v2\/comments?post=34895"}],"wp:featuredmedia":[{"embeddable":true,"href":"https:\/\/www.momengames.com\/index.php\/wp-json\/wp\/v2\/media\/34079"}],"wp:attachment":[{"href":"https:\/\/www.momengames.com\/index.php\/wp-json\/wp\/v2\/media?parent=34895"}],"wp:term":[{"taxonomy":"product_brand","embeddable":true,"href":"https:\/\/www.momengames.com\/index.php\/wp-json\/wp\/v2\/product_brand?post=34895"},{"taxonomy":"product_cat","embeddable":true,"href":"https:\/\/www.momengames.com\/index.php\/wp-json\/wp\/v2\/product_cat?post=34895"},{"taxonomy":"product_tag","embeddable":true,"href":"https:\/\/www.momengames.com\/index.php\/wp-json\/wp\/v2\/product_tag?post=34895"}],"curies":[{"name":"wp","href":"https:\/\/api.w.org\/{rel}","templated":true}]}}