{"id":34880,"date":"2025-09-20T13:13:49","date_gmt":"2025-09-20T13:13:49","guid":{"rendered":"https:\/\/www.momengames.com\/index.php\/product\/razer-wolverine-v2-pro-wireless-gaming-controller-mit-hyperspeed-verbindung-mecha-tactile-action-tasten-und-8-wege-mikroschalter-d-pad-schwarz-erneuerte-praemie\/"},"modified":"2025-09-20T13:13:49","modified_gmt":"2025-09-20T13:13:49","slug":"razer-wolverine-v2-pro-wireless-gaming-controller-mit-hyperspeed-verbindung-mecha-tactile-action-tasten-und-8-wege-mikroschalter-d-pad-schwarz-erneuerte-praemie","status":"publish","type":"product","link":"https:\/\/www.momengames.com\/index.php\/product\/razer-wolverine-v2-pro-wireless-gaming-controller-mit-hyperspeed-verbindung-mecha-tactile-action-tasten-und-8-wege-mikroschalter-d-pad-schwarz-erneuerte-praemie\/?lang=de","title":{"rendered":"Razer Wolverine V2 Pro Wireless Gaming Controller mit Hyperspeed-Verbindung, Mecha-Tactile-Action-Tasten und 8-Wege-Mikroschalter-D-Pad, Schwarz (Erneuerte Pr\u00e4mie)"},"content":{"rendered":"<p>HYPERSPEED WIRELESS: Bietet eine ultraschnelle 2,4-GHz-Wireless-Verbindung \u00fcber den mitgelieferten USB-Typ-A-Dongle und sorgt f\u00fcr nahtlose Leistung, die den Anforderungen von kompetitivem Gaming auf PS5-Konsolen und PC gerecht wird.<\/p>\n<p>MECHA-TAKTILE ACTION-TASTEN: Mit einem k\u00fcrzeren Bet\u00e4tigungsweg f\u00fcr schnellere Tastendr\u00fccke und einer verbesserten Haptik f\u00fcr jede Eingabe sorgt der Controller f\u00fcr ein v\u00f6llig neues Level an Geschwindigkeit und Konsistenz im Gameplay.<\/p>\n<p>8-WEGE-MIKROSCHALTER-STEUERKREUZ: Sp\u00fcren und h\u00f6ren Sie jeden einzelnen Richtungsdruck, wenn die Mikroschalter aktiviert werden, und erm\u00f6glichen Sie so pr\u00e4zise und gezielte Bewegungen bei komplexen Combos.<\/p>\n<p>HYPERTRIGGER: Feuern Sie immer zuerst mit Triggern, die von pr\u00e4zisem Ziehen \u00fcber den gesamten Bereich bis hin zu blitzschnellem Klicken wechseln k\u00f6nnen.<\/p>\n<p>6 UMBELEGBARE TASTEN: Belegen Sie 4 zus\u00e4tzliche Trigger und 2 benutzerdefinierte Bumper mit bevorzugten Befehlen.<\/p>\n<p>AUSTAUSCHBARE DAUMENSTICKS: Passen Sie den Controller mit 2 zus\u00e4tzlichen Daumenstick-Kappen an.<br \/>\nCHROMA RGB: Gewinnen Sie mit der Beleuchtungsgestaltung aus \u00fcber 16,8 Millionen Farben und einer Reihe von Effekten \u00fcber die Razer Controller-App f\u00fcr iOS und Android.<br \/>\nFIRMWARE-UPDATE: Der Razer Wolverine V2 Pro Controller hat ein umfangreiches Firmware-Update erhalten, das die Standard-Deadzone-Einstellungen optimiert, die Deadzone-Anpassung in die Razer Controller-App integriert und eine verbesserte Anti-Stick-Drift-Kalibrierung implementiert hat. Das Update ist jetzt verf\u00fcgbar unter rzr.to\/WolverineV2ProFirmware.<\/p>\n","protected":false},"excerpt":{"rendered":"<p>HYPERSPEED WIRELESS: Bietet eine ultraschnelle 2,4-GHz-Wireless-Verbindung \u00fcber den mitgelieferten USB-Typ-A-Dongle und sorgt f\u00fcr nahtlose Leistung, die den Anforderungen von kompetitivem Gaming auf PS5-Konsolen und PC gerecht wird.<\/p>\n<p>MECHA-TAKTILE ACTION-TASTEN: Mit einem k\u00fcrzeren Bet\u00e4tigungsweg f\u00fcr schnellere Tastendr\u00fccke und einer verbesserten Haptik f\u00fcr jede Eingabe sorgt der Controller f\u00fcr ein v\u00f6llig neues Level an Geschwindigkeit und Konsistenz im Gameplay.<\/p>\n<p>8-WEGE-MIKROSCHALTER-STEUERKREUZ: Sp\u00fcren und h\u00f6ren Sie jeden einzelnen Richtungsdruck, wenn die Mikroschalter aktiviert werden, und erm\u00f6glichen Sie so pr\u00e4zise und gezielte Bewegungen bei komplexen Combos.<\/p>\n<p>HYPERTRIGGER: Feuern Sie immer zuerst mit Triggern, die von pr\u00e4zisem Ziehen \u00fcber den gesamten Bereich bis hin zu blitzschnellem Klicken wechseln k\u00f6nnen.<\/p>\n<p>6 UMBELEGBARE TASTEN: Belegen Sie 4 zus\u00e4tzliche Trigger und 2 benutzerdefinierte Bumper mit bevorzugten Befehlen.<\/p>\n<p>AUSTAUSCHBARE DAUMENSTICKS: Passen Sie den Controller mit 2 zus\u00e4tzlichen Daumenstick-Kappen an.<br \/>\nCHROMA RGB: Gewinnen Sie mit der Beleuchtungsgestaltung aus \u00fcber 16,8 Millionen Farben und einer Reihe von Effekten \u00fcber die Razer Controller-App f\u00fcr iOS und Android.<br \/>\nFIRMWARE-UPDATE: Der Razer Wolverine V2 Pro Controller hat ein umfangreiches Firmware-Update erhalten, das die Standard-Deadzone-Einstellungen optimiert, die Deadzone-Anpassung in die Razer Controller-App integriert und eine verbesserte Anti-Stick-Drift-Kalibrierung implementiert hat. Das Update ist jetzt verf\u00fcgbar unter rzr.to\/WolverineV2ProFirmware.<\/p>\n","protected":false},"featured_media":34820,"comment_status":"open","ping_status":"closed","template":"","meta":{"iawp_total_views":99},"product_brand":[],"product_cat":[47],"product_tag":[],"class_list":{"0":"post-34880","1":"product","2":"type-product","3":"status-publish","4":"has-post-thumbnail","6":"product_cat-renewed-de","8":"first","9":"instock","10":"sale","11":"taxable","12":"shipping-taxable","13":"purchasable","14":"product-type-simple"},"jetpack_sharing_enabled":true,"_links":{"self":[{"href":"https:\/\/www.momengames.com\/index.php\/wp-json\/wp\/v2\/product\/34880","targetHints":{"allow":["GET"]}}],"collection":[{"href":"https:\/\/www.momengames.com\/index.php\/wp-json\/wp\/v2\/product"}],"about":[{"href":"https:\/\/www.momengames.com\/index.php\/wp-json\/wp\/v2\/types\/product"}],"replies":[{"embeddable":true,"href":"https:\/\/www.momengames.com\/index.php\/wp-json\/wp\/v2\/comments?post=34880"}],"wp:featuredmedia":[{"embeddable":true,"href":"https:\/\/www.momengames.com\/index.php\/wp-json\/wp\/v2\/media\/34820"}],"wp:attachment":[{"href":"https:\/\/www.momengames.com\/index.php\/wp-json\/wp\/v2\/media?parent=34880"}],"wp:term":[{"taxonomy":"product_brand","embeddable":true,"href":"https:\/\/www.momengames.com\/index.php\/wp-json\/wp\/v2\/product_brand?post=34880"},{"taxonomy":"product_cat","embeddable":true,"href":"https:\/\/www.momengames.com\/index.php\/wp-json\/wp\/v2\/product_cat?post=34880"},{"taxonomy":"product_tag","embeddable":true,"href":"https:\/\/www.momengames.com\/index.php\/wp-json\/wp\/v2\/product_tag?post=34880"}],"curies":[{"name":"wp","href":"https:\/\/api.w.org\/{rel}","templated":true}]}}