{"id":25809,"date":"2024-07-03T12:00:07","date_gmt":"2024-07-03T12:00:07","guid":{"rendered":"https:\/\/www.momengames.com\/index.php\/product\/razer-usb-audio-enhancer-dac-dual-headset-mikrofon-konnektivitaet-und-unterstuetzung-mikrofon-stummschalttaste-lautstaerkeregler-mattschwarz\/"},"modified":"2024-07-03T12:00:07","modified_gmt":"2024-07-03T12:00:07","slug":"razer-usb-audio-enhancer-dac-dual-headset-mikrofon-konnektivitaet-und-unterstuetzung-mikrofon-stummschalttaste-lautstaerkeregler-mattschwarz","status":"publish","type":"product","link":"https:\/\/www.momengames.com\/index.php\/product\/razer-usb-audio-enhancer-dac-dual-headset-mikrofon-konnektivitaet-und-unterstuetzung-mikrofon-stummschalttaste-lautstaerkeregler-mattschwarz\/?lang=de","title":{"rendered":"Razer USB Audio Enhancer DAC: Dual-Headset-Mikrofon-Konnektivit\u00e4t und -Unterst\u00fctzung &#8211; Mikrofon-Stummschalttaste &#8211; Lautst\u00e4rkeregler &#8211; Mattschwarz"},"content":{"rendered":"<p>Co-Streaming-Funktionen: Erm\u00f6glicht zwei Personen, mit einem einzigen Computer zu sprechen, indem ein zus\u00e4tzliches Headset angeschlossen wird.<br \/>\nVerbesserte Audioqualit\u00e4t: Reduziert statische Aufladungen und Hintergrundger\u00e4usche, was ein konzentrierteres Spielerlebnis erm\u00f6glicht.<br \/>\nTechnische Daten: Abtastrate von 1 KHz\/48 KHz w\u00e4hlbar \u00fcber PC-Einstellungen, 16-Bit-Bitrate, Frequenzgang von 20 &#8211; 20 kHz (mit angeschlossenem Mikrofon).<br \/>\nKompatibilit\u00e4t: Der USB Audio Enhancer liefert hochwertiges Audio auf einer optimierten Plattform, wenn er mit einem beliebigen 3,5-mm-Headset gekoppelt wird.<\/p>\n","protected":false},"excerpt":{"rendered":"<p>Co-Streaming-Funktionen: Erm\u00f6glicht zwei Personen, mit einem einzigen Computer zu sprechen, indem ein zus\u00e4tzliches Headset angeschlossen wird.<br \/>\nVerbesserte Audioqualit\u00e4t: Reduziert statische Aufladungen und Hintergrundger\u00e4usche, was ein konzentrierteres Spielerlebnis erm\u00f6glicht.<br \/>\nTechnische Daten: Abtastrate von 1 KHz\/48 KHz w\u00e4hlbar \u00fcber PC-Einstellungen, 16-Bit-Bitrate, Frequenzgang von 20 &#8211; 20 kHz (mit angeschlossenem Mikrofon).<br \/>\nKompatibilit\u00e4t: Der USB Audio Enhancer liefert hochwertiges Audio auf einer optimierten Plattform, wenn er mit einem beliebigen 3,5-mm-Headset gekoppelt wird.<\/p>\n","protected":false},"featured_media":23626,"comment_status":"open","ping_status":"closed","template":"","meta":{"iawp_total_views":27},"product_brand":[],"product_cat":[24],"product_tag":[],"class_list":{"0":"post-25809","1":"product","2":"type-product","3":"status-publish","4":"has-post-thumbnail","6":"product_cat-electronics-accessories-de","8":"first","9":"instock","10":"sale","11":"taxable","12":"shipping-taxable","13":"purchasable","14":"product-type-simple"},"jetpack_sharing_enabled":true,"_links":{"self":[{"href":"https:\/\/www.momengames.com\/index.php\/wp-json\/wp\/v2\/product\/25809","targetHints":{"allow":["GET"]}}],"collection":[{"href":"https:\/\/www.momengames.com\/index.php\/wp-json\/wp\/v2\/product"}],"about":[{"href":"https:\/\/www.momengames.com\/index.php\/wp-json\/wp\/v2\/types\/product"}],"replies":[{"embeddable":true,"href":"https:\/\/www.momengames.com\/index.php\/wp-json\/wp\/v2\/comments?post=25809"}],"wp:featuredmedia":[{"embeddable":true,"href":"https:\/\/www.momengames.com\/index.php\/wp-json\/wp\/v2\/media\/23626"}],"wp:attachment":[{"href":"https:\/\/www.momengames.com\/index.php\/wp-json\/wp\/v2\/media?parent=25809"}],"wp:term":[{"taxonomy":"product_brand","embeddable":true,"href":"https:\/\/www.momengames.com\/index.php\/wp-json\/wp\/v2\/product_brand?post=25809"},{"taxonomy":"product_cat","embeddable":true,"href":"https:\/\/www.momengames.com\/index.php\/wp-json\/wp\/v2\/product_cat?post=25809"},{"taxonomy":"product_tag","embeddable":true,"href":"https:\/\/www.momengames.com\/index.php\/wp-json\/wp\/v2\/product_tag?post=25809"}],"curies":[{"name":"wp","href":"https:\/\/api.w.org\/{rel}","templated":true}]}}