{"id":25808,"date":"2024-07-03T08:22:31","date_gmt":"2024-07-03T08:22:31","guid":{"rendered":"https:\/\/www.momengames.com\/index.php\/product\/razer-kraken-bt-headset-bluetooth-5-0-40-ms-verbindung-mit-geringer-latenz-individuell-abgestimmte-40-mm-treiber-beamforming-mikrofon-powered-by-razer-chr\/"},"modified":"2025-02-17T02:24:49","modified_gmt":"2025-02-17T02:24:49","slug":"razer-kraken-bt-headset-bluetooth-5-0-40-ms-verbindung-mit-geringer-latenz-individuell-abgestimmte-40-mm-treiber-beamforming-mikrofon-powered-by-razer-chr","status":"publish","type":"product","link":"https:\/\/www.momengames.com\/index.php\/product\/razer-kraken-bt-headset-bluetooth-5-0-40-ms-verbindung-mit-geringer-latenz-individuell-abgestimmte-40-mm-treiber-beamforming-mikrofon-powered-by-razer-chr\/?lang=de","title":{"rendered":"Razer Kraken BT-Headset: Bluetooth 5.0 \u2013 40\u00a0ms Verbindung mit geringer Latenz \u2013 individuell abgestimmte 40-mm-Treiber \u2013 Beamforming-Mikrofon \u2013 Powered by Razer Chroma \u2013 Hello Kitty &#038; Friends Edition"},"content":{"rendered":"<p>Offiziell lizenziertes Hello Kitty und seine Freunde: Neu erfunden mit einem Herz aus Gold. Frisch gebacken mit Razer Chroma RGB und einer Explosion streamreaktiver Beleuchtung ist dieses lizenzierte Headset der perfekte Begleiter f\u00fcr alle, die aus dem Herzen sprechen. Spezifische Verwendungszwecke des Produkts: Filme und Gaming. Impedanz: 32 \u03a9. Hz. Frequenzgang: 20 Hz \u2013 20 kHz (44,1 kHz Sampling).<br \/>\nBluetooth 5.0: Au\u00dferhalb des Gaming-Modus bleibt die drahtlose Verbindung genauso stabil und verbraucht weniger Strom \u2013 das bedeutet, dass das Headset bis zu 20 Stunden mit eingeschalteter Beleuchtung oder bis zu 50 Stunden mit ausgeschalteter Beleuchtung durchh\u00e4lt.<br \/>\n40 ms Verbindung mit geringer Latenz: Aktivieren Sie den Gaming-Modus, um die kabellose Leistung des Headsets bei kompetitiven Spielen zu steigern und schneller zu zielen oder zu reagieren, da Audio und Video noch besser synchronisiert sind.<br \/>\nIndividuell abgestimmte 40-mm-Treiber: Im Kern bietet das Headset ein sattes Audioerlebnis, das Ihren Spielspa\u00df steigert und klare H\u00f6hen und Mitten sowie tiefe, ausdrucksstarke B\u00e4sse liefert.<br \/>\nBeamforming-Mikrofon: Mit einem Sweet Spot f\u00fcr die Stimme, der so konzipiert ist, dass er weniger L\u00e4rm aus allen anderen Richtungen aufnimmt, sorgt das Mikrofon problemlos daf\u00fcr, dass Sie so gut klingen, wie Sie aussehen.<\/p>\n","protected":false},"excerpt":{"rendered":"<p>Offiziell lizenziertes Hello Kitty und seine Freunde: Neu erfunden mit einem Herz aus Gold. Frisch gebacken mit Razer Chroma RGB und einer Explosion streamreaktiver Beleuchtung ist dieses lizenzierte Headset der perfekte Begleiter f\u00fcr alle, die aus dem Herzen sprechen. Spezifische Verwendungszwecke des Produkts: Filme und Gaming. Impedanz: 32 \u03a9. Hz. Frequenzgang: 20 Hz \u2013 20 kHz (44,1 kHz Sampling).<br \/>\nBluetooth 5.0: Au\u00dferhalb des Gaming-Modus bleibt die drahtlose Verbindung genauso stabil und verbraucht weniger Strom \u2013 das bedeutet, dass das Headset bis zu 20 Stunden mit eingeschalteter Beleuchtung oder bis zu 50 Stunden mit ausgeschalteter Beleuchtung durchh\u00e4lt.<br \/>\n40 ms Verbindung mit geringer Latenz: Aktivieren Sie den Gaming-Modus, um die kabellose Leistung des Headsets bei kompetitiven Spielen zu steigern und schneller zu zielen oder zu reagieren, da Audio und Video noch besser synchronisiert sind.<br \/>\nIndividuell abgestimmte 40-mm-Treiber: Im Kern bietet das Headset ein sattes Audioerlebnis, das Ihren Spielspa\u00df steigert und klare H\u00f6hen und Mitten sowie tiefe, ausdrucksstarke B\u00e4sse liefert.<br \/>\nBeamforming-Mikrofon: Mit einem Sweet Spot f\u00fcr die Stimme, der so konzipiert ist, dass er weniger L\u00e4rm aus allen anderen Richtungen aufnimmt, sorgt das Mikrofon problemlos daf\u00fcr, dass Sie so gut klingen, wie Sie aussehen.<\/p>\n","protected":false},"featured_media":23604,"comment_status":"open","ping_status":"closed","template":"","meta":{"iawp_total_views":1195},"product_brand":[],"product_cat":[24],"product_tag":[],"class_list":{"0":"post-25808","1":"product","2":"type-product","3":"status-publish","4":"has-post-thumbnail","6":"product_cat-electronics-accessories-de","8":"first","9":"instock","10":"sale","11":"taxable","12":"shipping-taxable","13":"purchasable","14":"product-type-simple"},"jetpack_sharing_enabled":true,"_links":{"self":[{"href":"https:\/\/www.momengames.com\/index.php\/wp-json\/wp\/v2\/product\/25808","targetHints":{"allow":["GET"]}}],"collection":[{"href":"https:\/\/www.momengames.com\/index.php\/wp-json\/wp\/v2\/product"}],"about":[{"href":"https:\/\/www.momengames.com\/index.php\/wp-json\/wp\/v2\/types\/product"}],"replies":[{"embeddable":true,"href":"https:\/\/www.momengames.com\/index.php\/wp-json\/wp\/v2\/comments?post=25808"}],"wp:featuredmedia":[{"embeddable":true,"href":"https:\/\/www.momengames.com\/index.php\/wp-json\/wp\/v2\/media\/23604"}],"wp:attachment":[{"href":"https:\/\/www.momengames.com\/index.php\/wp-json\/wp\/v2\/media?parent=25808"}],"wp:term":[{"taxonomy":"product_brand","embeddable":true,"href":"https:\/\/www.momengames.com\/index.php\/wp-json\/wp\/v2\/product_brand?post=25808"},{"taxonomy":"product_cat","embeddable":true,"href":"https:\/\/www.momengames.com\/index.php\/wp-json\/wp\/v2\/product_cat?post=25808"},{"taxonomy":"product_tag","embeddable":true,"href":"https:\/\/www.momengames.com\/index.php\/wp-json\/wp\/v2\/product_tag?post=25808"}],"curies":[{"name":"wp","href":"https:\/\/api.w.org\/{rel}","templated":true}]}}