{"id":25803,"date":"2024-07-03T12:47:30","date_gmt":"2024-07-03T12:47:30","guid":{"rendered":"https:\/\/www.momengames.com\/index.php\/product\/razer-rz01-01210400-r3m1-deathadder-chroma-tomb-raider-edition-ergonomische-gaming-maus-10-000-dpi-sensor\/"},"modified":"2024-07-03T12:47:30","modified_gmt":"2024-07-03T12:47:30","slug":"razer-rz01-01210400-r3m1-deathadder-chroma-tomb-raider-edition-ergonomische-gaming-maus-10-000-dpi-sensor","status":"publish","type":"product","link":"https:\/\/www.momengames.com\/index.php\/product\/razer-rz01-01210400-r3m1-deathadder-chroma-tomb-raider-edition-ergonomische-gaming-maus-10-000-dpi-sensor\/?lang=de","title":{"rendered":"Razer RZ01-01210400-R3M1 Deathadder Chroma Tomb Raider Edition, ergonomische Gaming-Maus &#8211; 10.000 DPI-Sensor"},"content":{"rendered":"<p>Die ergonomische Form der Razer DeathAdder Chroma ist perfekt auf Ihre Handfl\u00e4che abgestimmt und bietet Gamern das komfortabelste Gaming-Erlebnis aller Zeiten.<br \/>\nDie Razer DeathAdder Chroma ist mit einem optischen Sensor mit 10.000 dpi ausgestattet. Sie kann Mausbewegungsgeschwindigkeiten von bis zu 200 Zoll pro Sekunde und 50 g Beschleunigung erreichen.<br \/>\nEgal, ob Sie mit hoher oder niedriger Geschwindigkeit spielen, die DeathAdder Chroma reagiert auf dem Bildschirm immer mit h\u00f6chster Genauigkeit und der organischen Fl\u00fcssigkeit, die nur mit einem optischen Sensor m\u00f6glich ist.<br \/>\nDer Sensor der Razer DeathAdder Chroma kann die Z-Achse auf den meisten Oberfl\u00e4chen, einschlie\u00dflich Glastischplatten, auch auf bis zu 1 mm genau verfolgen.<br \/>\nChroma-Beleuchtung mit 16,8 Millionen Farboptionen. Egal, ob Sie Elektroblau, Pastellrosa oder das typische Razer-Gr\u00fcn m\u00f6chten, Sie k\u00f6nnen jetzt das Scrollrad und das Razer-Logo Ihrer DeathAdder beleuchten.<\/p>\n","protected":false},"excerpt":{"rendered":"<p>Die ergonomische Form der Razer DeathAdder Chroma ist perfekt auf Ihre Handfl\u00e4che abgestimmt und bietet Gamern das komfortabelste Gaming-Erlebnis aller Zeiten.<br \/>\nDie Razer DeathAdder Chroma ist mit einem optischen Sensor mit 10.000 dpi ausgestattet. Sie kann Mausbewegungsgeschwindigkeiten von bis zu 200 Zoll pro Sekunde und 50 g Beschleunigung erreichen.<br \/>\nEgal, ob Sie mit hoher oder niedriger Geschwindigkeit spielen, die DeathAdder Chroma reagiert auf dem Bildschirm immer mit h\u00f6chster Genauigkeit und der organischen Fl\u00fcssigkeit, die nur mit einem optischen Sensor m\u00f6glich ist.<br \/>\nDer Sensor der Razer DeathAdder Chroma kann die Z-Achse auf den meisten Oberfl\u00e4chen, einschlie\u00dflich Glastischplatten, auch auf bis zu 1 mm genau verfolgen.<br \/>\nChroma-Beleuchtung mit 16,8 Millionen Farboptionen. Egal, ob Sie Elektroblau, Pastellrosa oder das typische Razer-Gr\u00fcn m\u00f6chten, Sie k\u00f6nnen jetzt das Scrollrad und das Razer-Logo Ihrer DeathAdder beleuchten.<\/p>\n","protected":false},"featured_media":23646,"comment_status":"open","ping_status":"closed","template":"","meta":{"iawp_total_views":2},"product_brand":[],"product_cat":[25],"product_tag":[],"class_list":{"0":"post-25803","1":"product","2":"type-product","3":"status-publish","4":"has-post-thumbnail","6":"product_cat-pc-gamepads-standard-controllers-de","8":"first","9":"instock","10":"sale","11":"taxable","12":"shipping-taxable","13":"purchasable","14":"product-type-simple"},"jetpack_sharing_enabled":true,"_links":{"self":[{"href":"https:\/\/www.momengames.com\/index.php\/wp-json\/wp\/v2\/product\/25803","targetHints":{"allow":["GET"]}}],"collection":[{"href":"https:\/\/www.momengames.com\/index.php\/wp-json\/wp\/v2\/product"}],"about":[{"href":"https:\/\/www.momengames.com\/index.php\/wp-json\/wp\/v2\/types\/product"}],"replies":[{"embeddable":true,"href":"https:\/\/www.momengames.com\/index.php\/wp-json\/wp\/v2\/comments?post=25803"}],"wp:featuredmedia":[{"embeddable":true,"href":"https:\/\/www.momengames.com\/index.php\/wp-json\/wp\/v2\/media\/23646"}],"wp:attachment":[{"href":"https:\/\/www.momengames.com\/index.php\/wp-json\/wp\/v2\/media?parent=25803"}],"wp:term":[{"taxonomy":"product_brand","embeddable":true,"href":"https:\/\/www.momengames.com\/index.php\/wp-json\/wp\/v2\/product_brand?post=25803"},{"taxonomy":"product_cat","embeddable":true,"href":"https:\/\/www.momengames.com\/index.php\/wp-json\/wp\/v2\/product_cat?post=25803"},{"taxonomy":"product_tag","embeddable":true,"href":"https:\/\/www.momengames.com\/index.php\/wp-json\/wp\/v2\/product_tag?post=25803"}],"curies":[{"name":"wp","href":"https:\/\/api.w.org\/{rel}","templated":true}]}}