{"id":25786,"date":"2024-07-03T09:51:57","date_gmt":"2024-07-03T09:51:57","guid":{"rendered":"https:\/\/www.momengames.com\/index.php\/product\/manette-de-jeu-mobile-manette-de-jeu-razer-kishi-pour-android-usb-c-xbox-game-pass-ultimate-xcloud-stadia-geforce-now-luna-chargement-direct-poignee-de-manette-de-telephone-a-faible-latence\/"},"modified":"2024-07-03T09:51:57","modified_gmt":"2024-07-03T09:51:57","slug":"manette-de-jeu-mobile-manette-de-jeu-razer-kishi-pour-android-usb-c-xbox-game-pass-ultimate-xcloud-stadia-geforce-now-luna-chargement-direct-poignee-de-manette-de-telephone-a-faible-latence","status":"publish","type":"product","link":"https:\/\/www.momengames.com\/index.php\/product\/manette-de-jeu-mobile-manette-de-jeu-razer-kishi-pour-android-usb-c-xbox-game-pass-ultimate-xcloud-stadia-geforce-now-luna-chargement-direct-poignee-de-manette-de-telephone-a-faible-latence\/?lang=fr","title":{"rendered":"Manette de jeu mobile\/manette de jeu Razer Kishi pour Android USB-C : Xbox Game Pass Ultimate, xCloud, Stadia, GeForce NOW, Luna &#8211; Chargement direct &#8211; Poign\u00e9e de manette de t\u00e9l\u00e9phone \u00e0 faible latence &#8211; Samsung, Pixel"},"content":{"rendered":"<p>Manette de jeu mobile universelle : con\u00e7ue pour apporter un contr\u00f4le de niveau console \u00e0 votre t\u00e9l\u00e9phone pour jouer n&#8217;importe o\u00f9<br \/>\nCloud et jeu mobile : compatible avec les principaux services de jeu en cloud, notamment Xbox Game Pass Ultimate, Stadia, Amazon Luna, GeForce NOW et Steam Link ; et des centaines de jeux mobiles populaires, notamment Fortnite, Minecraft, Roblox, Brawlhalla, Asphalt 9 : Legends, Black Desert Mobile, des \u00e9mulateurs et bien d&#8217;autres.<br \/>\nAffinez votre vis\u00e9e et votre ex\u00e9cution : les joysticks analogiques cliquables offrent une plus grande pr\u00e9cision et un retour tactile, et les boutons de performance et le pav\u00e9 directionnel offrent une saisie de pr\u00e9cision<br \/>\nJeu sans latence : contrairement aux contr\u00f4leurs Bluetooth qui produisent un d\u00e9calage, le contr\u00f4leur a une latence nulle en se connectant directement au port de charge de l&#8217;appareil<br \/>\nPort de charge USB de type C : pour charger votre t\u00e9l\u00e9phone ou votre tablette tout en utilisant le contr\u00f4leur<br \/>\nConception ergonomique et flexible pour une prise en main confortable : con\u00e7ue pour les longues sessions de jeu, la manette est agr\u00e9able \u00e0 tenir et peut \u00eatre \u00e9tir\u00e9e et serr\u00e9e sur la plupart des t\u00e9l\u00e9phones Android, offrant une prise s\u00fbre qui ne se d\u00e9tachera pas pendant le jeu<\/p>\n","protected":false},"excerpt":{"rendered":"<p>Manette de jeu mobile universelle : con\u00e7ue pour apporter un contr\u00f4le de niveau console \u00e0 votre t\u00e9l\u00e9phone pour jouer n&#8217;importe o\u00f9<br \/>\nCloud et jeu mobile : compatible avec les principaux services de jeu en cloud, notamment Xbox Game Pass Ultimate, Stadia, Amazon Luna, GeForce NOW et Steam Link ; et des centaines de jeux mobiles populaires, notamment Fortnite, Minecraft, Roblox, Brawlhalla, Asphalt 9 : Legends, Black Desert Mobile, des \u00e9mulateurs et bien d&#8217;autres.<br \/>\nAffinez votre vis\u00e9e et votre ex\u00e9cution : les joysticks analogiques cliquables offrent une plus grande pr\u00e9cision et un retour tactile, et les boutons de performance et le pav\u00e9 directionnel offrent une saisie de pr\u00e9cision<br \/>\nJeu sans latence : contrairement aux contr\u00f4leurs Bluetooth qui produisent un d\u00e9calage, le contr\u00f4leur a une latence nulle en se connectant directement au port de charge de l&#8217;appareil<br \/>\nPort de charge USB de type C : pour charger votre t\u00e9l\u00e9phone ou votre tablette tout en utilisant le contr\u00f4leur<br \/>\nConception ergonomique et flexible pour une prise en main confortable : con\u00e7ue pour les longues sessions de jeu, la manette est agr\u00e9able \u00e0 tenir et peut \u00eatre \u00e9tir\u00e9e et serr\u00e9e sur la plupart des t\u00e9l\u00e9phones Android, offrant une prise s\u00fbre qui ne se d\u00e9tachera pas pendant le jeu<\/p>\n","protected":false},"featured_media":23617,"comment_status":"open","ping_status":"closed","template":"","meta":{"iawp_total_views":8},"product_brand":[],"product_cat":[40],"product_tag":[],"class_list":{"0":"post-25786","1":"product","2":"type-product","3":"status-publish","4":"has-post-thumbnail","6":"product_cat-pc-gamepads-standard-controllers-fr","8":"first","9":"instock","10":"sale","11":"taxable","12":"shipping-taxable","13":"purchasable","14":"product-type-simple"},"jetpack_sharing_enabled":true,"_links":{"self":[{"href":"https:\/\/www.momengames.com\/index.php\/wp-json\/wp\/v2\/product\/25786","targetHints":{"allow":["GET"]}}],"collection":[{"href":"https:\/\/www.momengames.com\/index.php\/wp-json\/wp\/v2\/product"}],"about":[{"href":"https:\/\/www.momengames.com\/index.php\/wp-json\/wp\/v2\/types\/product"}],"replies":[{"embeddable":true,"href":"https:\/\/www.momengames.com\/index.php\/wp-json\/wp\/v2\/comments?post=25786"}],"wp:featuredmedia":[{"embeddable":true,"href":"https:\/\/www.momengames.com\/index.php\/wp-json\/wp\/v2\/media\/23617"}],"wp:attachment":[{"href":"https:\/\/www.momengames.com\/index.php\/wp-json\/wp\/v2\/media?parent=25786"}],"wp:term":[{"taxonomy":"product_brand","embeddable":true,"href":"https:\/\/www.momengames.com\/index.php\/wp-json\/wp\/v2\/product_brand?post=25786"},{"taxonomy":"product_cat","embeddable":true,"href":"https:\/\/www.momengames.com\/index.php\/wp-json\/wp\/v2\/product_cat?post=25786"},{"taxonomy":"product_tag","embeddable":true,"href":"https:\/\/www.momengames.com\/index.php\/wp-json\/wp\/v2\/product_tag?post=25786"}],"curies":[{"name":"wp","href":"https:\/\/api.w.org\/{rel}","templated":true}]}}