{"id":24901,"date":"2024-08-13T19:29:43","date_gmt":"2024-08-13T19:29:43","guid":{"rendered":"https:\/\/www.momengames.com\/?post_type=product&#038;p=24901"},"modified":"2024-09-13T03:47:09","modified_gmt":"2024-09-13T03:47:09","slug":"razer-viper-ultimate-leichte-kabellose-gaming-maus-und-rgb-ladestation-hyperspeed-wireless-technologie-optischer-20k-dpi-sensor-74-g-leicht-70-stunden-akku-que","status":"publish","type":"product","link":"https:\/\/www.momengames.com\/index.php\/product\/razer-viper-ultimate-leichte-kabellose-gaming-maus-und-rgb-ladestation-hyperspeed-wireless-technologie-optischer-20k-dpi-sensor-74-g-leicht-70-stunden-akku-que\/?lang=de","title":{"rendered":"Razer Viper Ultimate Leichte kabellose Gaming-Maus und RGB-Ladestation: Hyperspeed Wireless-Technologie \u2013 optischer 20K-DPI-Sensor \u2013 74 g leicht \u2013 70-Stunden-Akku \u2013 Quecksilberwei\u00df"},"content":{"rendered":"<ul class=\"a-unordered-list a-vertical a-spacing-mini\">\n<li class=\"a-spacing-mini\">25 % schneller als kabellose M\u00e4use der Konkurrenz: Die kabellose Razer HyperSpeed-Technologie vereint extrem niedrige Latenz und Interferenzreduzierung f\u00fcr echte kabellose Freiheit.Leichte, kompromisslose kabellose E-Sport-Gaming-Maus mit 74 g: Die Razer Viper Ultimate verf\u00fcgt \u00fcber einen optischen Sensor mit 20.000 DPI, der den anspruchsvollsten Gamern gerecht wird, und erreicht ihr Gewicht ohne Bohrl\u00f6cher.\n<p>Schneller als herk\u00f6mmliche mechanische Schalter: Die neuen optischen Mausschalter von Razer verwenden eine lichtstrahlbasierte Bet\u00e4tigung und registrieren Tastendr\u00fccke mit Lichtgeschwindigkeit.<\/p>\n<p>Beidh\u00e4ndiges Design: Entwickelt f\u00fcr Links- und Rechtsh\u00e4nder mit zug\u00e4nglichen, programmierbaren Tasten auf beiden Seiten.<\/p>\n<p>Maximale Geschwindigkeit (IPS): 650, Onboard-Speicherprofile: 5. Dock-kompatibel.<\/li>\n<\/ul>\n","protected":false},"excerpt":{"rendered":"<ul class=\"a-unordered-list a-vertical a-spacing-mini\">\n<li class=\"a-spacing-mini\">25 % schneller als kabellose M\u00e4use der Konkurrenz: Die kabellose Razer HyperSpeed-Technologie vereint extrem niedrige Latenz und Interferenzreduzierung f\u00fcr echte kabellose Freiheit.Leichte, kompromisslose kabellose E-Sport-Gaming-Maus mit 74 g: Die Razer Viper Ultimate verf\u00fcgt \u00fcber einen optischen Sensor mit 20.000 DPI, der den anspruchsvollsten Gamern gerecht wird, und erreicht ihr Gewicht ohne Bohrl\u00f6cher.\n<p>Schneller als herk\u00f6mmliche mechanische Schalter: Die neuen optischen Mausschalter von Razer verwenden eine lichtstrahlbasierte Bet\u00e4tigung und registrieren Tastendr\u00fccke mit Lichtgeschwindigkeit.<\/p>\n<p>Beidh\u00e4ndiges Design: Entwickelt f\u00fcr Links- und Rechtsh\u00e4nder mit zug\u00e4nglichen, programmierbaren Tasten auf beiden Seiten.<\/p>\n<p>Maximale Geschwindigkeit (IPS): 650, Onboard-Speicherprofile: 5. Dock-kompatibel.<\/li>\n<\/ul>\n","protected":false},"featured_media":24906,"comment_status":"open","ping_status":"closed","template":"","meta":{"iawp_total_views":698},"product_brand":[],"product_cat":[25],"product_tag":[],"class_list":{"0":"post-24901","1":"product","2":"type-product","3":"status-publish","4":"has-post-thumbnail","6":"product_cat-pc-gamepads-standard-controllers-de","8":"first","9":"instock","10":"sale","11":"taxable","12":"shipping-taxable","13":"purchasable","14":"product-type-simple"},"jetpack_sharing_enabled":true,"_links":{"self":[{"href":"https:\/\/www.momengames.com\/index.php\/wp-json\/wp\/v2\/product\/24901","targetHints":{"allow":["GET"]}}],"collection":[{"href":"https:\/\/www.momengames.com\/index.php\/wp-json\/wp\/v2\/product"}],"about":[{"href":"https:\/\/www.momengames.com\/index.php\/wp-json\/wp\/v2\/types\/product"}],"replies":[{"embeddable":true,"href":"https:\/\/www.momengames.com\/index.php\/wp-json\/wp\/v2\/comments?post=24901"}],"wp:featuredmedia":[{"embeddable":true,"href":"https:\/\/www.momengames.com\/index.php\/wp-json\/wp\/v2\/media\/24906"}],"wp:attachment":[{"href":"https:\/\/www.momengames.com\/index.php\/wp-json\/wp\/v2\/media?parent=24901"}],"wp:term":[{"taxonomy":"product_brand","embeddable":true,"href":"https:\/\/www.momengames.com\/index.php\/wp-json\/wp\/v2\/product_brand?post=24901"},{"taxonomy":"product_cat","embeddable":true,"href":"https:\/\/www.momengames.com\/index.php\/wp-json\/wp\/v2\/product_cat?post=24901"},{"taxonomy":"product_tag","embeddable":true,"href":"https:\/\/www.momengames.com\/index.php\/wp-json\/wp\/v2\/product_tag?post=24901"}],"curies":[{"name":"wp","href":"https:\/\/api.w.org\/{rel}","templated":true}]}}