{"id":23576,"date":"2024-06-29T01:46:33","date_gmt":"2024-06-29T01:46:33","guid":{"rendered":"https:\/\/www.momengames.com\/index.php\/product\/manette-sans-fil-sony-playstation-dualshock-4-camouflage-bleu\/"},"modified":"2024-09-13T09:57:19","modified_gmt":"2024-09-13T09:57:19","slug":"manette-sans-fil-sony-playstation-dualshock-4-camouflage-bleu","status":"publish","type":"product","link":"https:\/\/www.momengames.com\/index.php\/product\/manette-sans-fil-sony-playstation-dualshock-4-camouflage-bleu\/?lang=fr","title":{"rendered":"Manette sans fil Sony PlayStation DualShock 4 &#8211; Camouflage bleu"},"content":{"rendered":"<p>Conception ergonomique\u00a0: ma\u00eetrisez un design \u00e9l\u00e9gant et ultra confortable, tandis que les sticks et boutons analogiques tr\u00e8s r\u00e9actifs garantissent une plus grande pr\u00e9cision pendant le jeu.<br \/>\nBouton Partager : Utilisez le bouton Partager pour t\u00e9l\u00e9charger vos vid\u00e9os et photos de gameplay sur les r\u00e9seaux sociaux ; diffusez du jeu en direct sur Twitch, YouTube et Dailymotion ou modifiez vos vid\u00e9os de jeu enregistr\u00e9es et partagez-les sur Facebook et Twitter\u00a0; vous pouvez \u00e9galement inviter des amis en ligne \u00e0 jouer \u00e0 vos jeux avec vous, m\u00eame s&#8217;ils ne les poss\u00e8dent pas gr\u00e2ce au jeu partag\u00e9\u00a0; Pav\u00e9 tactile\u00a0: guidez, faites des gestes et dessinez avec le pav\u00e9 tactile r\u00e9actif &#8211; maintenant repens\u00e9 pour que vous puissiez voir la couleur de votre barre lumineuse d&#8217;en haut pendant que vous jouez.<br \/>\nBarre lumineuse : La barre lumineuse int\u00e9gr\u00e9e peut \u00e9mettre diff\u00e9rentes couleurs pour personnaliser votre exp\u00e9rience et ajouter une nouvelle dimension aux jeux ; il aide \u00e9galement la cam\u00e9ra PlayStation \u00e0 suivre la position de votre manette, vous permettant ainsi d&#8217;interagir avec vos jeux\u00a0; il aide \u00e9galement la cam\u00e9ra PlayStation \u00e0 suivre la position de votre manette, vous permettant d&#8217;interagir avec votre environnement virtuel tout en utilisant PlayStation VR<br \/>\nHaut-parleur int\u00e9gr\u00e9 et prise casque st\u00e9r\u00e9o\u00a0: profitez d&#8217;effets sonores suppl\u00e9mentaires, directement depuis la manette, et discutez avec vos amis en ligne via un casque, tel que le casque st\u00e9r\u00e9o inclus avec le syst\u00e8me PS4\u00a0; retour de vibration\u00a0: sentez-vous encore plus profond\u00e9ment impliqu\u00e9 dans l&#8217;action lorsque le contr\u00f4leur fr\u00e9mit et tremble dans vos mains, gr\u00e2ce \u00e0 des moteurs de vibration intuitifs<br \/>\nLecture \u00e0 distance\u00a0: diffusez vos jeux PS4 sur un PC ou un Mac Windows afin de pouvoir continuer \u00e0 jouer m\u00eame lorsque vous \u00eates loin du t\u00e9l\u00e9viseur. L&#8217;adaptateur sans fil Dualshock quatre USB rend la lecture \u00e0 distance sur votre ordinateur encore meilleure, vous permettant de jouer sans fil\u00a0; contr\u00f4le personnalis\u00e9\u00a0: pr\u00e9parez votre manette sans fil Dualshock Four comme vous l&#8217;aimez\u00a0: r\u00e9glez le volume du haut-parleur, d\u00e9sactivez les vibrations et ajustez la luminosit\u00e9 de la barre lumineuse pour \u00e9conomiser la batterie lorsque vous n&#8217;en avez pas besoin\u00a0; vous pouvez \u00e9galement choisir de communiquer des donn\u00e9es via Bluetooth ou en utilisant un c\u00e2ble USB connect\u00e9 \u00e0 votre PS4<\/p>\n","protected":false},"excerpt":{"rendered":"<p>Conception ergonomique\u00a0: ma\u00eetrisez un design \u00e9l\u00e9gant et ultra confortable, tandis que les sticks et boutons analogiques tr\u00e8s r\u00e9actifs garantissent une plus grande pr\u00e9cision pendant le jeu.<br \/>\nBouton Partager : Utilisez le bouton Partager pour t\u00e9l\u00e9charger vos vid\u00e9os et photos de gameplay sur les r\u00e9seaux sociaux ; diffusez du jeu en direct sur Twitch, YouTube et Dailymotion ou modifiez vos vid\u00e9os de jeu enregistr\u00e9es et partagez-les sur Facebook et Twitter\u00a0; vous pouvez \u00e9galement inviter des amis en ligne \u00e0 jouer \u00e0 vos jeux avec vous, m\u00eame s&#8217;ils ne les poss\u00e8dent pas gr\u00e2ce au jeu partag\u00e9\u00a0; Pav\u00e9 tactile\u00a0: guidez, faites des gestes et dessinez avec le pav\u00e9 tactile r\u00e9actif &#8211; maintenant repens\u00e9 pour que vous puissiez voir la couleur de votre barre lumineuse d&#8217;en haut pendant que vous jouez.<br \/>\nBarre lumineuse : La barre lumineuse int\u00e9gr\u00e9e peut \u00e9mettre diff\u00e9rentes couleurs pour personnaliser votre exp\u00e9rience et ajouter une nouvelle dimension aux jeux ; il aide \u00e9galement la cam\u00e9ra PlayStation \u00e0 suivre la position de votre manette, vous permettant ainsi d&#8217;interagir avec vos jeux\u00a0; il aide \u00e9galement la cam\u00e9ra PlayStation \u00e0 suivre la position de votre manette, vous permettant d&#8217;interagir avec votre environnement virtuel tout en utilisant PlayStation VR<br \/>\nHaut-parleur int\u00e9gr\u00e9 et prise casque st\u00e9r\u00e9o\u00a0: profitez d&#8217;effets sonores suppl\u00e9mentaires, directement depuis la manette, et discutez avec vos amis en ligne via un casque, tel que le casque st\u00e9r\u00e9o inclus avec le syst\u00e8me PS4\u00a0; retour de vibration\u00a0: sentez-vous encore plus profond\u00e9ment impliqu\u00e9 dans l&#8217;action lorsque le contr\u00f4leur fr\u00e9mit et tremble dans vos mains, gr\u00e2ce \u00e0 des moteurs de vibration intuitifs<br \/>\nLecture \u00e0 distance\u00a0: diffusez vos jeux PS4 sur un PC ou un Mac Windows afin de pouvoir continuer \u00e0 jouer m\u00eame lorsque vous \u00eates loin du t\u00e9l\u00e9viseur. L&#8217;adaptateur sans fil Dualshock quatre USB rend la lecture \u00e0 distance sur votre ordinateur encore meilleure, vous permettant de jouer sans fil\u00a0; contr\u00f4le personnalis\u00e9\u00a0: pr\u00e9parez votre manette sans fil Dualshock Four comme vous l&#8217;aimez\u00a0: r\u00e9glez le volume du haut-parleur, d\u00e9sactivez les vibrations et ajustez la luminosit\u00e9 de la barre lumineuse pour \u00e9conomiser la batterie lorsque vous n&#8217;en avez pas besoin\u00a0; vous pouvez \u00e9galement choisir de communiquer des donn\u00e9es via Bluetooth ou en utilisant un c\u00e2ble USB connect\u00e9 \u00e0 votre PS4<\/p>\n","protected":false},"featured_media":23577,"comment_status":"open","ping_status":"closed","template":"","meta":{"iawp_total_views":89},"product_brand":[],"product_cat":[40],"product_tag":[],"class_list":{"0":"post-23576","1":"product","2":"type-product","3":"status-publish","4":"has-post-thumbnail","6":"product_cat-pc-gamepads-standard-controllers-fr","8":"first","9":"instock","10":"taxable","11":"shipping-taxable","12":"purchasable","13":"product-type-simple"},"jetpack_sharing_enabled":true,"_links":{"self":[{"href":"https:\/\/www.momengames.com\/index.php\/wp-json\/wp\/v2\/product\/23576","targetHints":{"allow":["GET"]}}],"collection":[{"href":"https:\/\/www.momengames.com\/index.php\/wp-json\/wp\/v2\/product"}],"about":[{"href":"https:\/\/www.momengames.com\/index.php\/wp-json\/wp\/v2\/types\/product"}],"replies":[{"embeddable":true,"href":"https:\/\/www.momengames.com\/index.php\/wp-json\/wp\/v2\/comments?post=23576"}],"wp:featuredmedia":[{"embeddable":true,"href":"https:\/\/www.momengames.com\/index.php\/wp-json\/wp\/v2\/media\/23577"}],"wp:attachment":[{"href":"https:\/\/www.momengames.com\/index.php\/wp-json\/wp\/v2\/media?parent=23576"}],"wp:term":[{"taxonomy":"product_brand","embeddable":true,"href":"https:\/\/www.momengames.com\/index.php\/wp-json\/wp\/v2\/product_brand?post=23576"},{"taxonomy":"product_cat","embeddable":true,"href":"https:\/\/www.momengames.com\/index.php\/wp-json\/wp\/v2\/product_cat?post=23576"},{"taxonomy":"product_tag","embeddable":true,"href":"https:\/\/www.momengames.com\/index.php\/wp-json\/wp\/v2\/product_tag?post=23576"}],"curies":[{"name":"wp","href":"https:\/\/api.w.org\/{rel}","templated":true}]}}