{"id":23487,"date":"2024-05-30T11:55:43","date_gmt":"2024-05-30T11:55:43","guid":{"rendered":"https:\/\/www.momengames.com\/index.php\/product\/clavier-magique-apple-avec-touch-id\/"},"modified":"2024-05-30T11:55:43","modified_gmt":"2024-05-30T11:55:43","slug":"clavier-magique-apple-avec-touch-id","status":"publish","type":"product","link":"https:\/\/www.momengames.com\/index.php\/product\/clavier-magique-apple-avec-touch-id\/?lang=fr","title":{"rendered":"Clavier magique Apple avec Touch ID"},"content":{"rendered":"<p>COMMODIT\u00c9 SANS FIL ET RECHARGEABLE \u2014 Le Magic Keyboard avec Touch ID se connecte sans fil \u00e0 votre Mac via Bluetooth. Et gr\u00e2ce \u00e0 la batterie interne rechargeable, aucune pile l\u00e2che \u00e0 remplacer.<br \/>\nFONCTIONNE AVEC N&#8217;IMPORTE QUEL MAC AVEC APPLE SILICON \u2014 Il s&#8217;associe automatiquement \u00e0 votre Mac avec Apple Silicon afin que vous puissiez vous mettre au travail imm\u00e9diatement. Consultez la liste des appareils compatibles ci-dessus. N\u00e9cessite un Mac avec Apple Silicon utilisant macOS 11.4 ou version ult\u00e9rieure.<br \/>\nEXP\u00c9RIENCE DE SAISIE AM\u00c9LIOR\u00c9E \u2014 Magic Keyboard offre une exp\u00e9rience de frappe remarquablement confortable et pr\u00e9cise.<br \/>\nD\u00c9VERROUILLAGE RAPIDE AVEC TOUCH ID \u2014 Touch ID vous offre un moyen rapide, simple et s\u00e9curis\u00e9 de d\u00e9verrouiller votre Mac et de vous connecter aux applications et aux sites.<br \/>\nPASSEZ DES SEMAINES SANS CHARGEMENT \u2014 La batterie interne incroyablement longue dur\u00e9e alimentera votre clavier pendant environ un mois ou plus entre les charges. (La dur\u00e9e de vie de la batterie varie selon l&#8217;utilisation.) Livr\u00e9 avec un c\u00e2ble USB-C vers Lightning tiss\u00e9 qui vous permet de le coupler et de le charger en vous connectant \u00e0 un port USB-C de votre Mac.<br \/>\nCondition : R\u00e9approvisionnement d\u2019articles comme NEUF.<\/p>\n","protected":false},"excerpt":{"rendered":"<p>COMMODIT\u00c9 SANS FIL ET RECHARGEABLE \u2014 Le Magic Keyboard avec Touch ID se connecte sans fil \u00e0 votre Mac via Bluetooth. Et gr\u00e2ce \u00e0 la batterie interne rechargeable, aucune pile l\u00e2che \u00e0 remplacer.<br \/>\nFONCTIONNE AVEC N&#8217;IMPORTE QUEL MAC AVEC APPLE SILICON \u2014 Il s&#8217;associe automatiquement \u00e0 votre Mac avec Apple Silicon afin que vous puissiez vous mettre au travail imm\u00e9diatement. Consultez la liste des appareils compatibles ci-dessus. N\u00e9cessite un Mac avec Apple Silicon utilisant macOS 11.4 ou version ult\u00e9rieure.<br \/>\nEXP\u00c9RIENCE DE SAISIE AM\u00c9LIOR\u00c9E \u2014 Magic Keyboard offre une exp\u00e9rience de frappe remarquablement confortable et pr\u00e9cise.<br \/>\nD\u00c9VERROUILLAGE RAPIDE AVEC TOUCH ID \u2014 Touch ID vous offre un moyen rapide, simple et s\u00e9curis\u00e9 de d\u00e9verrouiller votre Mac et de vous connecter aux applications et aux sites.<br \/>\nPASSEZ DES SEMAINES SANS CHARGEMENT \u2014 La batterie interne incroyablement longue dur\u00e9e alimentera votre clavier pendant environ un mois ou plus entre les charges. (La dur\u00e9e de vie de la batterie varie selon l&#8217;utilisation.) Livr\u00e9 avec un c\u00e2ble USB-C vers Lightning tiss\u00e9 qui vous permet de le coupler et de le charger en vous connectant \u00e0 un port USB-C de votre Mac.<br \/>\nCondition : R\u00e9approvisionnement d\u2019articles comme NEUF.<\/p>\n","protected":false},"featured_media":23488,"comment_status":"open","ping_status":"closed","template":"","meta":{"iawp_total_views":4},"product_brand":[],"product_cat":[40],"product_tag":[],"class_list":{"0":"post-23487","1":"product","2":"type-product","3":"status-publish","4":"has-post-thumbnail","6":"product_cat-pc-gamepads-standard-controllers-fr","8":"first","9":"instock","10":"sale","11":"taxable","12":"shipping-taxable","13":"purchasable","14":"product-type-simple"},"jetpack_sharing_enabled":true,"_links":{"self":[{"href":"https:\/\/www.momengames.com\/index.php\/wp-json\/wp\/v2\/product\/23487","targetHints":{"allow":["GET"]}}],"collection":[{"href":"https:\/\/www.momengames.com\/index.php\/wp-json\/wp\/v2\/product"}],"about":[{"href":"https:\/\/www.momengames.com\/index.php\/wp-json\/wp\/v2\/types\/product"}],"replies":[{"embeddable":true,"href":"https:\/\/www.momengames.com\/index.php\/wp-json\/wp\/v2\/comments?post=23487"}],"wp:featuredmedia":[{"embeddable":true,"href":"https:\/\/www.momengames.com\/index.php\/wp-json\/wp\/v2\/media\/23488"}],"wp:attachment":[{"href":"https:\/\/www.momengames.com\/index.php\/wp-json\/wp\/v2\/media?parent=23487"}],"wp:term":[{"taxonomy":"product_brand","embeddable":true,"href":"https:\/\/www.momengames.com\/index.php\/wp-json\/wp\/v2\/product_brand?post=23487"},{"taxonomy":"product_cat","embeddable":true,"href":"https:\/\/www.momengames.com\/index.php\/wp-json\/wp\/v2\/product_cat?post=23487"},{"taxonomy":"product_tag","embeddable":true,"href":"https:\/\/www.momengames.com\/index.php\/wp-json\/wp\/v2\/product_tag?post=23487"}],"curies":[{"name":"wp","href":"https:\/\/api.w.org\/{rel}","templated":true}]}}