{"id":23471,"date":"2024-05-30T02:40:58","date_gmt":"2024-05-30T02:40:58","guid":{"rendered":"https:\/\/www.momengames.com\/index.php\/product\/souris-de-jeu-sans-fil-logitech-g305-lightspeed-capteur-hero-12k-12-000-dpi-legere-6-boutons-programmables-autonomie-de-250-heures-memoire-integree-pc-mac-blanche\/"},"modified":"2024-05-30T02:40:58","modified_gmt":"2024-05-30T02:40:58","slug":"souris-de-jeu-sans-fil-logitech-g305-lightspeed-capteur-hero-12k-12-000-dpi-legere-6-boutons-programmables-autonomie-de-250-heures-memoire-integree-pc-mac-blanche","status":"publish","type":"product","link":"https:\/\/www.momengames.com\/index.php\/product\/souris-de-jeu-sans-fil-logitech-g305-lightspeed-capteur-hero-12k-12-000-dpi-legere-6-boutons-programmables-autonomie-de-250-heures-memoire-integree-pc-mac-blanche\/?lang=fr","title":{"rendered":"Souris de jeu sans fil Logitech G305 LIGHTSPEED, capteur Hero 12K, 12 000 DPI, l\u00e9g\u00e8re, 6 boutons programmables, autonomie de 250 heures, m\u00e9moire int\u00e9gr\u00e9e, PC\/Mac &#8211; Blanche"},"content":{"rendered":"<p>Capteur de jeu HERO\u00a0: le capteur de souris HERO de nouvelle g\u00e9n\u00e9ration offre une efficacit\u00e9 \u00e9nerg\u00e9tique jusqu&#8217;\u00e0 10 fois sup\u00e9rieure \u00e0 celle des autres souris de jeu avec une pr\u00e9cision et une r\u00e9activit\u00e9 exceptionnelles gr\u00e2ce \u00e0 une pr\u00e9cision de 400 IPS et une sensibilit\u00e9 jusqu&#8217;\u00e0 12 000 DPI<br \/>\nLIGHTSPEED Wireless : La technologie ultra-rapide LIGHTSPEED Wireless vous offre une exp\u00e9rience de jeu sans d\u00e9calage. La souris de jeu sans fil G305 offre une r\u00e9activit\u00e9 et une fiabilit\u00e9 incroyables avec un taux de rapport ultra-rapide de 1 ms pour des performances de niveau comp\u00e9tition<br \/>\nAutonomie ultra longue de la batterie : la souris sans fil Logitech G305 offre 250 heures de jeu continu avec une seule pile AA afin que vous puissiez jouer avec des performances optimales sans vous soucier de manquer d&#8217;\u00e9nergie.<br \/>\nConception l\u00e9g\u00e8re : Gr\u00e2ce \u00e0 une conception m\u00e9canique efficace, la souris de jeu G305 ne p\u00e8se que 99 grammes pour une grande maniabilit\u00e9<br \/>\nCommodit\u00e9 portable\u00a0: la conception durable et compacte avec le stockage du r\u00e9cepteur USB int\u00e9gr\u00e9 fait du G305 un moyen que vous pouvez l&#8217;emporter avec vous.<br \/>\nRemarque : Dans le cas d&#8217;une souris sans fil, le r\u00e9cepteur USB sera fourni \u00e0 l&#8217;int\u00e9rieur ou avec la souris<\/p>\n","protected":false},"excerpt":{"rendered":"<p>Capteur de jeu HERO\u00a0: le capteur de souris HERO de nouvelle g\u00e9n\u00e9ration offre une efficacit\u00e9 \u00e9nerg\u00e9tique jusqu&#8217;\u00e0 10 fois sup\u00e9rieure \u00e0 celle des autres souris de jeu avec une pr\u00e9cision et une r\u00e9activit\u00e9 exceptionnelles gr\u00e2ce \u00e0 une pr\u00e9cision de 400 IPS et une sensibilit\u00e9 jusqu&#8217;\u00e0 12 000 DPI<br \/>\nLIGHTSPEED Wireless : La technologie ultra-rapide LIGHTSPEED Wireless vous offre une exp\u00e9rience de jeu sans d\u00e9calage. La souris de jeu sans fil G305 offre une r\u00e9activit\u00e9 et une fiabilit\u00e9 incroyables avec un taux de rapport ultra-rapide de 1 ms pour des performances de niveau comp\u00e9tition<br \/>\nAutonomie ultra longue de la batterie : la souris sans fil Logitech G305 offre 250 heures de jeu continu avec une seule pile AA afin que vous puissiez jouer avec des performances optimales sans vous soucier de manquer d&#8217;\u00e9nergie.<br \/>\nConception l\u00e9g\u00e8re : Gr\u00e2ce \u00e0 une conception m\u00e9canique efficace, la souris de jeu G305 ne p\u00e8se que 99 grammes pour une grande maniabilit\u00e9<br \/>\nCommodit\u00e9 portable\u00a0: la conception durable et compacte avec le stockage du r\u00e9cepteur USB int\u00e9gr\u00e9 fait du G305 un moyen que vous pouvez l&#8217;emporter avec vous.<br \/>\nRemarque : Dans le cas d&#8217;une souris sans fil, le r\u00e9cepteur USB sera fourni \u00e0 l&#8217;int\u00e9rieur ou avec la souris<\/p>\n","protected":false},"featured_media":23472,"comment_status":"open","ping_status":"closed","template":"","meta":{"iawp_total_views":72},"product_brand":[],"product_cat":[40],"product_tag":[],"class_list":{"0":"post-23471","1":"product","2":"type-product","3":"status-publish","4":"has-post-thumbnail","6":"product_cat-pc-gamepads-standard-controllers-fr","8":"first","9":"instock","10":"sale","11":"taxable","12":"shipping-taxable","13":"purchasable","14":"product-type-simple"},"jetpack_sharing_enabled":true,"_links":{"self":[{"href":"https:\/\/www.momengames.com\/index.php\/wp-json\/wp\/v2\/product\/23471","targetHints":{"allow":["GET"]}}],"collection":[{"href":"https:\/\/www.momengames.com\/index.php\/wp-json\/wp\/v2\/product"}],"about":[{"href":"https:\/\/www.momengames.com\/index.php\/wp-json\/wp\/v2\/types\/product"}],"replies":[{"embeddable":true,"href":"https:\/\/www.momengames.com\/index.php\/wp-json\/wp\/v2\/comments?post=23471"}],"wp:featuredmedia":[{"embeddable":true,"href":"https:\/\/www.momengames.com\/index.php\/wp-json\/wp\/v2\/media\/23472"}],"wp:attachment":[{"href":"https:\/\/www.momengames.com\/index.php\/wp-json\/wp\/v2\/media?parent=23471"}],"wp:term":[{"taxonomy":"product_brand","embeddable":true,"href":"https:\/\/www.momengames.com\/index.php\/wp-json\/wp\/v2\/product_brand?post=23471"},{"taxonomy":"product_cat","embeddable":true,"href":"https:\/\/www.momengames.com\/index.php\/wp-json\/wp\/v2\/product_cat?post=23471"},{"taxonomy":"product_tag","embeddable":true,"href":"https:\/\/www.momengames.com\/index.php\/wp-json\/wp\/v2\/product_tag?post=23471"}],"curies":[{"name":"wp","href":"https:\/\/api.w.org\/{rel}","templated":true}]}}