{"id":23462,"date":"2024-05-29T15:16:51","date_gmt":"2024-05-29T15:16:51","guid":{"rendered":"https:\/\/www.momengames.com\/index.php\/product\/casque-de-jeu-razer-blackshark-v2-x-son-surround-7-1-pilotes-50-mm-coussin-en-mousse-a-memoire-de-forme-pour-pc-ps4-ps5-switch-prise-audio-35-mm-noir\/"},"modified":"2024-05-29T15:16:51","modified_gmt":"2024-05-29T15:16:51","slug":"casque-de-jeu-razer-blackshark-v2-x-son-surround-7-1-pilotes-50-mm-coussin-en-mousse-a-memoire-de-forme-pour-pc-ps4-ps5-switch-prise-audio-35-mm-noir","status":"publish","type":"product","link":"https:\/\/www.momengames.com\/index.php\/product\/casque-de-jeu-razer-blackshark-v2-x-son-surround-7-1-pilotes-50-mm-coussin-en-mousse-a-memoire-de-forme-pour-pc-ps4-ps5-switch-prise-audio-35-mm-noir\/?lang=fr","title":{"rendered":"Casque de jeu Razer BlackShark V2 X : Son Surround 7.1 &#8211; Pilotes 50 mm &#8211; Coussin en mousse \u00e0 m\u00e9moire de forme &#8211; Pour PC, PS4, PS5, Switch &#8211; Prise audio 3,5 mm &#8211; Noir"},"content":{"rendered":"<p>Suppression passive avanc\u00e9e du bruit\u00a0: les \u00e9couteurs ferm\u00e9s robustes couvrent enti\u00e8rement les oreilles pour emp\u00eacher le bruit de s&#8217;infiltrer dans le casque, avec ses coussinets offrant une \u00e9tanch\u00e9it\u00e9 plus \u00e9troite pour une meilleure isolation sonore.<br \/>\nSon Surround 7.1 pour l&#8217;audio positionnel\u00a0: \u00e9quip\u00e9 de pilotes de 50\u00a0mm personnalis\u00e9s, capables d&#8217;un son surround activ\u00e9 par logiciel. *Uniquement disponible sur Windows 10 64 bits<br \/>\nPilotes audio haut de gamme Triforce Titanium 50 mm\u00a0: avec des diaphragmes recouverts de titane pour plus de clart\u00e9, notre nouveau design exclusif de pointe divise le pilote en 3 parties pour le r\u00e9glage individuel des aigus, m\u00e9diums et graves, produisant un son plus clair et plus clair avec des aigus plus riches et des graves plus puissants<br \/>\nConception l\u00e9g\u00e8re avec coussinets d&#8217;oreille en mousse respirante\u00a0: Avec seulement 240 g, le BlackShark V2X est con\u00e7u de A \u00e0 Z pour un confort maximal.<br \/>\nMicro cardio\u00efde Hyperclear\u00a0: la directivit\u00e9 am\u00e9lior\u00e9e garantit plus de voix et moins de bruit \u00e0 mesure qu&#8217;elle s&#8217;amenuise vers l&#8217;arri\u00e8re et les c\u00f4t\u00e9s du micro.<br \/>\nCompatibilit\u00e9 multiplateforme\u00a0: fonctionne avec PC, Mac, PS4, Xbox One, Nintendo Switch via une prise jack 3,5 mm, profitez d&#8217;un avantage audio injuste sur presque toutes les plateformes. Un adaptateur st\u00e9r\u00e9o Xbox One peut \u00eatre n\u00e9cessaire, \u00e0 acheter s\u00e9par\u00e9ment<\/p>\n","protected":false},"excerpt":{"rendered":"<p>Suppression passive avanc\u00e9e du bruit\u00a0: les \u00e9couteurs ferm\u00e9s robustes couvrent enti\u00e8rement les oreilles pour emp\u00eacher le bruit de s&#8217;infiltrer dans le casque, avec ses coussinets offrant une \u00e9tanch\u00e9it\u00e9 plus \u00e9troite pour une meilleure isolation sonore.<br \/>\nSon Surround 7.1 pour l&#8217;audio positionnel\u00a0: \u00e9quip\u00e9 de pilotes de 50\u00a0mm personnalis\u00e9s, capables d&#8217;un son surround activ\u00e9 par logiciel. *Uniquement disponible sur Windows 10 64 bits<br \/>\nPilotes audio haut de gamme Triforce Titanium 50 mm\u00a0: avec des diaphragmes recouverts de titane pour plus de clart\u00e9, notre nouveau design exclusif de pointe divise le pilote en 3 parties pour le r\u00e9glage individuel des aigus, m\u00e9diums et graves, produisant un son plus clair et plus clair avec des aigus plus riches et des graves plus puissants<br \/>\nConception l\u00e9g\u00e8re avec coussinets d&#8217;oreille en mousse respirante\u00a0: Avec seulement 240 g, le BlackShark V2X est con\u00e7u de A \u00e0 Z pour un confort maximal.<br \/>\nMicro cardio\u00efde Hyperclear\u00a0: la directivit\u00e9 am\u00e9lior\u00e9e garantit plus de voix et moins de bruit \u00e0 mesure qu&#8217;elle s&#8217;amenuise vers l&#8217;arri\u00e8re et les c\u00f4t\u00e9s du micro.<br \/>\nCompatibilit\u00e9 multiplateforme\u00a0: fonctionne avec PC, Mac, PS4, Xbox One, Nintendo Switch via une prise jack 3,5 mm, profitez d&#8217;un avantage audio injuste sur presque toutes les plateformes. Un adaptateur st\u00e9r\u00e9o Xbox One peut \u00eatre n\u00e9cessaire, \u00e0 acheter s\u00e9par\u00e9ment<\/p>\n","protected":false},"featured_media":23463,"comment_status":"open","ping_status":"closed","template":"","meta":{"iawp_total_views":79},"product_brand":[],"product_cat":[39],"product_tag":[],"class_list":{"0":"post-23462","1":"product","2":"type-product","3":"status-publish","4":"has-post-thumbnail","6":"product_cat-electronics-accessories-fr","8":"first","9":"instock","10":"sale","11":"taxable","12":"shipping-taxable","13":"purchasable","14":"product-type-simple"},"jetpack_sharing_enabled":true,"_links":{"self":[{"href":"https:\/\/www.momengames.com\/index.php\/wp-json\/wp\/v2\/product\/23462","targetHints":{"allow":["GET"]}}],"collection":[{"href":"https:\/\/www.momengames.com\/index.php\/wp-json\/wp\/v2\/product"}],"about":[{"href":"https:\/\/www.momengames.com\/index.php\/wp-json\/wp\/v2\/types\/product"}],"replies":[{"embeddable":true,"href":"https:\/\/www.momengames.com\/index.php\/wp-json\/wp\/v2\/comments?post=23462"}],"wp:featuredmedia":[{"embeddable":true,"href":"https:\/\/www.momengames.com\/index.php\/wp-json\/wp\/v2\/media\/23463"}],"wp:attachment":[{"href":"https:\/\/www.momengames.com\/index.php\/wp-json\/wp\/v2\/media?parent=23462"}],"wp:term":[{"taxonomy":"product_brand","embeddable":true,"href":"https:\/\/www.momengames.com\/index.php\/wp-json\/wp\/v2\/product_brand?post=23462"},{"taxonomy":"product_cat","embeddable":true,"href":"https:\/\/www.momengames.com\/index.php\/wp-json\/wp\/v2\/product_cat?post=23462"},{"taxonomy":"product_tag","embeddable":true,"href":"https:\/\/www.momengames.com\/index.php\/wp-json\/wp\/v2\/product_tag?post=23462"}],"curies":[{"name":"wp","href":"https:\/\/api.w.org\/{rel}","templated":true}]}}