{"id":23458,"date":"2024-05-29T15:00:54","date_gmt":"2024-05-29T15:00:54","guid":{"rendered":"https:\/\/www.momengames.com\/index.php\/product\/razer-basilisk-v3-souris-de-jeu-ergonomique-personnalisable-commutateur-de-souris-de-jeu-le-plus-rapide-eclairage-chroma-rvb-capteur-optique-26-k-dpi-noir-classique\/"},"modified":"2024-05-29T15:00:54","modified_gmt":"2024-05-29T15:00:54","slug":"razer-basilisk-v3-souris-de-jeu-ergonomique-personnalisable-commutateur-de-souris-de-jeu-le-plus-rapide-eclairage-chroma-rvb-capteur-optique-26-k-dpi-noir-classique","status":"publish","type":"product","link":"https:\/\/www.momengames.com\/index.php\/product\/razer-basilisk-v3-souris-de-jeu-ergonomique-personnalisable-commutateur-de-souris-de-jeu-le-plus-rapide-eclairage-chroma-rvb-capteur-optique-26-k-dpi-noir-classique\/?lang=fr","title":{"rendered":"Razer Basilisk V3 Souris de jeu ergonomique personnalisable : commutateur de souris de jeu le plus rapide \u2013 \u00c9clairage Chroma RVB \u2013 Capteur optique 26 K DPI \u2013 Noir classique"},"content":{"rendered":"<p>CONCEPTION ERGONOMIQUE ICONIQUE AVEC REPOSE-POUCE \u2014 Souris de jeu pour PC appr\u00e9ci\u00e9e par des millions de personnes dans le monde avec un facteur de forme qui soutient parfaitement la main tandis que ses boutons sont positionn\u00e9s de mani\u00e8re optimale pour un acc\u00e8s rapide et facile<br \/>\n11 BOUTONS PROGRAMMABLES \u2014 Attribuez des macros et des fonctions secondaires \u00e0 11 boutons programmables pour ex\u00e9cuter des actions essentielles telles que pousser pour parler, ping, etc.<br \/>\nROUE D&#8217;INCLINAISON HYPERSCROLL \u2014 Parcourez rapidement le contenu avec une molette de d\u00e9filement qui tourne librement jusqu&#8217;\u00e0 son arr\u00eat ou passez en mode tactile pour plus de pr\u00e9cision et un retour satisfaisant, id\u00e9al pour parcourir les armes ou les comp\u00e9tences.<br \/>\n11 ZONES D&#8217;\u00c9CLAIRAGE RAZER CHROMA RVB \u2014 Personnalisez chaque zone parmi plus de 16,8 millions de couleurs et d&#8217;innombrables effets d&#8217;\u00e9clairage, tout en r\u00e9agissant de mani\u00e8re dynamique avec plus de 150 jeux Chroma int\u00e9gr\u00e9s.<br \/>\nCOMMUTATEURS DE SOURIS OPTIQUES GEN 2 \u2014 Sans aucun faux-clic involontaire, ces commutateurs offrent une ex\u00e9cution nette et r\u00e9active \u00e0 une vitesse d&#8217;actionnement fulgurante de 0,2 ms pour jusqu&#8217;\u00e0 70 millions de clics.<br \/>\nCAPTEUR OPTIQUE FOCUS plus 26 000 DPI \u2014 Le meilleur capteur de souris de sa cat\u00e9gorie dot\u00e9 de fonctions intelligentes suit parfaitement les mouvements sans lissage, permettant une r\u00e9ponse nette et une pr\u00e9cision au pixel pr\u00e8s<\/p>\n","protected":false},"excerpt":{"rendered":"<p>CONCEPTION ERGONOMIQUE ICONIQUE AVEC REPOSE-POUCE \u2014 Souris de jeu pour PC appr\u00e9ci\u00e9e par des millions de personnes dans le monde avec un facteur de forme qui soutient parfaitement la main tandis que ses boutons sont positionn\u00e9s de mani\u00e8re optimale pour un acc\u00e8s rapide et facile<br \/>\n11 BOUTONS PROGRAMMABLES \u2014 Attribuez des macros et des fonctions secondaires \u00e0 11 boutons programmables pour ex\u00e9cuter des actions essentielles telles que pousser pour parler, ping, etc.<br \/>\nROUE D&#8217;INCLINAISON HYPERSCROLL \u2014 Parcourez rapidement le contenu avec une molette de d\u00e9filement qui tourne librement jusqu&#8217;\u00e0 son arr\u00eat ou passez en mode tactile pour plus de pr\u00e9cision et un retour satisfaisant, id\u00e9al pour parcourir les armes ou les comp\u00e9tences.<br \/>\n11 ZONES D&#8217;\u00c9CLAIRAGE RAZER CHROMA RVB \u2014 Personnalisez chaque zone parmi plus de 16,8 millions de couleurs et d&#8217;innombrables effets d&#8217;\u00e9clairage, tout en r\u00e9agissant de mani\u00e8re dynamique avec plus de 150 jeux Chroma int\u00e9gr\u00e9s.<br \/>\nCOMMUTATEURS DE SOURIS OPTIQUES GEN 2 \u2014 Sans aucun faux-clic involontaire, ces commutateurs offrent une ex\u00e9cution nette et r\u00e9active \u00e0 une vitesse d&#8217;actionnement fulgurante de 0,2 ms pour jusqu&#8217;\u00e0 70 millions de clics.<br \/>\nCAPTEUR OPTIQUE FOCUS plus 26 000 DPI \u2014 Le meilleur capteur de souris de sa cat\u00e9gorie dot\u00e9 de fonctions intelligentes suit parfaitement les mouvements sans lissage, permettant une r\u00e9ponse nette et une pr\u00e9cision au pixel pr\u00e8s<\/p>\n","protected":false},"featured_media":23459,"comment_status":"open","ping_status":"closed","template":"","meta":{"iawp_total_views":20},"product_brand":[],"product_cat":[40],"product_tag":[],"class_list":{"0":"post-23458","1":"product","2":"type-product","3":"status-publish","4":"has-post-thumbnail","6":"product_cat-pc-gamepads-standard-controllers-fr","8":"first","9":"instock","10":"sale","11":"taxable","12":"shipping-taxable","13":"purchasable","14":"product-type-simple"},"jetpack_sharing_enabled":true,"_links":{"self":[{"href":"https:\/\/www.momengames.com\/index.php\/wp-json\/wp\/v2\/product\/23458","targetHints":{"allow":["GET"]}}],"collection":[{"href":"https:\/\/www.momengames.com\/index.php\/wp-json\/wp\/v2\/product"}],"about":[{"href":"https:\/\/www.momengames.com\/index.php\/wp-json\/wp\/v2\/types\/product"}],"replies":[{"embeddable":true,"href":"https:\/\/www.momengames.com\/index.php\/wp-json\/wp\/v2\/comments?post=23458"}],"wp:featuredmedia":[{"embeddable":true,"href":"https:\/\/www.momengames.com\/index.php\/wp-json\/wp\/v2\/media\/23459"}],"wp:attachment":[{"href":"https:\/\/www.momengames.com\/index.php\/wp-json\/wp\/v2\/media?parent=23458"}],"wp:term":[{"taxonomy":"product_brand","embeddable":true,"href":"https:\/\/www.momengames.com\/index.php\/wp-json\/wp\/v2\/product_brand?post=23458"},{"taxonomy":"product_cat","embeddable":true,"href":"https:\/\/www.momengames.com\/index.php\/wp-json\/wp\/v2\/product_cat?post=23458"},{"taxonomy":"product_tag","embeddable":true,"href":"https:\/\/www.momengames.com\/index.php\/wp-json\/wp\/v2\/product_tag?post=23458"}],"curies":[{"name":"wp","href":"https:\/\/api.w.org\/{rel}","templated":true}]}}