{"id":23455,"date":"2021-08-22T02:06:29","date_gmt":"2021-08-22T02:06:29","guid":{"rendered":"https:\/\/www.momengames.com\/index.php\/product\/jumelles-militaires-haute-puissance-20x50-jumelles-compactes-hd-professionnelles-quotidiennes-etanches-pour-adultes-observation-des-oiseaux-voyage-chasse-football-objectif-bak4-prism-fmc-avec-e\/"},"modified":"2021-08-22T02:06:29","modified_gmt":"2021-08-22T02:06:29","slug":"jumelles-militaires-haute-puissance-20x50-jumelles-compactes-hd-professionnelles-quotidiennes-etanches-pour-adultes-observation-des-oiseaux-voyage-chasse-football-objectif-bak4-prism-fmc-avec-e","status":"publish","type":"product","link":"https:\/\/www.momengames.com\/index.php\/product\/jumelles-militaires-haute-puissance-20x50-jumelles-compactes-hd-professionnelles-quotidiennes-etanches-pour-adultes-observation-des-oiseaux-voyage-chasse-football-objectif-bak4-prism-fmc-avec-e\/?lang=fr","title":{"rendered":"Jumelles militaires haute puissance 20&#215;50, jumelles compactes HD professionnelles\/quotidiennes \u00e9tanches pour adultes, observation des oiseaux, voyage, chasse, football, objectif BAK4 Prism FMC, avec \u00e9tui et sangle"},"content":{"rendered":"<p>[Large champ de vision] &#8211; Grossissement 20x, diam\u00e8tre de lentille oculaire de 26 mm et diam\u00e8tre d&#8217;objectif de 50 mm ; Champ de vision de 56 m \u00e0 1 000 m\u00a0; Lorsque vous utilisez ces jumelles, la vision est large et tr\u00e8s claire pour le gain des jumelles.<br \/>\n[Jumelles professionnelles puissantes] &#8211; Les \u00e9l\u00e9ments de lentilles asph\u00e9riques \u00e0 rev\u00eatement multicouche offrent une transmission de la lumi\u00e8re sup\u00e9rieure et une distorsion minimale, une meilleure luminosit\u00e9, un meilleur contraste et une meilleure qualit\u00e9 d&#8217;image. Le prisme Bak-4 poss\u00e8de une pupille de sortie parfaitement ronde. Offre une visualisation lumineuse, claire et nette.<br \/>\n[\u00c9l\u00e9gant et solide] &#8211; Corps imperm\u00e9able au quotidien avec finition recouverte de caoutchouc pour une r\u00e9sistance aux chocs et une prise ferme et confortable, durable et portable pour l&#8217;ext\u00e9rieur, m\u00eame adapt\u00e9 aux environnements hostiles. Mais ne plongez pas les jumelles dans l\u2019eau.<br \/>\n[Facile \u00e0 r\u00e9gler] &#8211; Le bouton de mise au point central de ces jumelles compactes garantit une mise au point rapide et de haute pr\u00e9cision. Et il peut \u00e9galement se concentrer sur diff\u00e9rentes distances avec la bague oculaire droite. \u00catre utilis\u00e9 avec un tr\u00e9pied est OK. C&#8217;est donc tr\u00e8s pratique lorsque vous regardez quelque chose pendant longtemps.<br \/>\n[Polyvalent \u00e0 utiliser]-ces jumelles sont con\u00e7ues pour l&#8217;observation des oiseaux, la randonn\u00e9e, la chasse, l&#8217;escalade, les voyages, le football, le basket-ball ou toute comp\u00e9tition sportive, concert. Et c&#8217;est aussi un cadeau de No\u00ebl id\u00e9al pour les adultes, les enfants et les enfants. Astuce\u00a0: Ces jumelles ont une vision nocturne dans des conditions de faible luminosit\u00e9 et peuvent \u00eatre utilis\u00e9es la nuit, mais pas dans l&#8217;obscurit\u00e9 totale.<\/p>\n","protected":false},"excerpt":{"rendered":"<p>[Large champ de vision] &#8211; Grossissement 20x, diam\u00e8tre de lentille oculaire de 26 mm et diam\u00e8tre d&#8217;objectif de 50 mm ; Champ de vision de 56 m \u00e0 1 000 m\u00a0; Lorsque vous utilisez ces jumelles, la vision est large et tr\u00e8s claire pour le gain des jumelles.<br \/>\n[Jumelles professionnelles puissantes] &#8211; Les \u00e9l\u00e9ments de lentilles asph\u00e9riques \u00e0 rev\u00eatement multicouche offrent une transmission de la lumi\u00e8re sup\u00e9rieure et une distorsion minimale, une meilleure luminosit\u00e9, un meilleur contraste et une meilleure qualit\u00e9 d&#8217;image. Le prisme Bak-4 poss\u00e8de une pupille de sortie parfaitement ronde. Offre une visualisation lumineuse, claire et nette.<br \/>\n[\u00c9l\u00e9gant et solide] &#8211; Corps imperm\u00e9able au quotidien avec finition recouverte de caoutchouc pour une r\u00e9sistance aux chocs et une prise ferme et confortable, durable et portable pour l&#8217;ext\u00e9rieur, m\u00eame adapt\u00e9 aux environnements hostiles. Mais ne plongez pas les jumelles dans l\u2019eau.<br \/>\n[Facile \u00e0 r\u00e9gler] &#8211; Le bouton de mise au point central de ces jumelles compactes garantit une mise au point rapide et de haute pr\u00e9cision. Et il peut \u00e9galement se concentrer sur diff\u00e9rentes distances avec la bague oculaire droite. \u00catre utilis\u00e9 avec un tr\u00e9pied est OK. C&#8217;est donc tr\u00e8s pratique lorsque vous regardez quelque chose pendant longtemps.<br \/>\n[Polyvalent \u00e0 utiliser]-ces jumelles sont con\u00e7ues pour l&#8217;observation des oiseaux, la randonn\u00e9e, la chasse, l&#8217;escalade, les voyages, le football, le basket-ball ou toute comp\u00e9tition sportive, concert. Et c&#8217;est aussi un cadeau de No\u00ebl id\u00e9al pour les adultes, les enfants et les enfants. Astuce\u00a0: Ces jumelles ont une vision nocturne dans des conditions de faible luminosit\u00e9 et peuvent \u00eatre utilis\u00e9es la nuit, mais pas dans l&#8217;obscurit\u00e9 totale.<\/p>\n","protected":false},"featured_media":23456,"comment_status":"open","ping_status":"closed","template":"","meta":{"iawp_total_views":162},"product_brand":[],"product_cat":[39],"product_tag":[],"class_list":{"0":"post-23455","1":"product","2":"type-product","3":"status-publish","4":"has-post-thumbnail","6":"product_cat-electronics-accessories-fr","8":"first","9":"instock","10":"taxable","11":"shipping-taxable","12":"purchasable","13":"product-type-simple"},"jetpack_sharing_enabled":true,"_links":{"self":[{"href":"https:\/\/www.momengames.com\/index.php\/wp-json\/wp\/v2\/product\/23455","targetHints":{"allow":["GET"]}}],"collection":[{"href":"https:\/\/www.momengames.com\/index.php\/wp-json\/wp\/v2\/product"}],"about":[{"href":"https:\/\/www.momengames.com\/index.php\/wp-json\/wp\/v2\/types\/product"}],"replies":[{"embeddable":true,"href":"https:\/\/www.momengames.com\/index.php\/wp-json\/wp\/v2\/comments?post=23455"}],"wp:featuredmedia":[{"embeddable":true,"href":"https:\/\/www.momengames.com\/index.php\/wp-json\/wp\/v2\/media\/23456"}],"wp:attachment":[{"href":"https:\/\/www.momengames.com\/index.php\/wp-json\/wp\/v2\/media?parent=23455"}],"wp:term":[{"taxonomy":"product_brand","embeddable":true,"href":"https:\/\/www.momengames.com\/index.php\/wp-json\/wp\/v2\/product_brand?post=23455"},{"taxonomy":"product_cat","embeddable":true,"href":"https:\/\/www.momengames.com\/index.php\/wp-json\/wp\/v2\/product_cat?post=23455"},{"taxonomy":"product_tag","embeddable":true,"href":"https:\/\/www.momengames.com\/index.php\/wp-json\/wp\/v2\/product_tag?post=23455"}],"curies":[{"name":"wp","href":"https:\/\/api.w.org\/{rel}","templated":true}]}}