{"id":23449,"date":"2021-08-22T02:00:46","date_gmt":"2021-08-22T02:00:46","guid":{"rendered":"https:\/\/www.momengames.com\/index.php\/product\/jumelles-hd-12-x-42-pour-adultes-avec-adaptateur-de-telephone-universel-jumelles-haute-puissance-avec-vue-super-lumineuse-et-large-jumelles-legeres-et-etanches-pour-lobservation-d\/"},"modified":"2021-08-22T02:00:46","modified_gmt":"2021-08-22T02:00:46","slug":"jumelles-hd-12-x-42-pour-adultes-avec-adaptateur-de-telephone-universel-jumelles-haute-puissance-avec-vue-super-lumineuse-et-large-jumelles-legeres-et-etanches-pour-lobservation-d","status":"publish","type":"product","link":"https:\/\/www.momengames.com\/index.php\/product\/jumelles-hd-12-x-42-pour-adultes-avec-adaptateur-de-telephone-universel-jumelles-haute-puissance-avec-vue-super-lumineuse-et-large-jumelles-legeres-et-etanches-pour-lobservation-d\/?lang=fr","title":{"rendered":"Jumelles HD 12 x 42 pour adultes avec adaptateur de t\u00e9l\u00e9phone universel \u2013 Jumelles haute puissance avec vue super lumineuse et large \u2013 Jumelles l\u00e9g\u00e8res et \u00e9tanches pour l&#8217;observation des oiseaux, la chasse, les sports de plein air, les voyages"},"content":{"rendered":"<p>\u3010Jumelles \u00e0 grand oculaire de 18 mm, image plus grande, d\u00e9tails plus clairs\u3011 2,25 fois la taille de l&#8217;image d&#8217;un oculaire de 12 mm (par exemple jumelles 10&#215;25, 12&#215;25, 10&#215;21), 1,28 fois celle d&#8217;un oculaire de 16 mm (par exemple jumelles ordinaires 10&#215;42, 12&#215;42). Les jumelles \u00e0 grand oculaire utilisent pleinement le grossissement 12x, offrent une image plus grande et garantissent des d\u00e9tails plus clairs.<br \/>\n\u3010Jumelles \u00e0 grand objectif prisme BAK4 de 16,5 mm, super lumineuses, vue nette\u3011 Collectez 32 % de lumi\u00e8re en plus qu&#8217;un objectif \u00e0 prisme de 12,5 mm (par exemple jumelles 10 x 25, 12 x 25, 10 x 21), 13,7 % d&#8217;un objectif \u00e0 prisme de 14,5 mm (par exemple jumelles ordinaires 10 x 42, 12 x 42). . L&#8217;objectif prisme de 16,5 mm profite \u00e0 100 % de l&#8217;objectif de 42 mm, collecte plus de lumi\u00e8re et offre une vue plus lumineuse.<br \/>\n\u3010Jumelles puissantes 12&#215;42 pour adultes avec seulement 1,25 lb.\u3011Avec seulement 560 g de poids, les jumelles Adasion 12&#215;42 mm offrent un grand champ de vision de 367 pieds\/1 000 m\u00e8tres. Jumelles parfaites pour l&#8217;observation des oiseaux, la chasse et les \u00e9v\u00e9nements sportifs. Jumelles avec \u0153illetons r\u00e9glables, adapt\u00e9es aux porteurs de lunettes.<br \/>\n\u3010Jumelles avec nouvel adaptateur t\u00e9l\u00e9phonique, profitez de la photographie\u3011 Alignement rapide, compatible avec la coque du t\u00e9l\u00e9phone, portable et stable. Convient pour iPhone X, 8P, 8, 7P, 7, 6, 6s, 6P, 5, 5s, Samsung GALAXY S8, S7, S6, S6 Edge, S5, Note, Huawei, LG, HTC, Sony, etc.<br \/>\n\u3010Jumelles de qualit\u00e9, commandez sans risque\u3011Avec un contr\u00f4le de qualit\u00e9 approfondi \u00e0 100 %, nous fournissons des jumelles de haute qualit\u00e9. Contactez-nous si vous rencontrez des probl\u00e8mes, nous le r\u00e9soudrons dans les 24 heures.<\/p>\n","protected":false},"excerpt":{"rendered":"<p>\u3010Jumelles \u00e0 grand oculaire de 18 mm, image plus grande, d\u00e9tails plus clairs\u3011 2,25 fois la taille de l&#8217;image d&#8217;un oculaire de 12 mm (par exemple jumelles 10&#215;25, 12&#215;25, 10&#215;21), 1,28 fois celle d&#8217;un oculaire de 16 mm (par exemple jumelles ordinaires 10&#215;42, 12&#215;42). Les jumelles \u00e0 grand oculaire utilisent pleinement le grossissement 12x, offrent une image plus grande et garantissent des d\u00e9tails plus clairs.<br \/>\n\u3010Jumelles \u00e0 grand objectif prisme BAK4 de 16,5 mm, super lumineuses, vue nette\u3011 Collectez 32 % de lumi\u00e8re en plus qu&#8217;un objectif \u00e0 prisme de 12,5 mm (par exemple jumelles 10 x 25, 12 x 25, 10 x 21), 13,7 % d&#8217;un objectif \u00e0 prisme de 14,5 mm (par exemple jumelles ordinaires 10 x 42, 12 x 42). . L&#8217;objectif prisme de 16,5 mm profite \u00e0 100 % de l&#8217;objectif de 42 mm, collecte plus de lumi\u00e8re et offre une vue plus lumineuse.<br \/>\n\u3010Jumelles puissantes 12&#215;42 pour adultes avec seulement 1,25 lb.\u3011Avec seulement 560 g de poids, les jumelles Adasion 12&#215;42 mm offrent un grand champ de vision de 367 pieds\/1 000 m\u00e8tres. Jumelles parfaites pour l&#8217;observation des oiseaux, la chasse et les \u00e9v\u00e9nements sportifs. Jumelles avec \u0153illetons r\u00e9glables, adapt\u00e9es aux porteurs de lunettes.<br \/>\n\u3010Jumelles avec nouvel adaptateur t\u00e9l\u00e9phonique, profitez de la photographie\u3011 Alignement rapide, compatible avec la coque du t\u00e9l\u00e9phone, portable et stable. Convient pour iPhone X, 8P, 8, 7P, 7, 6, 6s, 6P, 5, 5s, Samsung GALAXY S8, S7, S6, S6 Edge, S5, Note, Huawei, LG, HTC, Sony, etc.<br \/>\n\u3010Jumelles de qualit\u00e9, commandez sans risque\u3011Avec un contr\u00f4le de qualit\u00e9 approfondi \u00e0 100 %, nous fournissons des jumelles de haute qualit\u00e9. Contactez-nous si vous rencontrez des probl\u00e8mes, nous le r\u00e9soudrons dans les 24 heures.<\/p>\n","protected":false},"featured_media":23450,"comment_status":"open","ping_status":"closed","template":"","meta":{"iawp_total_views":54},"product_brand":[],"product_cat":[39],"product_tag":[],"class_list":{"0":"post-23449","1":"product","2":"type-product","3":"status-publish","4":"has-post-thumbnail","6":"product_cat-electronics-accessories-fr","8":"first","9":"instock","10":"taxable","11":"shipping-taxable","12":"purchasable","13":"product-type-simple"},"jetpack_sharing_enabled":true,"_links":{"self":[{"href":"https:\/\/www.momengames.com\/index.php\/wp-json\/wp\/v2\/product\/23449","targetHints":{"allow":["GET"]}}],"collection":[{"href":"https:\/\/www.momengames.com\/index.php\/wp-json\/wp\/v2\/product"}],"about":[{"href":"https:\/\/www.momengames.com\/index.php\/wp-json\/wp\/v2\/types\/product"}],"replies":[{"embeddable":true,"href":"https:\/\/www.momengames.com\/index.php\/wp-json\/wp\/v2\/comments?post=23449"}],"wp:featuredmedia":[{"embeddable":true,"href":"https:\/\/www.momengames.com\/index.php\/wp-json\/wp\/v2\/media\/23450"}],"wp:attachment":[{"href":"https:\/\/www.momengames.com\/index.php\/wp-json\/wp\/v2\/media?parent=23449"}],"wp:term":[{"taxonomy":"product_brand","embeddable":true,"href":"https:\/\/www.momengames.com\/index.php\/wp-json\/wp\/v2\/product_brand?post=23449"},{"taxonomy":"product_cat","embeddable":true,"href":"https:\/\/www.momengames.com\/index.php\/wp-json\/wp\/v2\/product_cat?post=23449"},{"taxonomy":"product_tag","embeddable":true,"href":"https:\/\/www.momengames.com\/index.php\/wp-json\/wp\/v2\/product_tag?post=23449"}],"curies":[{"name":"wp","href":"https:\/\/api.w.org\/{rel}","templated":true}]}}