{"id":23429,"date":"2020-10-06T13:41:54","date_gmt":"2020-10-06T13:41:54","guid":{"rendered":"https:\/\/www.momengames.com\/index.php\/product\/steelseries-stratus-controleur-de-jeu-mobile-bluetooth-android-windows-vr-autonomie-de-la-batterie-de-plus-de-40-heures-prend-en-charge-fortnite-mobile\/"},"modified":"2020-10-06T13:41:54","modified_gmt":"2020-10-06T13:41:54","slug":"steelseries-stratus-controleur-de-jeu-mobile-bluetooth-android-windows-vr-autonomie-de-la-batterie-de-plus-de-40-heures-prend-en-charge-fortnite-mobile","status":"publish","type":"product","link":"https:\/\/www.momengames.com\/index.php\/product\/steelseries-stratus-controleur-de-jeu-mobile-bluetooth-android-windows-vr-autonomie-de-la-batterie-de-plus-de-40-heures-prend-en-charge-fortnite-mobile\/?lang=fr","title":{"rendered":"SteelSeries Stratus Contr\u00f4leur de jeu mobile Bluetooth \u2013 Android, Windows, VR \u2013 Autonomie de la batterie de plus de 40 heures \u2013 Prend en charge Fortnite Mobile"},"content":{"rendered":"<p>SteelSeries Stratus XL pour Windows + Android<br \/>\nJouez \u00e0 plus de 2 000 de vos jeux pr\u00e9f\u00e9r\u00e9s pris en charge par une manette compl\u00e8te via votre compte Steam avec la nouvelle manette de jeu sans fil Stratus XL pour Windows et Android.<\/p>\n<p>Le Stratus XL a \u00e9t\u00e9 con\u00e7u pour \u00eatre sorti de la bo\u00eete, se connecter \u00e0 un PC et commencer \u00e0 jouer. Jouez \u00e0 tous vos jeux Steam compatibles avec votre contr\u00f4leur. Cela fonctionne \u00e9galement sur tous les appareils Android.<\/p>\n","protected":false},"excerpt":{"rendered":"<p>SteelSeries Stratus XL pour Windows + Android<br \/>\nJouez \u00e0 plus de 2 000 de vos jeux pr\u00e9f\u00e9r\u00e9s pris en charge par une manette compl\u00e8te via votre compte Steam avec la nouvelle manette de jeu sans fil Stratus XL pour Windows et Android.<\/p>\n<p>Le Stratus XL a \u00e9t\u00e9 con\u00e7u pour \u00eatre sorti de la bo\u00eete, se connecter \u00e0 un PC et commencer \u00e0 jouer. Jouez \u00e0 tous vos jeux Steam compatibles avec votre contr\u00f4leur. Cela fonctionne \u00e9galement sur tous les appareils Android.<\/p>\n","protected":false},"featured_media":23430,"comment_status":"open","ping_status":"closed","template":"","meta":{"iawp_total_views":14},"product_brand":[],"product_cat":[40],"product_tag":[],"class_list":{"0":"post-23429","1":"product","2":"type-product","3":"status-publish","4":"has-post-thumbnail","6":"product_cat-pc-gamepads-standard-controllers-fr","8":"first","9":"instock","10":"taxable","11":"shipping-taxable","12":"purchasable","13":"product-type-simple"},"jetpack_sharing_enabled":true,"_links":{"self":[{"href":"https:\/\/www.momengames.com\/index.php\/wp-json\/wp\/v2\/product\/23429","targetHints":{"allow":["GET"]}}],"collection":[{"href":"https:\/\/www.momengames.com\/index.php\/wp-json\/wp\/v2\/product"}],"about":[{"href":"https:\/\/www.momengames.com\/index.php\/wp-json\/wp\/v2\/types\/product"}],"replies":[{"embeddable":true,"href":"https:\/\/www.momengames.com\/index.php\/wp-json\/wp\/v2\/comments?post=23429"}],"wp:featuredmedia":[{"embeddable":true,"href":"https:\/\/www.momengames.com\/index.php\/wp-json\/wp\/v2\/media\/23430"}],"wp:attachment":[{"href":"https:\/\/www.momengames.com\/index.php\/wp-json\/wp\/v2\/media?parent=23429"}],"wp:term":[{"taxonomy":"product_brand","embeddable":true,"href":"https:\/\/www.momengames.com\/index.php\/wp-json\/wp\/v2\/product_brand?post=23429"},{"taxonomy":"product_cat","embeddable":true,"href":"https:\/\/www.momengames.com\/index.php\/wp-json\/wp\/v2\/product_cat?post=23429"},{"taxonomy":"product_tag","embeddable":true,"href":"https:\/\/www.momengames.com\/index.php\/wp-json\/wp\/v2\/product_tag?post=23429"}],"curies":[{"name":"wp","href":"https:\/\/api.w.org\/{rel}","templated":true}]}}