{"id":23397,"date":"2020-10-02T11:42:28","date_gmt":"2020-10-02T11:42:28","guid":{"rendered":"https:\/\/www.momengames.com\/index.php\/product\/apple-magic-mouse-2-sans-fil-rechargeable-argent-souris-uniquement\/"},"modified":"2020-10-02T11:42:28","modified_gmt":"2020-10-02T11:42:28","slug":"apple-magic-mouse-2-sans-fil-rechargeable-argent-souris-uniquement","status":"publish","type":"product","link":"https:\/\/www.momengames.com\/index.php\/product\/apple-magic-mouse-2-sans-fil-rechargeable-argent-souris-uniquement\/?lang=fr","title":{"rendered":"Apple Magic Mouse 2 (sans fil, rechargeable) &#8211; Argent (souris UNIQUEMENT)"},"content":{"rendered":"<p>Magic Mouse 2 est enti\u00e8rement rechargeable, vous \u00e9liminerez donc l\u2019utilisation de piles traditionnelles.<br \/>\nIl est plus l\u00e9ger, comporte moins de pi\u00e8ces mobiles gr\u00e2ce \u00e0 sa batterie int\u00e9gr\u00e9e et \u00e0 sa coque inf\u00e9rieure continue, et poss\u00e8de une conception de pied optimis\u00e9e, tout cela aidant Magic Mouse 2 \u00e0 suivre plus facilement et \u00e0 se d\u00e9placer avec moins de r\u00e9sistance sur votre bureau.<br \/>\nEt la surface Multi-Touch vous permet d&#8217;effectuer des gestes simples tels que glisser entre des pages Web et faire d\u00e9filer des documents.<br \/>\nMulti-touches<br \/>\nBluetooth<br \/>\nPort foudre<br \/>\nSans fil<\/p>\n","protected":false},"excerpt":{"rendered":"<p>Magic Mouse 2 est enti\u00e8rement rechargeable, vous \u00e9liminerez donc l\u2019utilisation de piles traditionnelles.<br \/>\nIl est plus l\u00e9ger, comporte moins de pi\u00e8ces mobiles gr\u00e2ce \u00e0 sa batterie int\u00e9gr\u00e9e et \u00e0 sa coque inf\u00e9rieure continue, et poss\u00e8de une conception de pied optimis\u00e9e, tout cela aidant Magic Mouse 2 \u00e0 suivre plus facilement et \u00e0 se d\u00e9placer avec moins de r\u00e9sistance sur votre bureau.<br \/>\nEt la surface Multi-Touch vous permet d&#8217;effectuer des gestes simples tels que glisser entre des pages Web et faire d\u00e9filer des documents.<br \/>\nMulti-touches<br \/>\nBluetooth<br \/>\nPort foudre<br \/>\nSans fil<\/p>\n","protected":false},"featured_media":23398,"comment_status":"open","ping_status":"closed","template":"","meta":{"iawp_total_views":135},"product_brand":[],"product_cat":[39],"product_tag":[],"class_list":{"0":"post-23397","1":"product","2":"type-product","3":"status-publish","4":"has-post-thumbnail","6":"product_cat-electronics-accessories-fr","8":"first","9":"instock","10":"sale","11":"taxable","12":"shipping-taxable","13":"purchasable","14":"product-type-simple"},"jetpack_sharing_enabled":true,"_links":{"self":[{"href":"https:\/\/www.momengames.com\/index.php\/wp-json\/wp\/v2\/product\/23397","targetHints":{"allow":["GET"]}}],"collection":[{"href":"https:\/\/www.momengames.com\/index.php\/wp-json\/wp\/v2\/product"}],"about":[{"href":"https:\/\/www.momengames.com\/index.php\/wp-json\/wp\/v2\/types\/product"}],"replies":[{"embeddable":true,"href":"https:\/\/www.momengames.com\/index.php\/wp-json\/wp\/v2\/comments?post=23397"}],"wp:featuredmedia":[{"embeddable":true,"href":"https:\/\/www.momengames.com\/index.php\/wp-json\/wp\/v2\/media\/23398"}],"wp:attachment":[{"href":"https:\/\/www.momengames.com\/index.php\/wp-json\/wp\/v2\/media?parent=23397"}],"wp:term":[{"taxonomy":"product_brand","embeddable":true,"href":"https:\/\/www.momengames.com\/index.php\/wp-json\/wp\/v2\/product_brand?post=23397"},{"taxonomy":"product_cat","embeddable":true,"href":"https:\/\/www.momengames.com\/index.php\/wp-json\/wp\/v2\/product_cat?post=23397"},{"taxonomy":"product_tag","embeddable":true,"href":"https:\/\/www.momengames.com\/index.php\/wp-json\/wp\/v2\/product_tag?post=23397"}],"curies":[{"name":"wp","href":"https:\/\/api.w.org\/{rel}","templated":true}]}}