{"id":23237,"date":"2024-05-30T11:55:43","date_gmt":"2024-05-30T11:55:43","guid":{"rendered":"https:\/\/www.momengames.com\/index.php\/product\/apple-magic-keyboard-with-touch-id\/"},"modified":"2024-09-13T08:27:43","modified_gmt":"2024-09-13T08:27:43","slug":"apple-magic-keyboard-with-touch-id","status":"publish","type":"product","link":"https:\/\/www.momengames.com\/index.php\/product\/apple-magic-keyboard-with-touch-id\/?lang=de","title":{"rendered":"Apple Magic Keyboard mit Touch ID"},"content":{"rendered":"<ul class=\"a-unordered-list a-vertical a-spacing-mini\">\n<li class=\"a-spacing-mini\">KABELLOSER, WIEDERAUFLADBARER KOMFORT \u2013 Das Magic Keyboard mit Touch ID verbindet sich kabellos \u00fcber Bluetooth mit Ihrem Mac. Und dank des wiederaufladbaren internen Akkus m\u00fcssen keine losen Batterien ausgetauscht werden.<br \/>\nFUNKTIONIERT MIT JEDEM MAC MIT APPLE-SILIKON \u2013 Es wird automatisch mit Ihrem Mac mit Apple-Silizium gekoppelt, sodass Sie sofort loslegen k\u00f6nnen. Siehe die Liste der kompatiblen Ger\u00e4te oben. Erfordert einen Mac mit Apple-Silizium und macOS 11.4 oder h\u00f6her.<br \/>\nVERBESSERTES TIPPERLEBNIS \u2013 Das Magic Keyboard bietet ein bemerkenswert komfortables und pr\u00e4zises Tipperlebnis.<br \/>\nSCHNELLES ENTSPERREN MIT TOUCH ID \u2013 Mit Touch ID k\u00f6nnen Sie Ihren Mac schnell, einfach und sicher entsperren und sich bei Apps und Websites anmelden.<br \/>\nWOCHENLANG OHNE AUFLADEN \u2013 Der unglaublich langlebige interne Akku versorgt Ihr Keyboard etwa einen Monat oder l\u00e4nger mit Strom, ohne dass es aufgeladen werden muss. (Die Akkulaufzeit variiert je nach Nutzung.) Wird mit einem gewebten USB-C-auf-Lightning-Kabel geliefert, mit dem Sie es koppeln und aufladen k\u00f6nnen, indem Sie es an einen USB-C-Anschluss Ihres Mac anschlie\u00dfen.<br \/>\nZustand: Artikel wie NEU werden wieder aufgef\u00fcllt.<\/li>\n<\/ul>\n","protected":false},"excerpt":{"rendered":"<ul class=\"a-unordered-list a-vertical a-spacing-mini\">\n<li class=\"a-spacing-mini\">KABELLOSER, WIEDERAUFLADBARER KOMFORT \u2013 Das Magic Keyboard mit Touch ID verbindet sich kabellos \u00fcber Bluetooth mit Ihrem Mac. Und dank des wiederaufladbaren internen Akkus m\u00fcssen keine losen Batterien ausgetauscht werden.<br \/>\nFUNKTIONIERT MIT JEDEM MAC MIT APPLE-SILIKON \u2013 Es wird automatisch mit Ihrem Mac mit Apple-Silizium gekoppelt, sodass Sie sofort loslegen k\u00f6nnen. Siehe die Liste der kompatiblen Ger\u00e4te oben. Erfordert einen Mac mit Apple-Silizium und macOS 11.4 oder h\u00f6her.<br \/>\nVERBESSERTES TIPPERLEBNIS \u2013 Das Magic Keyboard bietet ein bemerkenswert komfortables und pr\u00e4zises Tipperlebnis.<br \/>\nSCHNELLES ENTSPERREN MIT TOUCH ID \u2013 Mit Touch ID k\u00f6nnen Sie Ihren Mac schnell, einfach und sicher entsperren und sich bei Apps und Websites anmelden.<br \/>\nWOCHENLANG OHNE AUFLADEN \u2013 Der unglaublich langlebige interne Akku versorgt Ihr Keyboard etwa einen Monat oder l\u00e4nger mit Strom, ohne dass es aufgeladen werden muss. (Die Akkulaufzeit variiert je nach Nutzung.) Wird mit einem gewebten USB-C-auf-Lightning-Kabel geliefert, mit dem Sie es koppeln und aufladen k\u00f6nnen, indem Sie es an einen USB-C-Anschluss Ihres Mac anschlie\u00dfen.<br \/>\nZustand: Artikel wie NEU werden wieder aufgef\u00fcllt.<\/li>\n<\/ul>\n","protected":false},"featured_media":22921,"comment_status":"open","ping_status":"closed","template":"","meta":{"iawp_total_views":17},"product_brand":[],"product_cat":[25],"product_tag":[],"class_list":{"0":"post-23237","1":"product","2":"type-product","3":"status-publish","4":"has-post-thumbnail","6":"product_cat-pc-gamepads-standard-controllers-de","8":"first","9":"instock","10":"sale","11":"taxable","12":"shipping-taxable","13":"purchasable","14":"product-type-simple"},"jetpack_sharing_enabled":true,"_links":{"self":[{"href":"https:\/\/www.momengames.com\/index.php\/wp-json\/wp\/v2\/product\/23237","targetHints":{"allow":["GET"]}}],"collection":[{"href":"https:\/\/www.momengames.com\/index.php\/wp-json\/wp\/v2\/product"}],"about":[{"href":"https:\/\/www.momengames.com\/index.php\/wp-json\/wp\/v2\/types\/product"}],"replies":[{"embeddable":true,"href":"https:\/\/www.momengames.com\/index.php\/wp-json\/wp\/v2\/comments?post=23237"}],"wp:featuredmedia":[{"embeddable":true,"href":"https:\/\/www.momengames.com\/index.php\/wp-json\/wp\/v2\/media\/22921"}],"wp:attachment":[{"href":"https:\/\/www.momengames.com\/index.php\/wp-json\/wp\/v2\/media?parent=23237"}],"wp:term":[{"taxonomy":"product_brand","embeddable":true,"href":"https:\/\/www.momengames.com\/index.php\/wp-json\/wp\/v2\/product_brand?post=23237"},{"taxonomy":"product_cat","embeddable":true,"href":"https:\/\/www.momengames.com\/index.php\/wp-json\/wp\/v2\/product_cat?post=23237"},{"taxonomy":"product_tag","embeddable":true,"href":"https:\/\/www.momengames.com\/index.php\/wp-json\/wp\/v2\/product_tag?post=23237"}],"curies":[{"name":"wp","href":"https:\/\/api.w.org\/{rel}","templated":true}]}}