{"id":23234,"date":"2024-05-30T03:11:37","date_gmt":"2024-05-30T03:11:37","guid":{"rendered":"https:\/\/www.momengames.com\/index.php\/product\/razer-wolverine-v2-wired-gaming-controller-for-xbox-series-xs-xbox-one-pc-remappable-front-facing-buttons-mecha-tactile-action-buttons-and-d-pad-trigger-stop-switches-black\/"},"modified":"2024-09-13T08:27:15","modified_gmt":"2024-09-13T08:27:15","slug":"razer-wolverine-v2-wired-gaming-controller-for-xbox-series-xs-xbox-one-pc-remappable-front-facing-buttons-mecha-tactile-action-buttons-and-d-pad-trigger-stop-switches-black","status":"publish","type":"product","link":"https:\/\/www.momengames.com\/index.php\/product\/razer-wolverine-v2-wired-gaming-controller-for-xbox-series-xs-xbox-one-pc-remappable-front-facing-buttons-mecha-tactile-action-buttons-and-d-pad-trigger-stop-switches-black\/?lang=de","title":{"rendered":"Kabelgebundener Gaming-Controller Razer Wolverine V2 f\u00fcr Xbox Series X|S, Xbox One, PC: Neu belegbare Tasten auf der Vorderseite \u2013 Mecha-taktile Aktionstasten und D-Pad \u2013 Trigger-Stopp-Schalter \u2013 Schwarz"},"content":{"rendered":"<ul class=\"a-unordered-list a-vertical a-spacing-mini\">\n<li class=\"a-spacing-mini\">ENTWICKELT F\u00dcR MEHR KONTROLLE UND PR\u00c4ZISION \u2013 Die Ergonomie des Controllers bietet einen nat\u00fcrlichen Griff, der eine agile und pr\u00e4zise Tasteninteraktion gew\u00e4hrleistet. Das konturierte Design und die rutschfesten Gummigriffe erm\u00f6glichen ganzt\u00e4giges Gaming bei H\u00f6chstleistung<br \/>\nZUS\u00c4TZLICHE NEU ZUORDNBARE TASTEN AUF DER VORDERSEITE \u2014 2 Multifunktionstasten auf der Vorderseite des Controllers k\u00f6nnen \u00fcber das Razer Controller Setup f\u00fcr Xbox neu zugeordnet werden, um mehr Kontrolle und einen individuelleren Spielstil zu erm\u00f6glichen<br \/>\nMECHA-TAKTILE AKTIONSTASTEN UND D-PAD \u2014 Nutzen Sie beim Ausf\u00fchren von Bewegungen eine hyperreaktive Bet\u00e4tigung mit gepolsterter Ber\u00fchrung<br \/>\nHAIR TRIGGER-MODUS MIT TRIGGER-STOP-SCHALTERN \u2014 Aktivieren Sie f\u00fcr einen Wettbewerbsvorteil den Hair Trigger-Modus \u00fcber zwei Schiebesperren auf der Unterseite des Controllers, die den Weg zu den Hauptausl\u00f6sern erheblich verk\u00fcrzen und eine ultraschnelle Feuerrate erm\u00f6glichen<br \/>\nANALOGER 3,5-MM-AUDIOANSCHLUSS \u2014 Spielen Sie stundenlang bequem weiter, indem Sie ein 3,5-mm-Audioger\u00e4t einfach und bequem direkt an den Controller anschlie\u00dfen, anstatt an die Konsole<br \/>\nRAZER CONTROLLER-SETUP F\u00dcR XBOX \u2014 Erleben Sie endlose Anpassungsm\u00f6glichkeiten des Controllers. Mit dem Razer Controller Setup f\u00fcr Xbox k\u00f6nnen Gamer Tasten neu zuordnen und Profileinstellungen speichern, um das Gameplay zu optimieren<br \/>\nENTWICKELT F\u00dcR XBOX \u2013 Offiziell lizenziert und gemeinsam mit Xbox entwickelt, um das bestm\u00f6gliche Gaming-Erlebnis zu bieten<\/li>\n<\/ul>\n","protected":false},"excerpt":{"rendered":"<ul class=\"a-unordered-list a-vertical a-spacing-mini\">\n<li class=\"a-spacing-mini\">ENTWICKELT F\u00dcR MEHR KONTROLLE UND PR\u00c4ZISION \u2013 Die Ergonomie des Controllers bietet einen nat\u00fcrlichen Griff, der eine agile und pr\u00e4zise Tasteninteraktion gew\u00e4hrleistet. Das konturierte Design und die rutschfesten Gummigriffe erm\u00f6glichen ganzt\u00e4giges Gaming bei H\u00f6chstleistung<br \/>\nZUS\u00c4TZLICHE NEU ZUORDNBARE TASTEN AUF DER VORDERSEITE \u2014 2 Multifunktionstasten auf der Vorderseite des Controllers k\u00f6nnen \u00fcber das Razer Controller Setup f\u00fcr Xbox neu zugeordnet werden, um mehr Kontrolle und einen individuelleren Spielstil zu erm\u00f6glichen<br \/>\nMECHA-TAKTILE AKTIONSTASTEN UND D-PAD \u2014 Nutzen Sie beim Ausf\u00fchren von Bewegungen eine hyperreaktive Bet\u00e4tigung mit gepolsterter Ber\u00fchrung<br \/>\nHAIR TRIGGER-MODUS MIT TRIGGER-STOP-SCHALTERN \u2014 Aktivieren Sie f\u00fcr einen Wettbewerbsvorteil den Hair Trigger-Modus \u00fcber zwei Schiebesperren auf der Unterseite des Controllers, die den Weg zu den Hauptausl\u00f6sern erheblich verk\u00fcrzen und eine ultraschnelle Feuerrate erm\u00f6glichen<br \/>\nANALOGER 3,5-MM-AUDIOANSCHLUSS \u2014 Spielen Sie stundenlang bequem weiter, indem Sie ein 3,5-mm-Audioger\u00e4t einfach und bequem direkt an den Controller anschlie\u00dfen, anstatt an die Konsole<br \/>\nRAZER CONTROLLER-SETUP F\u00dcR XBOX \u2014 Erleben Sie endlose Anpassungsm\u00f6glichkeiten des Controllers. Mit dem Razer Controller Setup f\u00fcr Xbox k\u00f6nnen Gamer Tasten neu zuordnen und Profileinstellungen speichern, um das Gameplay zu optimieren<br \/>\nENTWICKELT F\u00dcR XBOX \u2013 Offiziell lizenziert und gemeinsam mit Xbox entwickelt, um das bestm\u00f6gliche Gaming-Erlebnis zu bieten<\/li>\n<\/ul>\n","protected":false},"featured_media":22909,"comment_status":"open","ping_status":"closed","template":"","meta":{"iawp_total_views":3},"product_brand":[],"product_cat":[25],"product_tag":[],"class_list":{"0":"post-23234","1":"product","2":"type-product","3":"status-publish","4":"has-post-thumbnail","6":"product_cat-pc-gamepads-standard-controllers-de","8":"first","9":"instock","10":"sale","11":"taxable","12":"shipping-taxable","13":"purchasable","14":"product-type-simple"},"jetpack_sharing_enabled":true,"_links":{"self":[{"href":"https:\/\/www.momengames.com\/index.php\/wp-json\/wp\/v2\/product\/23234","targetHints":{"allow":["GET"]}}],"collection":[{"href":"https:\/\/www.momengames.com\/index.php\/wp-json\/wp\/v2\/product"}],"about":[{"href":"https:\/\/www.momengames.com\/index.php\/wp-json\/wp\/v2\/types\/product"}],"replies":[{"embeddable":true,"href":"https:\/\/www.momengames.com\/index.php\/wp-json\/wp\/v2\/comments?post=23234"}],"wp:featuredmedia":[{"embeddable":true,"href":"https:\/\/www.momengames.com\/index.php\/wp-json\/wp\/v2\/media\/22909"}],"wp:attachment":[{"href":"https:\/\/www.momengames.com\/index.php\/wp-json\/wp\/v2\/media?parent=23234"}],"wp:term":[{"taxonomy":"product_brand","embeddable":true,"href":"https:\/\/www.momengames.com\/index.php\/wp-json\/wp\/v2\/product_brand?post=23234"},{"taxonomy":"product_cat","embeddable":true,"href":"https:\/\/www.momengames.com\/index.php\/wp-json\/wp\/v2\/product_cat?post=23234"},{"taxonomy":"product_tag","embeddable":true,"href":"https:\/\/www.momengames.com\/index.php\/wp-json\/wp\/v2\/product_tag?post=23234"}],"curies":[{"name":"wp","href":"https:\/\/api.w.org\/{rel}","templated":true}]}}