{"id":23233,"date":"2024-05-30T03:08:08","date_gmt":"2024-05-30T03:08:08","guid":{"rendered":"https:\/\/www.momengames.com\/index.php\/product\/razer-kraken-kitty-v2-usb-wired-rgb-headset-chroma-kitty-ears-stream-reactive-lighting-hyperclear-cardioid-mic-triforce-40-mm-drivers-7-1-surround-sound-quartz-pink\/"},"modified":"2024-09-13T08:27:09","modified_gmt":"2024-09-13T08:27:09","slug":"razer-kraken-kitty-v2-usb-wired-rgb-headset-chroma-kitty-ears-stream-reactive-lighting-hyperclear-cardioid-mic-triforce-40-mm-drivers-7-1-surround-sound-quartz-pink","status":"publish","type":"product","link":"https:\/\/www.momengames.com\/index.php\/product\/razer-kraken-kitty-v2-usb-wired-rgb-headset-chroma-kitty-ears-stream-reactive-lighting-hyperclear-cardioid-mic-triforce-40-mm-drivers-7-1-surround-sound-quartz-pink\/?lang=de","title":{"rendered":"Razer Kraken Kitty V2 USB-RGB-Headset mit Kabel: Chroma Kitty Ears \u2013 Stream-reaktive Beleuchtung \u2013 HyperClear-Nierenmikrofon \u2013 Triforce 40-mm-Treiber \u2013 7.1-Surround-Sound \u2013 Quartz Pink"},"content":{"rendered":"<ul class=\"a-unordered-list a-vertical a-spacing-mini\">\n<li class=\"a-spacing-mini\">KATZENOHREN F\u00dcR STIL \u2013 Mit einem Paar einzigartiger Katzenohren heben Sie sich im Stream von der Masse ab, mit einem Headset, das auf Ihre Pers\u00f6nlichkeit abgestimmt ist<br \/>\nSTREAMREAKTIVE BELEUCHTUNG \u2013 Zeigen Sie Ihre Pers\u00f6nlichkeit und fesseln Sie die Zuschauer mit einer Ohrmuschelbeleuchtung, die auf Emotes, Warnungen und mehr reagiert \u2013 anpassbar aus \u00fcber 16,8 Millionen Farben und unz\u00e4hligen Effekten<br \/>\nHYPERCLEAR CARDIOID MIC \u2013 Mit einem Sweet Spot, der so eingestellt ist, dass er weniger L\u00e4rm aus allen anderen Richtungen aufnimmt, sorgt das Mikrofon daf\u00fcr, dass die Stimme so klar ist wie der Stil<br \/>\nTRIFORCE 40-mm-TREIBER \u2013 Das patentierte 3-teilige Treiberdesign des Headsets erzeugt au\u00dfergew\u00f6hnliche H\u00f6hen, Mitten und Tiefen, die nicht matschig wirken \u2013 und bietet Hi-Fi-Audio, das so gut klingt, wie es aussieht<br \/>\n7.1 SURROUND SOUND \u2013 Steigern Sie die Spielwahrnehmung und lassen Sie nichts den Katzenohren entgehen mit pr\u00e4zisem Positionsaudio, das den Ton von \u00fcberall aus lokalisiert (nur verf\u00fcgbar unter Windows 10 64-Bit)<br \/>\nHYBRID FABRIC &amp; KUNSTLEDERPOLSTER \u2014 Die bequemen Ohrmuscheln des Headsets erm\u00f6glichen stundenlanges Streaming ohne Erm\u00fcdungserscheinungen und eine hervorragende Ger\u00e4uschisolierung f\u00fcr ungest\u00f6rtes Eintauchen<\/li>\n<\/ul>\n","protected":false},"excerpt":{"rendered":"<ul class=\"a-unordered-list a-vertical a-spacing-mini\">\n<li class=\"a-spacing-mini\">KATZENOHREN F\u00dcR STIL \u2013 Mit einem Paar einzigartiger Katzenohren heben Sie sich im Stream von der Masse ab, mit einem Headset, das auf Ihre Pers\u00f6nlichkeit abgestimmt ist<br \/>\nSTREAMREAKTIVE BELEUCHTUNG \u2013 Zeigen Sie Ihre Pers\u00f6nlichkeit und fesseln Sie die Zuschauer mit einer Ohrmuschelbeleuchtung, die auf Emotes, Warnungen und mehr reagiert \u2013 anpassbar aus \u00fcber 16,8 Millionen Farben und unz\u00e4hligen Effekten<br \/>\nHYPERCLEAR CARDIOID MIC \u2013 Mit einem Sweet Spot, der so eingestellt ist, dass er weniger L\u00e4rm aus allen anderen Richtungen aufnimmt, sorgt das Mikrofon daf\u00fcr, dass die Stimme so klar ist wie der Stil<br \/>\nTRIFORCE 40-mm-TREIBER \u2013 Das patentierte 3-teilige Treiberdesign des Headsets erzeugt au\u00dfergew\u00f6hnliche H\u00f6hen, Mitten und Tiefen, die nicht matschig wirken \u2013 und bietet Hi-Fi-Audio, das so gut klingt, wie es aussieht<br \/>\n7.1 SURROUND SOUND \u2013 Steigern Sie die Spielwahrnehmung und lassen Sie nichts den Katzenohren entgehen mit pr\u00e4zisem Positionsaudio, das den Ton von \u00fcberall aus lokalisiert (nur verf\u00fcgbar unter Windows 10 64-Bit)<br \/>\nHYBRID FABRIC &amp; KUNSTLEDERPOLSTER \u2014 Die bequemen Ohrmuscheln des Headsets erm\u00f6glichen stundenlanges Streaming ohne Erm\u00fcdungserscheinungen und eine hervorragende Ger\u00e4uschisolierung f\u00fcr ungest\u00f6rtes Eintauchen<\/li>\n<\/ul>\n","protected":false},"featured_media":22906,"comment_status":"open","ping_status":"closed","template":"","meta":{"iawp_total_views":1},"product_brand":[],"product_cat":[24],"product_tag":[],"class_list":{"0":"post-23233","1":"product","2":"type-product","3":"status-publish","4":"has-post-thumbnail","6":"product_cat-electronics-accessories-de","8":"first","9":"instock","10":"sale","11":"taxable","12":"shipping-taxable","13":"purchasable","14":"product-type-simple"},"jetpack_sharing_enabled":true,"_links":{"self":[{"href":"https:\/\/www.momengames.com\/index.php\/wp-json\/wp\/v2\/product\/23233","targetHints":{"allow":["GET"]}}],"collection":[{"href":"https:\/\/www.momengames.com\/index.php\/wp-json\/wp\/v2\/product"}],"about":[{"href":"https:\/\/www.momengames.com\/index.php\/wp-json\/wp\/v2\/types\/product"}],"replies":[{"embeddable":true,"href":"https:\/\/www.momengames.com\/index.php\/wp-json\/wp\/v2\/comments?post=23233"}],"wp:featuredmedia":[{"embeddable":true,"href":"https:\/\/www.momengames.com\/index.php\/wp-json\/wp\/v2\/media\/22906"}],"wp:attachment":[{"href":"https:\/\/www.momengames.com\/index.php\/wp-json\/wp\/v2\/media?parent=23233"}],"wp:term":[{"taxonomy":"product_brand","embeddable":true,"href":"https:\/\/www.momengames.com\/index.php\/wp-json\/wp\/v2\/product_brand?post=23233"},{"taxonomy":"product_cat","embeddable":true,"href":"https:\/\/www.momengames.com\/index.php\/wp-json\/wp\/v2\/product_cat?post=23233"},{"taxonomy":"product_tag","embeddable":true,"href":"https:\/\/www.momengames.com\/index.php\/wp-json\/wp\/v2\/product_tag?post=23233"}],"curies":[{"name":"wp","href":"https:\/\/api.w.org\/{rel}","templated":true}]}}