{"id":23225,"date":"2024-05-29T15:16:51","date_gmt":"2024-05-29T15:16:51","guid":{"rendered":"https:\/\/www.momengames.com\/index.php\/product\/razer-blackshark-v2-x-gaming-headset-7-1-surround-sound-50mm-drivers-memory-foam-cushion-for-pc-ps4-ps5-switch-3-5mm-audio-jack-black\/"},"modified":"2024-09-13T08:26:07","modified_gmt":"2024-09-13T08:26:07","slug":"razer-blackshark-v2-x-gaming-headset-7-1-surround-sound-50mm-drivers-memory-foam-cushion-for-pc-ps4-ps5-switch-3-5mm-audio-jack-black","status":"publish","type":"product","link":"https:\/\/www.momengames.com\/index.php\/product\/razer-blackshark-v2-x-gaming-headset-7-1-surround-sound-50mm-drivers-memory-foam-cushion-for-pc-ps4-ps5-switch-3-5mm-audio-jack-black\/?lang=de","title":{"rendered":"Razer BlackShark V2 X Gaming-Headset: 7.1 Surround Sound \u2013 50-mm-Treiber \u2013 Memory Foam-Polster \u2013 F\u00fcr PC, PS4, PS5, Switch \u2013 3,5-mm-Audiobuchse \u2013 Schwarz"},"content":{"rendered":"<ul class=\"a-unordered-list a-vertical a-spacing-mini\">\n<li class=\"a-spacing-mini\">Fortschrittliche passive Ger\u00e4uschunterdr\u00fcckung: Robuste, geschlossene Ohrmuscheln decken die Ohren vollst\u00e4ndig ab, um zu verhindern, dass L\u00e4rm in das Headset eindringt. Die Polster sorgen f\u00fcr eine bessere Schallisolierung und eine bessere Abdichtung.<br \/>\n7.1-Surround-Sound f\u00fcr Positionsaudio: Ausgestattet mit individuell abgestimmten 50-mm-Treibern, die softwaregesteuerten Surround-Sound erm\u00f6glichen. *Nur unter Windows 10 64 Bit verf\u00fcgbar.<br \/>\nTriforce Titanium 50-mm-High-End-Soundtreiber: Mit titanbeschichteten Membranen f\u00fcr zus\u00e4tzliche Klarheit teilt unser neues, hochmodernes, propriet\u00e4res Design den Treiber in drei Teile, um H\u00f6hen, Mitten und Tiefen individuell abzustimmen \u2013 f\u00fcr helleren, klareren Klang mit satteren H\u00f6hen und kr\u00e4ftigeren Tiefen.<br \/>\nLeichtgewichtiges Design mit atmungsaktiven Schaumstoff-Ohrpolstern: Mit nur 240 g ist das BlackShark V2X von Grund auf auf maximalen Komfort ausgelegt.<br \/>\nHyperclear-Nierenmikrofon: Verbessertes Aufnahmemuster sorgt f\u00fcr mehr Stimme und weniger L\u00e4rm, da es sich zur R\u00fcckseite und den Seiten des Mikrofons hin verj\u00fcngt.<br \/>\nPlattform\u00fcbergreifende Kompatibilit\u00e4t: Funktioniert mit PC, Mac, PS4, Xbox One, Nintendo Switch \u00fcber 3,5-mm-Buchse, genie\u00dfen Sie unfaire Audiovorteile auf fast jeder Plattform. Ein Xbox One-Stereoadapter kann erforderlich sein (separat erh\u00e4ltlich).<\/li>\n<\/ul>\n","protected":false},"excerpt":{"rendered":"<ul class=\"a-unordered-list a-vertical a-spacing-mini\">\n<li class=\"a-spacing-mini\">Fortschrittliche passive Ger\u00e4uschunterdr\u00fcckung: Robuste, geschlossene Ohrmuscheln decken die Ohren vollst\u00e4ndig ab, um zu verhindern, dass L\u00e4rm in das Headset eindringt. Die Polster sorgen f\u00fcr eine bessere Schallisolierung und eine bessere Abdichtung.<br \/>\n7.1-Surround-Sound f\u00fcr Positionsaudio: Ausgestattet mit individuell abgestimmten 50-mm-Treibern, die softwaregesteuerten Surround-Sound erm\u00f6glichen. *Nur unter Windows 10 64 Bit verf\u00fcgbar.<br \/>\nTriforce Titanium 50-mm-High-End-Soundtreiber: Mit titanbeschichteten Membranen f\u00fcr zus\u00e4tzliche Klarheit teilt unser neues, hochmodernes, propriet\u00e4res Design den Treiber in drei Teile, um H\u00f6hen, Mitten und Tiefen individuell abzustimmen \u2013 f\u00fcr helleren, klareren Klang mit satteren H\u00f6hen und kr\u00e4ftigeren Tiefen.<br \/>\nLeichtgewichtiges Design mit atmungsaktiven Schaumstoff-Ohrpolstern: Mit nur 240 g ist das BlackShark V2X von Grund auf auf maximalen Komfort ausgelegt.<br \/>\nHyperclear-Nierenmikrofon: Verbessertes Aufnahmemuster sorgt f\u00fcr mehr Stimme und weniger L\u00e4rm, da es sich zur R\u00fcckseite und den Seiten des Mikrofons hin verj\u00fcngt.<br \/>\nPlattform\u00fcbergreifende Kompatibilit\u00e4t: Funktioniert mit PC, Mac, PS4, Xbox One, Nintendo Switch \u00fcber 3,5-mm-Buchse, genie\u00dfen Sie unfaire Audiovorteile auf fast jeder Plattform. Ein Xbox One-Stereoadapter kann erforderlich sein (separat erh\u00e4ltlich).<\/li>\n<\/ul>\n","protected":false},"featured_media":22877,"comment_status":"open","ping_status":"closed","template":"","meta":{"iawp_total_views":2},"product_brand":[],"product_cat":[24],"product_tag":[],"class_list":{"0":"post-23225","1":"product","2":"type-product","3":"status-publish","4":"has-post-thumbnail","6":"product_cat-electronics-accessories-de","8":"first","9":"instock","10":"sale","11":"taxable","12":"shipping-taxable","13":"purchasable","14":"product-type-simple"},"jetpack_sharing_enabled":true,"_links":{"self":[{"href":"https:\/\/www.momengames.com\/index.php\/wp-json\/wp\/v2\/product\/23225","targetHints":{"allow":["GET"]}}],"collection":[{"href":"https:\/\/www.momengames.com\/index.php\/wp-json\/wp\/v2\/product"}],"about":[{"href":"https:\/\/www.momengames.com\/index.php\/wp-json\/wp\/v2\/types\/product"}],"replies":[{"embeddable":true,"href":"https:\/\/www.momengames.com\/index.php\/wp-json\/wp\/v2\/comments?post=23225"}],"wp:featuredmedia":[{"embeddable":true,"href":"https:\/\/www.momengames.com\/index.php\/wp-json\/wp\/v2\/media\/22877"}],"wp:attachment":[{"href":"https:\/\/www.momengames.com\/index.php\/wp-json\/wp\/v2\/media?parent=23225"}],"wp:term":[{"taxonomy":"product_brand","embeddable":true,"href":"https:\/\/www.momengames.com\/index.php\/wp-json\/wp\/v2\/product_brand?post=23225"},{"taxonomy":"product_cat","embeddable":true,"href":"https:\/\/www.momengames.com\/index.php\/wp-json\/wp\/v2\/product_cat?post=23225"},{"taxonomy":"product_tag","embeddable":true,"href":"https:\/\/www.momengames.com\/index.php\/wp-json\/wp\/v2\/product_tag?post=23225"}],"curies":[{"name":"wp","href":"https:\/\/api.w.org\/{rel}","templated":true}]}}