{"id":131,"date":"2020-10-02T11:45:07","date_gmt":"2020-10-02T11:45:07","guid":{"rendered":"https:\/\/www.momengames.com\/index.php\/product\/apple-magic-keyboard-with-numeric-keypad-wireless-rechargable-us-english-silver\/"},"modified":"2020-10-02T11:45:07","modified_gmt":"2020-10-02T11:45:07","slug":"apple-magic-keyboard-with-numeric-keypad-wireless-rechargable-us-english-silver","status":"publish","type":"product","link":"https:\/\/www.momengames.com\/index.php\/product\/apple-magic-keyboard-with-numeric-keypad-wireless-rechargable-us-english-silver\/?lang=de","title":{"rendered":"Apple Magic Keyboard mit Ziffernblock (drahtlos, wiederaufladbar) (US-Englisch) &#8211; Silber"},"content":{"rendered":"<p>Die Magic-Tastatur mit Ziffernblock verf\u00fcgt \u00fcber ein erweitertes Layout mit Steuerelementen f\u00fcr die Dokumentennavigation zum schnellen Scrollen und Pfeiltasten in voller Gr\u00f6\u00dfe f\u00fcr Spiele.<br \/>Ein Scherenmechanismus unter jeder Taste sorgt f\u00fcr mehr Stabilit\u00e4t, w\u00e4hrend ein optimierter Tastenhub und ein niedriges Profil f\u00fcr ein komfortables und pr\u00e4zises Tipperlebnis sorgen.<br \/>Das numerische Tastenfeld eignet sich auch hervorragend f\u00fcr Tabellenkalkulationen und Finanzanwendungen.<\/p>\n","protected":false},"excerpt":{"rendered":"<p>Die Magic-Tastatur mit Ziffernblock verf\u00fcgt \u00fcber ein erweitertes Layout mit Steuerelementen f\u00fcr die Dokumentennavigation zum schnellen Scrollen und Pfeiltasten in voller Gr\u00f6\u00dfe f\u00fcr Spiele.<br \/>Ein Scherenmechanismus unter jeder Taste sorgt f\u00fcr mehr Stabilit\u00e4t, w\u00e4hrend ein optimierter Tastenhub und ein niedriges Profil f\u00fcr ein komfortables und pr\u00e4zises Tipperlebnis sorgen.<br \/>Das numerische Tastenfeld eignet sich auch hervorragend f\u00fcr Tabellenkalkulationen und Finanzanwendungen.<\/p>\n","protected":false},"featured_media":132,"comment_status":"open","ping_status":"closed","template":"","meta":{"iawp_total_views":0},"product_brand":[],"product_cat":[24],"product_tag":[],"class_list":{"0":"post-131","1":"product","2":"type-product","3":"status-publish","4":"has-post-thumbnail","6":"product_cat-electronics-accessories-de","8":"first","9":"instock","10":"taxable","11":"shipping-taxable","12":"purchasable","13":"product-type-simple"},"jetpack_sharing_enabled":true,"_links":{"self":[{"href":"https:\/\/www.momengames.com\/index.php\/wp-json\/wp\/v2\/product\/131","targetHints":{"allow":["GET"]}}],"collection":[{"href":"https:\/\/www.momengames.com\/index.php\/wp-json\/wp\/v2\/product"}],"about":[{"href":"https:\/\/www.momengames.com\/index.php\/wp-json\/wp\/v2\/types\/product"}],"replies":[{"embeddable":true,"href":"https:\/\/www.momengames.com\/index.php\/wp-json\/wp\/v2\/comments?post=131"}],"wp:featuredmedia":[{"embeddable":true,"href":"https:\/\/www.momengames.com\/index.php\/wp-json\/wp\/v2\/media\/132"}],"wp:attachment":[{"href":"https:\/\/www.momengames.com\/index.php\/wp-json\/wp\/v2\/media?parent=131"}],"wp:term":[{"taxonomy":"product_brand","embeddable":true,"href":"https:\/\/www.momengames.com\/index.php\/wp-json\/wp\/v2\/product_brand?post=131"},{"taxonomy":"product_cat","embeddable":true,"href":"https:\/\/www.momengames.com\/index.php\/wp-json\/wp\/v2\/product_cat?post=131"},{"taxonomy":"product_tag","embeddable":true,"href":"https:\/\/www.momengames.com\/index.php\/wp-json\/wp\/v2\/product_tag?post=131"}],"curies":[{"name":"wp","href":"https:\/\/api.w.org\/{rel}","templated":true}]}}