{"id":125,"date":"2020-10-02T12:09:46","date_gmt":"2020-10-02T12:09:46","guid":{"rendered":"https:\/\/www.momengames.com\/index.php\/product\/benq-el2870u-28-inch-4k-monitor-for-gaming-1ms-response-time-freesync-hdr-eye-care-speakers\/"},"modified":"2025-09-25T06:48:46","modified_gmt":"2025-09-25T06:48:46","slug":"benq-el2870u-28-inch-4k-monitor-for-gaming-1ms-response-time-freesync-hdr-eye-care-speakers","status":"publish","type":"product","link":"https:\/\/www.momengames.com\/index.php\/product\/benq-el2870u-28-inch-4k-monitor-for-gaming-1ms-response-time-freesync-hdr-eye-care-speakers\/?lang=de","title":{"rendered":"BenQ EL2870U 28-Zoll-4K-Monitor f\u00fcr Spiele 1 ms Reaktionszeit, FreeSync, HDR, Augenpflege, Lautsprecher"},"content":{"rendered":"<p>Gr\u00f6\u00dfe: 28 &#8220;4K 1ms | Farbe: Metallic Grey<br \/>L2870U kombiniert HDR mit der Brightness Intelligence Plus-Technologie (B. I. + Tech.), Um helle Bereiche sanft zu mildern und dunkle Details kristallklar zu halten. Der einfache Hotkey des EL2870U schaltet zwischen 4 HDR- und B. I. + -Modi um, um maximalen Kontrast und Lebendigkeit in Einklang zu bringen und die hervorragende Bildleistung von HDR bei gleichzeitiger Wahrung Ihres Sehkomforts voll zu genie\u00dfen. Das Bild hat eine fehlerhafte F\u00e4rbung &#8211; Gehen Sie zu Bild und setzen Sie die Farbe zur\u00fcck und w\u00e4hlen Sie dann JA, um die Farbeinstellungen auf die Werkseinstellungen zur\u00fcckzusetzen. Wenn das Bild immer noch nicht korrekt ist und das OSD auch eine fehlerhafte F\u00e4rbung aufweist, bedeutet dies, dass eine der drei Prim\u00e4rfarben im Signaleingang fehlt. \u00dcberpr\u00fcfen Sie nun die Signalkabelstecker. Wenn ein Stift verbogen oder abgebrochen ist, wenden Sie sich bitte an Ihren H\u00e4ndler, um die erforderliche Unterst\u00fctzung zu erhalten. Das Bild ist verzerrt, blinkt oder flackert. Lesen Sie die Anweisungen unter dem Link &#8220;Anpassen der Bildschirmaufl\u00f6sung&#8221; auf der CD. W\u00e4hlen Sie dann die richtige Aufl\u00f6sung, Bildwiederholfrequenz und nehmen Sie die entsprechenden Anpassungen vor. Das Bild ist unscharf. Lesen Sie die Anweisungen unter dem Link &#8220;Anpassen der Bildschirmaufl\u00f6sung&#8221; auf der CD und w\u00e4hlen Sie dann die richtige Aufl\u00f6sung, Bildwiederholfrequenz und Anpassungen basierend auf diesen Anweisungen aus. Wenn ein VGA-Verl\u00e4ngerungskabel verwendet wird, entfernen Sie das Verl\u00e4ngerungskabel Wenn dies nicht der Fall ist, optimieren Sie das Bild, indem Sie die Anweisungen im Abschnitt &#8220;Anpassen der Bildwiederholfrequenz&#8221; unter dem Link &#8220;Anpassen der Bildschirmaufl\u00f6sung&#8221; durcharbeiten. Es ist normal, dass Unsch\u00e4rfen aufgrund von auftreten Leitungsverluste in Verl\u00e4ngerungskabeln Sie k\u00f6nnen diese Verluste minimieren, indem Sie ein Verl\u00e4ngerungskabel mit besserer Leitungsqualit\u00e4t oder einen eingebauten Booster verwenden.<\/p>\n","protected":false},"excerpt":{"rendered":"<p>Gr\u00f6\u00dfe: 28 &#8220;4K 1ms | Farbe: Metallic Grey<br \/>L2870U kombiniert HDR mit der Brightness Intelligence Plus-Technologie (B. I. + Tech.), Um helle Bereiche sanft zu mildern und dunkle Details kristallklar zu halten. Der einfache Hotkey des EL2870U schaltet zwischen 4 HDR- und B. I. + -Modi um, um maximalen Kontrast und Lebendigkeit in Einklang zu bringen und die hervorragende Bildleistung von HDR bei gleichzeitiger Wahrung Ihres Sehkomforts voll zu genie\u00dfen. Das Bild hat eine fehlerhafte F\u00e4rbung &#8211; Gehen Sie zu Bild und setzen Sie die Farbe zur\u00fcck und w\u00e4hlen Sie dann JA, um die Farbeinstellungen auf die Werkseinstellungen zur\u00fcckzusetzen. Wenn das Bild immer noch nicht korrekt ist und das OSD auch eine fehlerhafte F\u00e4rbung aufweist, bedeutet dies, dass eine der drei Prim\u00e4rfarben im Signaleingang fehlt. \u00dcberpr\u00fcfen Sie nun die Signalkabelstecker. Wenn ein Stift verbogen oder abgebrochen ist, wenden Sie sich bitte an Ihren H\u00e4ndler, um die erforderliche Unterst\u00fctzung zu erhalten. Das Bild ist verzerrt, blinkt oder flackert. Lesen Sie die Anweisungen unter dem Link &#8220;Anpassen der Bildschirmaufl\u00f6sung&#8221; auf der CD. W\u00e4hlen Sie dann die richtige Aufl\u00f6sung, Bildwiederholfrequenz und nehmen Sie die entsprechenden Anpassungen vor. Das Bild ist unscharf. Lesen Sie die Anweisungen unter dem Link &#8220;Anpassen der Bildschirmaufl\u00f6sung&#8221; auf der CD und w\u00e4hlen Sie dann die richtige Aufl\u00f6sung, Bildwiederholfrequenz und Anpassungen basierend auf diesen Anweisungen aus. Wenn ein VGA-Verl\u00e4ngerungskabel verwendet wird, entfernen Sie das Verl\u00e4ngerungskabel Wenn dies nicht der Fall ist, optimieren Sie das Bild, indem Sie die Anweisungen im Abschnitt &#8220;Anpassen der Bildwiederholfrequenz&#8221; unter dem Link &#8220;Anpassen der Bildschirmaufl\u00f6sung&#8221; durcharbeiten. Es ist normal, dass Unsch\u00e4rfen aufgrund von auftreten Leitungsverluste in Verl\u00e4ngerungskabeln Sie k\u00f6nnen diese Verluste minimieren, indem Sie ein Verl\u00e4ngerungskabel mit besserer Leitungsqualit\u00e4t oder einen eingebauten Booster verwenden.<\/p>\n","protected":false},"featured_media":126,"comment_status":"open","ping_status":"closed","template":"","meta":{"iawp_total_views":291},"product_brand":[],"product_cat":[24,50],"product_tag":[],"class_list":{"0":"post-125","1":"product","2":"type-product","3":"status-publish","4":"has-post-thumbnail","6":"product_cat-electronics-accessories-de","7":"product_cat-monitor-de","9":"first","10":"instock","11":"taxable","12":"shipping-taxable","13":"purchasable","14":"product-type-simple"},"jetpack_sharing_enabled":true,"_links":{"self":[{"href":"https:\/\/www.momengames.com\/index.php\/wp-json\/wp\/v2\/product\/125","targetHints":{"allow":["GET"]}}],"collection":[{"href":"https:\/\/www.momengames.com\/index.php\/wp-json\/wp\/v2\/product"}],"about":[{"href":"https:\/\/www.momengames.com\/index.php\/wp-json\/wp\/v2\/types\/product"}],"replies":[{"embeddable":true,"href":"https:\/\/www.momengames.com\/index.php\/wp-json\/wp\/v2\/comments?post=125"}],"wp:featuredmedia":[{"embeddable":true,"href":"https:\/\/www.momengames.com\/index.php\/wp-json\/wp\/v2\/media\/126"}],"wp:attachment":[{"href":"https:\/\/www.momengames.com\/index.php\/wp-json\/wp\/v2\/media?parent=125"}],"wp:term":[{"taxonomy":"product_brand","embeddable":true,"href":"https:\/\/www.momengames.com\/index.php\/wp-json\/wp\/v2\/product_brand?post=125"},{"taxonomy":"product_cat","embeddable":true,"href":"https:\/\/www.momengames.com\/index.php\/wp-json\/wp\/v2\/product_cat?post=125"},{"taxonomy":"product_tag","embeddable":true,"href":"https:\/\/www.momengames.com\/index.php\/wp-json\/wp\/v2\/product_tag?post=125"}],"curies":[{"name":"wp","href":"https:\/\/api.w.org\/{rel}","templated":true}]}}