{"id":121,"date":"2020-10-06T13:35:31","date_gmt":"2020-10-06T13:35:31","guid":{"rendered":"https:\/\/www.momengames.com\/index.php\/product\/logitech-gamepad-f310-silver\/"},"modified":"2020-10-06T13:35:31","modified_gmt":"2020-10-06T13:35:31","slug":"logitech-gamepad-f310-silver","status":"publish","type":"product","link":"https:\/\/www.momengames.com\/index.php\/product\/logitech-gamepad-f310-silver\/?lang=de","title":{"rendered":"Logitech Gamepad F310 &#8211; Silber"},"content":{"rendered":"<p>Konsolensteuerung f\u00fcr Ihre PC-Spiele &#8211; Erleben Sie mit dem Gamepad F310 das Konsolenspiel, nach dem Sie sich auf Ihrem PC sehnen. Mit seiner vertrauten Form und seinem Layout einfach zu bedienen, unterst\u00fctzt es neue Spiele und alte Favoriten. Programmierbare Bedienelemente erm\u00f6glichen eine individuellere Benutzererfahrung, w\u00e4hrend das schwebende Steuerkreuz eine schnelle Reaktion erm\u00f6glicht. Schlie\u00dfen Sie es einfach an und machen Sie sich bereit, um so zu spielen, wie Sie m\u00f6chten: um zu gewinnen.<\/p>\n<p>Einfache Plug-and-Play-USB-Verbindung &#8211; funktioniert mit Windows XP, Vista und 7<br \/>Anpassbar mit Profiler-Software (erfordert Softwareinstallation)<br \/>Umfassende Spielunterst\u00fctzung &#8211; funktioniert mit beliebten neuen Titeln und alten Favoriten<br \/>10 programmierbare Tasten, programmierbares 8-Wege-Steuerkreuz<br \/>HINWEIS: Lesen Sie vor der Verwendung das Benutzerhandbuch.<br \/>Umfassende Spielunterst\u00fctzung &#8211; funktioniert mit beliebten neuen Titeln und alten Favoriten<br \/>Anpassbar mit Profiler-Software * (* erfordert Softwareinstallation)<br \/>10 programmierbare Tasten, programmierbares 8-Wege-Steuerkreuz<br \/>Einfache Plug-and-Play-USB-Verbindung &#8211; funktioniert mit Windows XP, Vista und 7<\/p>\n","protected":false},"excerpt":{"rendered":"<p>Konsolensteuerung f\u00fcr Ihre PC-Spiele &#8211; Erleben Sie mit dem Gamepad F310 das Konsolenspiel, nach dem Sie sich auf Ihrem PC sehnen. Mit seiner vertrauten Form und seinem Layout einfach zu bedienen, unterst\u00fctzt es neue Spiele und alte Favoriten. Programmierbare Bedienelemente erm\u00f6glichen eine individuellere Benutzererfahrung, w\u00e4hrend das schwebende Steuerkreuz eine schnelle Reaktion erm\u00f6glicht. Schlie\u00dfen Sie es einfach an und machen Sie sich bereit, um so zu spielen, wie Sie m\u00f6chten: um zu gewinnen.<\/p>\n<p>Einfache Plug-and-Play-USB-Verbindung &#8211; funktioniert mit Windows XP, Vista und 7<br \/>Anpassbar mit Profiler-Software (erfordert Softwareinstallation)<br \/>Umfassende Spielunterst\u00fctzung &#8211; funktioniert mit beliebten neuen Titeln und alten Favoriten<br \/>10 programmierbare Tasten, programmierbares 8-Wege-Steuerkreuz<br \/>HINWEIS: Lesen Sie vor der Verwendung das Benutzerhandbuch.<br \/>Umfassende Spielunterst\u00fctzung &#8211; funktioniert mit beliebten neuen Titeln und alten Favoriten<br \/>Anpassbar mit Profiler-Software * (* erfordert Softwareinstallation)<br \/>10 programmierbare Tasten, programmierbares 8-Wege-Steuerkreuz<br \/>Einfache Plug-and-Play-USB-Verbindung &#8211; funktioniert mit Windows XP, Vista und 7<\/p>\n","protected":false},"featured_media":122,"comment_status":"open","ping_status":"closed","template":"","meta":{"iawp_total_views":0},"product_brand":[],"product_cat":[25],"product_tag":[],"class_list":{"0":"post-121","1":"product","2":"type-product","3":"status-publish","4":"has-post-thumbnail","6":"product_cat-pc-gamepads-standard-controllers-de","8":"first","9":"instock","10":"taxable","11":"shipping-taxable","12":"purchasable","13":"product-type-simple"},"jetpack_sharing_enabled":true,"_links":{"self":[{"href":"https:\/\/www.momengames.com\/index.php\/wp-json\/wp\/v2\/product\/121","targetHints":{"allow":["GET"]}}],"collection":[{"href":"https:\/\/www.momengames.com\/index.php\/wp-json\/wp\/v2\/product"}],"about":[{"href":"https:\/\/www.momengames.com\/index.php\/wp-json\/wp\/v2\/types\/product"}],"replies":[{"embeddable":true,"href":"https:\/\/www.momengames.com\/index.php\/wp-json\/wp\/v2\/comments?post=121"}],"wp:featuredmedia":[{"embeddable":true,"href":"https:\/\/www.momengames.com\/index.php\/wp-json\/wp\/v2\/media\/122"}],"wp:attachment":[{"href":"https:\/\/www.momengames.com\/index.php\/wp-json\/wp\/v2\/media?parent=121"}],"wp:term":[{"taxonomy":"product_brand","embeddable":true,"href":"https:\/\/www.momengames.com\/index.php\/wp-json\/wp\/v2\/product_brand?post=121"},{"taxonomy":"product_cat","embeddable":true,"href":"https:\/\/www.momengames.com\/index.php\/wp-json\/wp\/v2\/product_cat?post=121"},{"taxonomy":"product_tag","embeddable":true,"href":"https:\/\/www.momengames.com\/index.php\/wp-json\/wp\/v2\/product_tag?post=121"}],"curies":[{"name":"wp","href":"https:\/\/api.w.org\/{rel}","templated":true}]}}