{"id":117,"date":"2020-10-06T13:38:30","date_gmt":"2020-10-06T13:38:30","guid":{"rendered":"https:\/\/www.momengames.com\/index.php\/product\/razer-wolverine-ultimate-officially-licensed-xbox-one-controller-6-remappable-buttons-and-triggers-interchangeable-thumbsticks-and-d-pad-for-pc-xbox-one-xbox-series-x-s-black\/"},"modified":"2020-10-06T13:38:30","modified_gmt":"2020-10-06T13:38:30","slug":"razer-wolverine-ultimate-officially-licensed-xbox-one-controller-6-remappable-buttons-and-triggers-interchangeable-thumbsticks-and-d-pad-for-pc-xbox-one-xbox-series-x-s-black","status":"publish","type":"product","link":"https:\/\/www.momengames.com\/index.php\/product\/razer-wolverine-ultimate-officially-licensed-xbox-one-controller-6-remappable-buttons-and-triggers-interchangeable-thumbsticks-and-d-pad-for-pc-xbox-one-xbox-series-x-s-black\/?lang=de","title":{"rendered":"Razer Wolverine Ultimate Offiziell lizenzierter Xbox One-Controller: 6 wiederzuordnende Tasten und Ausl\u00f6ser &#8211; austauschbare Daumenstifte und D-Pad &#8211; F\u00fcr PC, Xbox One, Xbox Series X und S &#8211; Schwarz"},"content":{"rendered":"<p>Gr\u00f6\u00dfe: Controller | Stil: Wolverine Ultimate,<br \/>Spielen Sie \u00fcberall mit dem Razer Wolverine Ultimate, dem anpassbarsten Controller f\u00fcr wettbewerbsf\u00e4higes Spielen auf Xbox One und PC. Der Razer Wolverine Ultimate kann von austauschbaren Daumenstiften und D-Pads bis hin zu insgesamt 6 wieder zuweisbaren Multifunktionstasten an Ihre individuellen Bed\u00fcrfnisse angepasst werden. Razer Wolverine Ultimate ist auch der erste Controller mit Razer Chroma-Beleuchtung, mit dem Sie Ihren Controller weiter personalisieren oder ein noch intensiveres Erlebnis mit spielintegrierter intelligenter Beleuchtung genie\u00dfen k\u00f6nnen.<\/p>\n","protected":false},"excerpt":{"rendered":"<p>Gr\u00f6\u00dfe: Controller | Stil: Wolverine Ultimate,<br \/>Spielen Sie \u00fcberall mit dem Razer Wolverine Ultimate, dem anpassbarsten Controller f\u00fcr wettbewerbsf\u00e4higes Spielen auf Xbox One und PC. Der Razer Wolverine Ultimate kann von austauschbaren Daumenstiften und D-Pads bis hin zu insgesamt 6 wieder zuweisbaren Multifunktionstasten an Ihre individuellen Bed\u00fcrfnisse angepasst werden. Razer Wolverine Ultimate ist auch der erste Controller mit Razer Chroma-Beleuchtung, mit dem Sie Ihren Controller weiter personalisieren oder ein noch intensiveres Erlebnis mit spielintegrierter intelligenter Beleuchtung genie\u00dfen k\u00f6nnen.<\/p>\n","protected":false},"featured_media":118,"comment_status":"open","ping_status":"closed","template":"","meta":{"iawp_total_views":186},"product_brand":[],"product_cat":[25],"product_tag":[],"class_list":{"0":"post-117","1":"product","2":"type-product","3":"status-publish","4":"has-post-thumbnail","6":"product_cat-pc-gamepads-standard-controllers-de","8":"first","9":"instock","10":"taxable","11":"shipping-taxable","12":"purchasable","13":"product-type-simple"},"jetpack_sharing_enabled":true,"_links":{"self":[{"href":"https:\/\/www.momengames.com\/index.php\/wp-json\/wp\/v2\/product\/117","targetHints":{"allow":["GET"]}}],"collection":[{"href":"https:\/\/www.momengames.com\/index.php\/wp-json\/wp\/v2\/product"}],"about":[{"href":"https:\/\/www.momengames.com\/index.php\/wp-json\/wp\/v2\/types\/product"}],"replies":[{"embeddable":true,"href":"https:\/\/www.momengames.com\/index.php\/wp-json\/wp\/v2\/comments?post=117"}],"wp:featuredmedia":[{"embeddable":true,"href":"https:\/\/www.momengames.com\/index.php\/wp-json\/wp\/v2\/media\/118"}],"wp:attachment":[{"href":"https:\/\/www.momengames.com\/index.php\/wp-json\/wp\/v2\/media?parent=117"}],"wp:term":[{"taxonomy":"product_brand","embeddable":true,"href":"https:\/\/www.momengames.com\/index.php\/wp-json\/wp\/v2\/product_brand?post=117"},{"taxonomy":"product_cat","embeddable":true,"href":"https:\/\/www.momengames.com\/index.php\/wp-json\/wp\/v2\/product_cat?post=117"},{"taxonomy":"product_tag","embeddable":true,"href":"https:\/\/www.momengames.com\/index.php\/wp-json\/wp\/v2\/product_tag?post=117"}],"curies":[{"name":"wp","href":"https:\/\/api.w.org\/{rel}","templated":true}]}}